{"id":10845,"date":"2015-01-18T11:52:56","date_gmt":"2015-01-18T18:52:56","guid":{"rendered":"https:\/\/windpilot.com\/blog\/?page_id=10845"},"modified":"2017-04-17T01:40:32","modified_gmt":"2017-04-17T08:40:32","slug":"morphy-blitz","status":"publish","type":"page","link":"https:\/\/windpilot.com\/blog\/columns\/sozial-oder-nicht\/morphy-blitz\/","title":{"rendered":"Morphy Blitz"},"content":{"rendered":"<p><a href=\"https:\/\/windpilot.com\/blog\/wp-content\/uploads\/2014\/11\/Peter-allein-Topfschnitt.jpg\"><img loading=\"lazy\" decoding=\"async\" src=\"https:\/\/windpilot.com\/blog\/wp-content\/uploads\/2014\/11\/Peter-allein-Topfschnitt.jpg\" alt=\"Peter allein Topfschnitt\" width=\"265\" height=\"340\" class=\"alignleft size-full wp-image-10454\" srcset=\"https:\/\/windpilot.com\/blog\/wp-content\/uploads\/2014\/11\/Peter-allein-Topfschnitt.jpg 265w, https:\/\/windpilot.com\/blog\/wp-content\/uploads\/2014\/11\/Peter-allein-Topfschnitt-233x300.jpg 233w\" sizes=\"auto, (max-width: 265px) 100vw, 265px\" \/><\/a><strong>TACH\u00b4 ZUSAMMEN,<\/strong><br \/>\nmein Name ist <strong>MORPHY BLITZ<\/strong>, ein Name, der an mir klebt &#8211; wie das Gl\u00fcck &#8211; der mir allerdings aus nackter Verzweiflung verliehen worden ist, quasi als letzte Drohung, um mir klar zu machen, dass ich lieber aaaartich zu sein habe &#8211; man mich ansonsten wegzugeben plane. Ich habe das meinem Muttertier allerdings nie geglaubt, weil ihre Augen und das Grinsen, bei ihr eher Stolz und Bewunderung vermuten liessen &#8211; weshalb ich munter immer weiter die Nervens\u00e4ge gespielt und es damit zu bemerkenswerter Fertigkeit gebracht. Ausserdem: wo bitte sch\u00f6n, h\u00e4tte man mich denn hingeben sollen? Nee, dass war nur ein Tr\u00edck, um mich zu b\u00e4ndigen, damit hat meine Mami ganz allein fertich werden m\u00fcssen &#8211; hat sie fabelhaft hingekriegt &#8211; wie ich das heute sehe &#8211; ein Prachtkerl, wie ihn sich jede Mutter, Schwiegermutter und Fr &#8230; nee, das lass ich jetzt &#8211; ersehnt.<\/p>\n<p><a href=\"https:\/\/windpilot.com\/blog\/wp-content\/uploads\/2014\/11\/PeterMamaOpel.jpg\"><img loading=\"lazy\" decoding=\"async\" src=\"https:\/\/windpilot.com\/blog\/wp-content\/uploads\/2014\/11\/PeterMamaOpel.jpg\" alt=\"PeterMamaOpel\" width=\"900\" height=\"644\" class=\"aligncenter size-full wp-image-10473\" srcset=\"https:\/\/windpilot.com\/blog\/wp-content\/uploads\/2014\/11\/PeterMamaOpel.jpg 900w, https:\/\/windpilot.com\/blog\/wp-content\/uploads\/2014\/11\/PeterMamaOpel-300x214.jpg 300w\" sizes=\"auto, (max-width: 900px) 100vw, 900px\" \/><\/a><\/p>\n<p>Geschichten erz\u00e4hlen, das habe ich bei meiner Mami abgekuckt &#8211; hat immerhin ihr ganzes Leben in vielen Leitz Ordner hinterlassen &#8211; zur gef\u00e4lligen Belastung &#8211; ooopps: Beachtung!  Heute w\u00fcrde man wohl von Genen reden &#8211; damals allerdings fand ich M\u00e4rchen besser, von denen ich pr\u00e4chtige auf Lager hatte, zudem dauerhaft neue produzierte und damit kollossale Erfolge habe erzielen k\u00f6nnen. In der Schule, bei den Tanten, vor allem jenen, an denen meine Mami ihre Kunstst\u00fccke versuchte: H\u00e4mopathi &#8230; nee Hom\u00f6pattie &#8230; ach, egal, das Ding mit den MickeyMaus Wirkstoffen, wo Glaube die Chemie zu ersetzen hatte und mit Rauchen und anderen Lastern, sowieso nix geht.<\/p>\n<p>Besonders fasziniert war ich von einer kollossale Dame mit enormer &#8211; bebender &#8211; Oberweite, die mich immer wieder freudig an dieselbe gepresst, was f\u00fcr mich irgendwie neu, aber garnicht unangenehm gewesen ist. Ich war fr\u00fch interessiert &#8211; besonders allerdings, nachdem sie mich mit einem B\u00fcndel Frei Fahrscheine f\u00fcr die Fahrgesch\u00e4fte von Schippers von de Ville auf dem Hamburger Dom unterworfen, nee: korrumpiert hatte. Sie konnte offenbar Gedanken lesen. Ich war fortan ihr st\u00e4ndiger Schatten, habe bei meiner Mami die Behandlungs Termine koordiniert und darauf geachtet, das sie mit den Dom Zeiten harmonierten &#8211; wo ich dann, als Dreik\u00e4se Hoch von 6 Jahren wie Lord Kotz, endlose Runden in Walzerbahn, Achterbahn und Scooter drehen konnte, bis mir alles wieder hoch gekommen ist. Meine Mami hatte unsere Wohnung strategisch gut gew\u00e4hlt, wir wohnten in der Esplanade, also nur den Glockengiesser Wall mit dem Roller rauf &#8211; ein paar Gutscheine gegen Fahrvergn\u00fcgen eingetauscht &#8211; und dann, leicht schwindelig, immerhin absch\u00fcssig, wieder in den heimischen Bau gerollert bin &#8211; zufrieden grinsend &#8211; um f\u00fcr ein paar Augen zu schlafen, denn der n\u00e4chste Abenteuer Tag wartete schon, und Gutscheine hatte ich B\u00fcndelweise. Damit waren 4 Monate von 12 bereits bestens ausgef\u00fcllt. <\/p>\n<p><a href=\"https:\/\/windpilot.com\/blog\/wp-content\/uploads\/2014\/11\/Peter-Kapser.jpg\"><img loading=\"lazy\" decoding=\"async\" src=\"https:\/\/windpilot.com\/blog\/wp-content\/uploads\/2014\/11\/Peter-Kapser.jpg\" alt=\"Peter Kapser\" width=\"576\" height=\"546\" class=\"aligncenter size-full wp-image-10459\" srcset=\"https:\/\/windpilot.com\/blog\/wp-content\/uploads\/2014\/11\/Peter-Kapser.jpg 576w, https:\/\/windpilot.com\/blog\/wp-content\/uploads\/2014\/11\/Peter-Kapser-300x284.jpg 300w\" sizes=\"auto, (max-width: 576px) 100vw, 576px\" \/><\/a><\/p>\n<p>Schule? Jaja, da war ich auch: mit dem Roller zum Dammtor &#8211; S-Bahn nach Klein Flottbeck &#8211; Rollern durch den Park &#8211; Schule an der Elbchaussee mit Blick aufs Wasser &#8230; irgendwas ist damals schief gelaufen &#8230; das Wasser hat mir den Kopf verdreht, obwohl ich mir habe sagen lassen, dass ich im b\u00fcrgerlichen Leben ein Schmutzfink gewesen bin, der locker zwei Wochen ohne Badewanne ausgekommen ist. Waren die Leute dumm? Ich hatte zum Waschen einfach keine Zeit. Es gab regelm\u00e4ssig Theater, mit dem Ende, dass ich dann geschnappt worden bin, mich nach Kr\u00e4ften gewehrt, geschrien &#8230; aber nat\u00fcrlich gegen die blanke Gewalt meiner Erzeugerin .. nix habe ausrichten k\u00f6nnen. Unterordnung hat nur geklappt, weil ich physisch noch nicht entwickelt war &#8230; und weil man ja gegen eine Dame, auch wenn sie die Mami ist, niemals die Hand erhebt. Erziehung funzte.<\/p>\n<p><a href=\"https:\/\/windpilot.com\/blog\/wp-content\/uploads\/2014\/11\/PeterNeedles.jpg\"><img loading=\"lazy\" decoding=\"async\" src=\"https:\/\/windpilot.com\/blog\/wp-content\/uploads\/2014\/11\/PeterNeedles-1024x673.jpg\" alt=\"PeterNeedles\" width=\"640\" height=\"420\" class=\"aligncenter size-large wp-image-10461\" srcset=\"https:\/\/windpilot.com\/blog\/wp-content\/uploads\/2014\/11\/PeterNeedles-1024x673.jpg 1024w, https:\/\/windpilot.com\/blog\/wp-content\/uploads\/2014\/11\/PeterNeedles-300x197.jpg 300w\" sizes=\"auto, (max-width: 640px) 100vw, 640px\" \/><\/a><\/p>\n<p>Ich empfand mich als aufgewecktes Kerlchen. ich bin \u00fcberall immer zu schnell gewesen:  Zu schnell da &#8211; zu schnell wieder weg &#8211; hibbelig bis ungeduldig &#8211; vorlaut, frech, und besserwisserisch sowieso. Heute jedenfalls w\u00fcrde man derartige Satansbraten chemisch mit Psychopharmaka auf die Pelle r\u00fccken &#8211; zum Gl\u00fcck f\u00fcr mich, war meine Mami eine Abrakadabra Tante, d.h. wir mussten von M\u00fcssli, Brennesseln und Wurzeln satt werden, \u00fcberall stand Demeter drauf, sah entsprechend welk und vergammelt aus, hat ein Heidengeld gekostet, aber das war sowieso nicht da, denn &#8211; wie ich erinnere &#8211; wurde unsere Miete immer erst gegen Monatsende bezahlt, ein Dauerzustand, der aber keinen Einflu\u00df auf Essen und Blumen in der Wohnung hatte, die \u00fcberall B\u00fcndel weise in den Vasen standen. Irgendwie hatte meine Mami eine gespaltene Pers\u00f6nlichkeit &#8211; die logische Erkl\u00e4rung f\u00fcr mein eigenes Verhalten, denn auch in meinem Leben konnte wirtschaftliche Not nie bis hinter meine T\u00fcr vordringen. Irgendwo muss einfach eine Grenze sein. <\/p>\n<p><a href=\"https:\/\/windpilot.com\/blog\/wp-content\/uploads\/2014\/11\/Foto-25.jpg\"><img loading=\"lazy\" decoding=\"async\" src=\"https:\/\/windpilot.com\/blog\/wp-content\/uploads\/2014\/11\/Foto-25.jpg\" alt=\"Foto 25\" width=\"640\" height=\"480\" class=\"aligncenter size-full wp-image-10460\" srcset=\"https:\/\/windpilot.com\/blog\/wp-content\/uploads\/2014\/11\/Foto-25.jpg 640w, https:\/\/windpilot.com\/blog\/wp-content\/uploads\/2014\/11\/Foto-25-300x225.jpg 300w\" sizes=\"auto, (max-width: 640px) 100vw, 640px\" \/><\/a><\/p>\n<p><strong>MORPHY BLITZ<\/strong> hat auch bei der Seefahrt seinem Namen mehr als Ehre gemacht, hat mir viel \u00c4rger eingebrockt, erinnere mich ungerne. Klappe halten ist eben eine harte Disziplin, weshalb ich viel auf dieselbe bekommen habe und immer mal wieder auf die Br\u00fccke in Sicherheit geflohen bin. <\/p>\n<p>Um die Geschichte hier abzuk\u00fcrzen: ich habe immer wieder festgestellt, dass ich mit Langsam Denkern nicht mithalten kann, mir darum in aller Ruhe einen Beruf ausgesucht, der mir gen\u00fcgend Freiraum verschafft, vor allem die Freiheit, mich auch auszudr\u00fccken, Dinge zu artikulieren &#8230; und keinesfalls stromlinienf\u00f6rmig zu mutieren. Ich bin also als Zwilling durch Zellteilung entstanden, wobei ich als MORPHY BLITZ wie ein Herdenhund, ab sofort \u00fcberall rumflitze, hier und dort in die Hacken beisse, unter Z\u00e4unen hindurch krieche &#8230; oder dr\u00fcber weg &#8230; was mein Alter Ego nicht so gelenkig kann, wie ich. Darum nehme ich ihm hier ein wenig die Arbeit ab, und versuche da einzuspringen, wo ihm die Sprache versagt, oder er sich nix zu sagen wagt &#8230; ob es das wohl gibt? Lassen wir uns \u00fcberraschen!<\/p>\n<p>Ihr <strong>Morphy Blitz<\/strong><\/p>\n","protected":false},"excerpt":{"rendered":"<p>TACH\u00b4 ZUSAMMEN, mein Name ist MORPHY BLITZ, ein Name, der an mir klebt &#8211; wie das Gl\u00fcck &#8211; der mir allerdings aus nackter Verzweiflung verliehen worden ist, quasi als letzte Drohung, um mir klar zu machen, dass ich lieber aaaartich &hellip; <a href=\"https:\/\/windpilot.com\/blog\/columns\/sozial-oder-nicht\/morphy-blitz\/\">Weiterlesen <span class=\"meta-nav\">&rarr;<\/span><\/a><\/p>\n","protected":false},"author":1,"featured_media":0,"parent":13656,"menu_order":7,"comment_status":"open","ping_status":"closed","template":"","meta":{"footnotes":""},"class_list":["post-10845","page","type-page","status-publish","hentry"],"_links":{"self":[{"href":"https:\/\/windpilot.com\/blog\/wp-json\/wp\/v2\/pages\/10845","targetHints":{"allow":["GET"]}}],"collection":[{"href":"https:\/\/windpilot.com\/blog\/wp-json\/wp\/v2\/pages"}],"about":[{"href":"https:\/\/windpilot.com\/blog\/wp-json\/wp\/v2\/types\/page"}],"author":[{"embeddable":true,"href":"https:\/\/windpilot.com\/blog\/wp-json\/wp\/v2\/users\/1"}],"replies":[{"embeddable":true,"href":"https:\/\/windpilot.com\/blog\/wp-json\/wp\/v2\/comments?post=10845"}],"version-history":[{"count":2,"href":"https:\/\/windpilot.com\/blog\/wp-json\/wp\/v2\/pages\/10845\/revisions"}],"predecessor-version":[{"id":10847,"href":"https:\/\/windpilot.com\/blog\/wp-json\/wp\/v2\/pages\/10845\/revisions\/10847"}],"up":[{"embeddable":true,"href":"https:\/\/windpilot.com\/blog\/wp-json\/wp\/v2\/pages\/13656"}],"wp:attachment":[{"href":"https:\/\/windpilot.com\/blog\/wp-json\/wp\/v2\/media?parent=10845"}],"curies":[{"name":"wp","href":"https:\/\/api.w.org\/{rel}","templated":true}]}}