{"id":13487,"date":"2017-04-01T02:35:23","date_gmt":"2017-04-01T09:35:23","guid":{"rendered":"https:\/\/windpilot.com\/blog\/?page_id=13487"},"modified":"2023-10-04T05:56:54","modified_gmt":"2023-10-04T12:56:54","slug":"pilz-familie","status":"publish","type":"page","link":"https:\/\/windpilot.com\/blog\/morphy-blitz\/pilz-familie\/","title":{"rendered":"Pilz Familie"},"content":{"rendered":"<p>011.04.2017<br \/>\n<strong>MAX PILZ, 8 MONATE &#8211; SEGELN AUS MEINER SICHT<\/strong><br \/>\nAls Baby ist alles einfach hier an Bord. Ich segle, solange ich denken kann, habe k\u00fcrzlich sogar im Schlaf den Atlantik \u00fcberquert, hat gaaanich weh getan! Bin hier nun seit ungef\u00e4hr 7 Monaten als Crew Member im Gange, von den Details habe ich allerdings schon viel vergessen, hab\u00b4den Kopf so voll, von den vielen Eindr\u00fccken. Macht aber wohl nix, es scheint sich im Leben ja sowieso alles zu wiederholen! <\/p>\n<p><img loading=\"lazy\" decoding=\"async\" src=\"https:\/\/windpilot.com\/blog\/wp-content\/uploads\/2017\/04\/Max-segelt-1024x678.jpg\" alt=\"\" width=\"640\" height=\"424\" class=\"aligncenter size-large wp-image-13489\" srcset=\"https:\/\/windpilot.com\/blog\/wp-content\/uploads\/2017\/04\/Max-segelt-1024x678.jpg 1024w, https:\/\/windpilot.com\/blog\/wp-content\/uploads\/2017\/04\/Max-segelt-300x198.jpg 300w, https:\/\/windpilot.com\/blog\/wp-content\/uploads\/2017\/04\/Max-segelt-768x508.jpg 768w, https:\/\/windpilot.com\/blog\/wp-content\/uploads\/2017\/04\/Max-segelt.jpg 1197w\" sizes=\"auto, (max-width: 640px) 100vw, 640px\" \/><\/p>\n<p>Jedenfalls hab ich meine Familie immer am Band, brauch\u00b4 bloss gequ\u00e4lt oder grimmig zu kucken, schon wenden sich die K\u00f6pfe und es gibt was zu Lachen. Das Bordpersonal bem\u00fcht sich redlich, mir meine Laune nicht zu verhageln, weil ich n\u00e4mlich die Stimmungs-Kanone und der Bord Kasper Mittelpunkt bin. Bin ich doof drauf, gibt es Terz &#8211; und wie man die Regierung triezt, habe ich schon voll begriffen, ich hab\u00b4s einfach im Urin, wie die Leute auf mich reagieren, und sp\u00e4testens, wenn meine Windel k(n)ackevoll voll, f\u00e4ngt es auch den Leuten an Bord an, zu stinken. Der wahre Chef an Bord bin also ich! Mal sehen, was ich mit dieser Erkenntnis noch alles machen kann \u2026 mal nachdenken! Ich werde die Chose schon schaukeln \u2013 versprochen!<\/p>\n<p><img loading=\"lazy\" decoding=\"async\" src=\"https:\/\/windpilot.com\/blog\/wp-content\/uploads\/2017\/04\/Max-Mutter-Kockpit-1024x585.jpg\" alt=\"\" width=\"640\" height=\"366\" class=\"aligncenter size-large wp-image-13490\" srcset=\"https:\/\/windpilot.com\/blog\/wp-content\/uploads\/2017\/04\/Max-Mutter-Kockpit-1024x585.jpg 1024w, https:\/\/windpilot.com\/blog\/wp-content\/uploads\/2017\/04\/Max-Mutter-Kockpit-300x171.jpg 300w, https:\/\/windpilot.com\/blog\/wp-content\/uploads\/2017\/04\/Max-Mutter-Kockpit-768x439.jpg 768w, https:\/\/windpilot.com\/blog\/wp-content\/uploads\/2017\/04\/Max-Mutter-Kockpit.jpg 1367w\" sizes=\"auto, (max-width: 640px) 100vw, 640px\" \/><\/p>\n<p>Aber ehrlich? Solange die Ver- und Entsorgung so nahtlos klappt, warum sollte ich denn grummeln? Immerhin werden andere Baby Kollegen tags\u00fcber in der Kinderranch abgegeben, dagegen bin ich doch privilegiert, weil sich 4 Leute hier nonstop um mich k\u00fcmmern. <\/p>\n<p><img loading=\"lazy\" decoding=\"async\" src=\"https:\/\/windpilot.com\/blog\/wp-content\/uploads\/2017\/04\/St.-Pierre-Drohne-querab-1024x571.jpg\" alt=\"\" width=\"640\" height=\"357\" class=\"aligncenter size-large wp-image-13506\" srcset=\"https:\/\/windpilot.com\/blog\/wp-content\/uploads\/2017\/04\/St.-Pierre-Drohne-querab-1024x571.jpg 1024w, https:\/\/windpilot.com\/blog\/wp-content\/uploads\/2017\/04\/St.-Pierre-Drohne-querab-300x167.jpg 300w, https:\/\/windpilot.com\/blog\/wp-content\/uploads\/2017\/04\/St.-Pierre-Drohne-querab-768x428.jpg 768w, https:\/\/windpilot.com\/blog\/wp-content\/uploads\/2017\/04\/St.-Pierre-Drohne-querab.jpg 1381w\" sizes=\"auto, (max-width: 640px) 100vw, 640px\" \/><\/p>\n<p>Und das Wetter ist fabelhaft, das Bord Programm und Landschafts Panoramen sind allerbest, viele Leute in noch mehr Sprachen, keine Ahnung, warum meine Chefin nun auch noch Englisch mit mir quatscht, will sie vielleicht meinen IQ testen?  Man sollte ihr mal sagen: Ich mache ihr doch sowieso alles nach! Oder haben Sie schon mal ein Baby gesehen, dass das Prinzip einer Lewmar Winsch begriffen hat? Segeln ist doch eigentlich wirklich ein Kinderspiel. <\/p>\n<p><img loading=\"lazy\" decoding=\"async\" src=\"https:\/\/windpilot.com\/blog\/wp-content\/uploads\/2017\/04\/Max-Lewmar-1024x572.jpg\" alt=\"\" width=\"640\" height=\"358\" class=\"aligncenter size-large wp-image-13492\" srcset=\"https:\/\/windpilot.com\/blog\/wp-content\/uploads\/2017\/04\/Max-Lewmar-1024x572.jpg 1024w, https:\/\/windpilot.com\/blog\/wp-content\/uploads\/2017\/04\/Max-Lewmar-300x168.jpg 300w, https:\/\/windpilot.com\/blog\/wp-content\/uploads\/2017\/04\/Max-Lewmar-768x429.jpg 768w, https:\/\/windpilot.com\/blog\/wp-content\/uploads\/2017\/04\/Max-Lewmar.jpg 1386w\" sizes=\"auto, (max-width: 640px) 100vw, 640px\" \/><\/p>\n<p>Und \u00fcberhaupt, auf See sitzen oder liegen die Leute doch sowieso nur alle rum, jedenfalls solange das rote Blasensegel vorn nicht aus dem Sch\u00e4del &#8211; oder den Lieken? &#8211; fliegt, dann allerdings sind sie pl\u00f6tzlich alle am Flitzen \u2013 derweil ich auf meinem Thron festgebunden sitze, um mir in Ruhe das Bordkino zu betrachten. Eine Banane vielleicht, oder einen Gesundheits Keks, notfalls den Gummist\u00f6psel, warum bloss schiebt man mir immer dies Dummi Dings in meine Sprech- und Fress Luke? Ach so: ist wohl ein Stillhalte Abkommen, oder sind die Leute mit den Nerven am Ende? <\/p>\n<p><img loading=\"lazy\" decoding=\"async\" src=\"https:\/\/windpilot.com\/blog\/wp-content\/uploads\/2017\/04\/Bequia-Peggy-Rock-familiy.jpeg\" alt=\"\" width=\"640\" height=\"480\" class=\"aligncenter size-full wp-image-13504\" srcset=\"https:\/\/windpilot.com\/blog\/wp-content\/uploads\/2017\/04\/Bequia-Peggy-Rock-familiy.jpeg 640w, https:\/\/windpilot.com\/blog\/wp-content\/uploads\/2017\/04\/Bequia-Peggy-Rock-familiy-300x225.jpeg 300w\" sizes=\"auto, (max-width: 640px) 100vw, 640px\" \/><\/p>\n<p>Falls alle Tricks nicht mehr funzen, mein Geheim Tipp: Schnuller verlieren, damit kann man das Personal \u2013 wenn auch verhalten genervt! &#8211; auf Trab halten, funzt besonders gut bei Interviews, weil ich schon begriffen habe, wie man Damen ablenken kann, weil sie mit einem Baby Face so viel sublimieren. Eine ganze Welt voller Aktion und Reaktion \u2013 ich mache da was draus, versprochen!<\/p>\n<p><img loading=\"lazy\" decoding=\"async\" src=\"https:\/\/windpilot.com\/blog\/wp-content\/uploads\/2017\/04\/Marie-Max-1024x585.jpg\" alt=\"\" width=\"640\" height=\"366\" class=\"aligncenter size-large wp-image-13491\" srcset=\"https:\/\/windpilot.com\/blog\/wp-content\/uploads\/2017\/04\/Marie-Max-1024x585.jpg 1024w, https:\/\/windpilot.com\/blog\/wp-content\/uploads\/2017\/04\/Marie-Max-300x171.jpg 300w, https:\/\/windpilot.com\/blog\/wp-content\/uploads\/2017\/04\/Marie-Max-768x439.jpg 768w, https:\/\/windpilot.com\/blog\/wp-content\/uploads\/2017\/04\/Marie-Max.jpg 1378w\" sizes=\"auto, (max-width: 640px) 100vw, 640px\" \/><\/p>\n<p>Und derweil ich hier nun mein Lebens Lern Pensum \u2013 wie meine Milch! &#8211; in mich hineinsauge, vertreibt sich meine P\u00e4tchwerkfamily ihr Leben mit Segeln, Wandern, Drohenfliegenlassen, Filmedrehen, Grillen, und regelm\u00e4ssigen Video Konferenzen, Gruppendynamischen Erkenntnis Konsequenzen, Pl\u00e4nen, um sie wieder \u00fcber den Haufen zu werfen, wie sie ihre Atlantik Runde, mit mir im Schlepp &#8211; oder vorne weg! &#8211; Richtung Heimat Hafen Lubmin erfolgreich \u2013 und mit P\u00fcscho Sozialen Folgen, zu Ende bringen werden. <\/p>\n<p><img loading=\"lazy\" decoding=\"async\" src=\"https:\/\/windpilot.com\/blog\/wp-content\/uploads\/2017\/04\/Familie-vor-St.Pierre-Martinique-1024x581.jpg\" alt=\"\" width=\"640\" height=\"363\" class=\"aligncenter size-large wp-image-13493\" srcset=\"https:\/\/windpilot.com\/blog\/wp-content\/uploads\/2017\/04\/Familie-vor-St.Pierre-Martinique-1024x581.jpg 1024w, https:\/\/windpilot.com\/blog\/wp-content\/uploads\/2017\/04\/Familie-vor-St.Pierre-Martinique-300x170.jpg 300w, https:\/\/windpilot.com\/blog\/wp-content\/uploads\/2017\/04\/Familie-vor-St.Pierre-Martinique-768x436.jpg 768w, https:\/\/windpilot.com\/blog\/wp-content\/uploads\/2017\/04\/Familie-vor-St.Pierre-Martinique.jpg 1382w\" sizes=\"auto, (max-width: 640px) 100vw, 640px\" \/><\/p>\n<p>Mal schaun\u00b4, wenn ich gut drauf bin, verlasse ich das Schiff dann auf eigenem Kiel bzw. Beinen, ansonsten lasse ich mich bequem tragen, oder dann schleppen, wobei mich dann ja ohnehin viele neue Gesichter zum Knuddeln hochheben werden, weil sie pr\u00fcfen wollen, ob meine zarte Babyseele von der Atlantik Segel Runde nicht schwindelig \u2013 durch innere oder \u00e4ussere H\u00e4matome demoliert &#8211; geworden ist. Sorry, meine Sprache ist noch holperich.<\/p>\n<p><iframe loading=\"lazy\" width=\"560\" height=\"315\" src=\"https:\/\/www.youtube.com\/embed\/zhqOEJhsh64\" frameborder=\"0\" allowfullscreen><\/iframe><\/p>\n<p>Ach ja, mein Bruder Dominik hat Hollywood im Visier: er f\u00fchrt Kamera und Regie auf unseren Reise Video Blogs \u2013 neudeutsch Vlogs ! &#8211;  \u2026 auf denen ich immer wieder dazwischen flitze, egal, ob im Rucksack hinten oder vornedran, weil mir die Leute immer irgendwelche Inseln, B\u00e4ume, Kokosn\u00fcsse oder Krabbeltiere zeigen wollen, mich dabei mit einem Banana Boot Dings unter Mot\u00f6rchen zu den Bananen  tuckern lassen \u2026 Kurzum \u2013 ach ja, bevor ich einschlafe oder dies vergesse, hier die Aufl\u00f6sung eines der grossen Lebens  R\u00e4tsel: Der Schiffsname 7Seas spiegelt innenfamili\u00e4re Legenden Geschichte: alle 7 Jahre wurde n\u00e4mlich sorgf\u00e4ltig und ohne Eile, ein Pilz Erbe reproduziert \u2013 mal sehen, ob das nun noch so weitergeht, ansonsten bin ich bis dato der J\u00fcngste \u2026 und werde das f\u00fcr mich nutzen, solange mir keiner dazwischenfunkt, denn, nicht wahr, mein Skipper, Chef und Erzeuger ist ein weiser Mann, der bei <strong>WILHELM BUSCH<\/strong> nachgelesen hat, der da sagt:<\/p>\n<blockquote><p>Eins, zwei, drei, im Sauseschritt<br \/>\nl\u00e4uft die Zeit, wir laufen mit.<br \/>\nSchaffen, schuften, werden \u00e4lter,<br \/>\ntr\u00e4ger, m\u00fcder und auch k\u00e4lter.<br \/>\nBis auf einmal man erkennt,<br \/>\ndass das Leben geht zu End\u00b4.<\/p>\n<p>Viel zu sp\u00e4t begreifen viele,<br \/>\ndie vers\u00e4umten Lebensziele:<br \/>\nFreude, Sch\u00f6nheit der Natur,<br \/>\nGesundheit, Reisen und Kultur.<br \/>\nDarum, Mensch, sei zeitig weise!<br \/>\nH\u00f6chste Zeit ist&#8217;s Reise, reise!<\/p><\/blockquote>\n<p>Max &#8211; alias Peter Foerthmann  <a href=\"https:\/\/www.facebook.com\/SY7seas\/\" target=\"_blank\" rel=\"noopener\">WEITERLESEN<\/a><\/p>\n<p>&#8212;&#8212;&#8212;&#8212;<\/p>\n<p>FORTSETZUNG 20.05.2017<\/p>\n<p><strong>MAX PILZ, CRUISING LIFE IS EASY<\/strong><br \/>\nMoin zusammen, wird wohl Zeit, dass ich mal wieder von mir h\u00f6ren lasse, damit keiner auf die Idee kommt, dass man mich hier an Bord qu\u00e4lt, von wegen nicht Art gerechter Baby Haltung. Ich habe mir sagen lassen, dass es Kampfm\u00fctter geben soll, die ihre Erben nur in der Wattekiste durch die Gegend tragen. Neee, das tut meine Regierung nicht! Im Gegenteil, die schleppen mich sogar auf Berge rauf, vermutlich, um zu testen, ob ich h\u00f6hentauglich bin. <\/p>\n<p><img loading=\"lazy\" decoding=\"async\" src=\"https:\/\/windpilot.com\/blog\/wp-content\/uploads\/2017\/04\/Max-auf-Madeira-im-Manduca.png\" alt=\"\" width=\"640\" height=\"362\" class=\"aligncenter size-full wp-image-13806\" srcset=\"https:\/\/windpilot.com\/blog\/wp-content\/uploads\/2017\/04\/Max-auf-Madeira-im-Manduca.png 640w, https:\/\/windpilot.com\/blog\/wp-content\/uploads\/2017\/04\/Max-auf-Madeira-im-Manduca-300x170.png 300w\" sizes=\"auto, (max-width: 640px) 100vw, 640px\" \/><\/p>\n<p>Macht mir gaaanix, die Aussicht ist immer fabelhaft, allerdings sehe ich beim jeweiligen Lasten Kuli immer Schweiss auf der Stirn \u2026 und ich frag mich ernsthaft, bin ich vielleicht zu schwer, brauch ich \u00b4ne Di\u00e4t? Haben die Leute Schiss? Ist irgendwas gef\u00e4hrlich? Mir egal, ich find es lustig und wenn\u00b4s mir zu doof wird, stelle ich mich schlafend, dann habe ich meine Ruh\u00b4 \u2026 jedenfalls bis ich Essen rieche, es dann endlich mal wieder was zu Futtern gibt \u2026 da bin ich dann &#8211; Schwups &#8211; vorneweg, hab\u00b4 geh\u00f6rt, dass ich kr\u00e4ftig wachse, man will die Leute ja auch nicht entt\u00e4uschen. Man tut eben, was man kann.<\/p>\n<p><img loading=\"lazy\" decoding=\"async\" src=\"https:\/\/windpilot.com\/blog\/wp-content\/uploads\/2017\/04\/Die-Crew.jpeg\" alt=\"\" width=\"640\" height=\"430\" class=\"aligncenter size-full wp-image-13807\" srcset=\"https:\/\/windpilot.com\/blog\/wp-content\/uploads\/2017\/04\/Die-Crew.jpeg 640w, https:\/\/windpilot.com\/blog\/wp-content\/uploads\/2017\/04\/Die-Crew-300x202.jpeg 300w\" sizes=\"auto, (max-width: 640px) 100vw, 640px\" \/><\/p>\n<p>Hab\u00b4 mir schon \u00fcberlegt, ob ich mal aufstehen soll, aber ehrlich, nee, ich habe keinen Bock, weil ich den Verdacht habe, dass ich dann fortan immer selber laufen muss. Ausserdem bekomme ich dann krumme Beine, wenn man mich zu fr\u00fch auf die Beine stellt, und das will ich nicht, weil ich dann sp\u00e4ter deswegen gemobbt werde, weil Jungs mit krummen Beine, als B-Ware, bei der Ehevermittlung Schwierigkeiten haben. Ausserdem bin Ich doch nicht bl\u00f6d! Solange der Shuttle Service umsonst zu haben ist, muss man eben nix selber machen, kapiert doch jedes Baby.<\/p>\n<p>Wie ich hier so h\u00f6re, sind wir in der Marikotz Bay, oder so \u00e4hnlich \u2026 und die Leute reden alle von Wetterfenster! Versteh ich nicht! Was soll der Scheiss, wir sind doch immer draussen an der frischen Luft, der Stern brennt, alle rennen rum im Hemd \u2026 und ein Fenster sehe ich nirgendwo, jedenfalls nicht, wenn ich draussen bin. Ist mir auch egal, lass die Leute quatschen, ich habe meine kleine Welt, bin bester Laune und beobachte das Bord Personal, das tagelang immer von einem Baum redet. Sind wir hier im Wald? Muss ich das verstehen? <\/p>\n<p><img loading=\"lazy\" decoding=\"async\" src=\"https:\/\/windpilot.com\/blog\/wp-content\/uploads\/2017\/04\/Haare-ab.png\" alt=\"\" width=\"640\" height=\"359\" class=\"aligncenter size-full wp-image-13808\" srcset=\"https:\/\/windpilot.com\/blog\/wp-content\/uploads\/2017\/04\/Haare-ab.png 640w, https:\/\/windpilot.com\/blog\/wp-content\/uploads\/2017\/04\/Haare-ab-300x168.png 300w\" sizes=\"auto, (max-width: 640px) 100vw, 640px\" \/><\/p>\n<p>Immerhin habe ich jetzt langsam den Durchblick, wie die Hierarchie an Bord so funzt: scheint eine Reihenfolge zu geben: von der K\u00fcche \u00fcber Technik bis zur Koje, ich immer zwischendrin. Also ich seh\u00b4 das so: der Oberboss ist mein Erzeuger, der mit leicht angegrauten Haaren, der heute die Rolle spielt, auf die ich f\u00fcr sp\u00e4ter schiele, denn Chef wird mir liegen, weil \u00b4ne Menge durch einfache Befehle funzt, die man bellt, notfalls diskutiert, Hauptsache, man bleibt eben der Chef von\u00b4s Janze. Das will ich auch!<\/p>\n<p><img loading=\"lazy\" decoding=\"async\" src=\"https:\/\/windpilot.com\/blog\/wp-content\/uploads\/2017\/04\/Lazy-under-Windpilot-2.jpeg\" alt=\"\" width=\"640\" height=\"430\" class=\"aligncenter size-full wp-image-13810\" srcset=\"https:\/\/windpilot.com\/blog\/wp-content\/uploads\/2017\/04\/Lazy-under-Windpilot-2.jpeg 640w, https:\/\/windpilot.com\/blog\/wp-content\/uploads\/2017\/04\/Lazy-under-Windpilot-2-300x202.jpeg 300w\" sizes=\"auto, (max-width: 640px) 100vw, 640px\" \/><\/p>\n<p>Mein Daddy scheint ein Allround Natur Talent zu sein, der f\u00fcr alles und jedes eine L\u00f6sung findet, zumindest tut er so \u2026 ich kann das noch nicht unterscheiden. Ausser in der P\u00e4ntri ( oder wie schreibt man das? ), jedenfalls w\u00fcrden wir allesamt verhungern, wenn der Mann in der K\u00fcche das Sagen h\u00e4tte. Hat er zum Gl\u00fcck nicht, er kennt seine Grenzen und l\u00e4sst lieber das erfahrene Personal an die T\u00f6pfe. Vermutlich muss man sich im Leben nur gut genug verkaufen! Solange man den Macker gibt, findet man auch nette Hasen, und ich finde meine beiden Oldies haben es gut miteinander \u2026 und mit mir getroffen. H\u00e4tte schlechter kommen k\u00f6nnen! <\/p>\n<p><img loading=\"lazy\" decoding=\"async\" src=\"https:\/\/windpilot.com\/blog\/wp-content\/uploads\/2017\/04\/Papaya-auf-See.png\" alt=\"\" width=\"640\" height=\"361\" class=\"aligncenter size-full wp-image-13809\" srcset=\"https:\/\/windpilot.com\/blog\/wp-content\/uploads\/2017\/04\/Papaya-auf-See.png 640w, https:\/\/windpilot.com\/blog\/wp-content\/uploads\/2017\/04\/Papaya-auf-See-300x169.png 300w\" sizes=\"auto, (max-width: 640px) 100vw, 640px\" \/><\/p>\n<p>Meine Mutter Anett \u2026 ja, was soll ich hier sagen, ohne mir selbst zu schaden: die Deern ist fabelhaft, knorke, ein deutsch ausl\u00e4ndisches Sprachgenie, immer freundlich, immer servil, gibt mir wirklich keinen Grund zum quaaaaken. Der Service funzt, das Futter schmeckt, Entsorgung klappt tadellos, das Bord Programm ist erste Sahne, ich kann garnicht verstehen, warum man auf anderen Schiffen immer soviel Gemecker h\u00f6rt. Bei uns ist die Stimmung allerbest, wie das Wetter \u2026 k\u00f6nnte ewig so weiter gehen. Allerdings gibt sie neuerdings die Steuerfrau bei Man\u00f6vern, recht ungew\u00f6hnlich. Hat die Frau vielleicht zu wenig Stress? Haben wir ein Genderproblem an Bord? Muss sie sich vor ihrem H\u00e4uptling noch beweisen? Ich glaube, ich muss das noch ein bisschen weiter erforschen. Ich werde dann berichten &#8211; versprochen!<\/p>\n<p><iframe loading=\"lazy\" width=\"560\" height=\"315\" src=\"https:\/\/www.youtube.com\/embed\/dQcqIvId4mg\" frameborder=\"0\" allowfullscreen><\/iframe><\/p>\n<p>Tja, und dann die Marie, derzeit noch mein liebendes Schwesterlein, geduldig mit meinen Spielereien, f\u00fchlt sich mir vermutlich derzeit noch hier und dort \u00fcberlegen, weil sie schon selber laufen kann und damit eine Eigenst\u00e4ndigkeit besitzt, wie beim F\u00fchrerschein, wenn man einfach flutsch um die Ecke verschwinden kann, derweil ich angebunden nur auf der Hose \u2013 bzw. Windel \u2013 zu sitzen habe. Dumm f\u00fcr mich, aber der Tag kommt, an dem ich mich erhebe \u2026 und dann sieht die Welt hier an Bord komplett anders aus \u2013 versprochen, denn dann werde ich sie alle in den Wahnsinn treiben. Derzeit muss Marie unter dem Muttertier leiden, die tags\u00fcber die gestrenge Lehrerin gibt, und gegen die Lustlosigkeit der eigenen Leibesfrucht anzuk\u00e4mpfen hat. Ich frage mich ernsthaft: ob es nicht bessere Lernmodelle gibt? Zum Beispiel lernen per App, per Auto Update, oder vielleicht durch Spritze: ein Stich \u2026 und schon ist man schlau! <\/p>\n<p><img loading=\"lazy\" decoding=\"async\" src=\"https:\/\/windpilot.com\/blog\/wp-content\/uploads\/2017\/04\/Sunset-in-Roseau.jpeg\" alt=\"\" width=\"640\" height=\"480\" class=\"aligncenter size-full wp-image-13811\" srcset=\"https:\/\/windpilot.com\/blog\/wp-content\/uploads\/2017\/04\/Sunset-in-Roseau.jpeg 640w, https:\/\/windpilot.com\/blog\/wp-content\/uploads\/2017\/04\/Sunset-in-Roseau-300x225.jpeg 300w\" sizes=\"auto, (max-width: 640px) 100vw, 640px\" \/><\/p>\n<p>Ach ja, und dann der Praktikant an Bord, genannt Dominik, gross wie der Chef, tr\u00e4gt sein Baseball Cap immer falsch herum, vermutlich, weil die Nackenhaare sensibel und keine Sonne vertragen k\u00f6nnen, macht auf Sabbel Jahr vom Inschen\u00f6r Studium, vermutlich weil ihm dort die  Chromosmen \/ Kosmopolonen, na jedenfalls die anderen Klugscheisser langweilen und er sich eine Alleinstellung f\u00fcr seine Frazzenbock Profilierung basteln will und darum lieber kongenial dem Papa auf die Nerven geht. Abgesehen, dass sich eine Karibik Runde bei den jungen Hasen auch gut verkaufen l\u00e4sst, weil man schon so erfahren ist. Cosmopolit \u2013 besser als Polente.<\/p>\n<p><img loading=\"lazy\" decoding=\"async\" src=\"https:\/\/windpilot.com\/blog\/wp-content\/uploads\/2017\/04\/7seas-und-Freunde.png\" alt=\"\" width=\"640\" height=\"361\" class=\"aligncenter size-full wp-image-13813\" srcset=\"https:\/\/windpilot.com\/blog\/wp-content\/uploads\/2017\/04\/7seas-und-Freunde.png 640w, https:\/\/windpilot.com\/blog\/wp-content\/uploads\/2017\/04\/7seas-und-Freunde-300x169.png 300w\" sizes=\"auto, (max-width: 640px) 100vw, 640px\" \/><\/p>\n<p>F\u00fcr mich ein Kontrastprogramm, denn er macht f\u00fcr mich den Ersatz Kasper, wenn die beiden Oldies mal die gemeinsame Koje intensiver untersuchen wollen. Keine Ahnung, was die dort treiben, aber ich glaube, das hat was mit meinem Ursprung \u2013 oder war das Eisprung? &#8211; zu tun. Ich bin ehrlich, ich bin jetzt durcheinander. Soll ich etwa noch Konkurrenz bekommen? Nee, das will ich nicht \u2026 daf\u00fcr ist bei uns kein Platz, zumal ich ja dann meine Paraderolle verlieren &#8211; oder Zeit teilen &#8211; m\u00fcsste. Und das w\u00e4re tragisch, darunter kann Babylein leiden! Immer sch\u00f6n der Reihe nach und immer sch\u00f6n ans Erbe denken, das die Oldies uns ja schenken wollen \u2026 bevor sie auf die Alters Ranch verschwinden, wo man sie Sonntag f\u00fcr ein paar Minuten besuchen kann \u2026 wenn\u00b4s denn passt und gerade nix besseres dazwischen kommt.<\/p>\n<p>Ehrlich, ich h\u00e4tte nicht gedacht, dass Segeln so easy ist, ich habe eine fabelhafte Zeit, die Knete kommt aus dem Automaten, die Kokosn\u00fcsse von den B\u00e4umen, die Bananen sind \u00fcberall zu haben, und die Stimmung an Bord ist allerbest. Welch ein Fest! Habe neulich den Schnack aufgeschnappt:  \u201eCruisinglife is a busy life\u201c Kann ich nicht verstehen! Find ich n\u00e4mlich gaaanich: cruising life is wonderful, as far as the Pampers are not full, das Personal bei Fuss, der K\u00fchlschrank voller Leckereien und nach dem Kotzen die Schweinerei sofort weggemacht wird \u2026 <\/p>\n<p><img loading=\"lazy\" decoding=\"async\" src=\"https:\/\/windpilot.com\/blog\/wp-content\/uploads\/2017\/04\/Portsmouth-Dominica.png\" alt=\"\" width=\"640\" height=\"361\" class=\"aligncenter size-full wp-image-13812\" srcset=\"https:\/\/windpilot.com\/blog\/wp-content\/uploads\/2017\/04\/Portsmouth-Dominica.png 640w, https:\/\/windpilot.com\/blog\/wp-content\/uploads\/2017\/04\/Portsmouth-Dominica-300x169.png 300w\" sizes=\"auto, (max-width: 640px) 100vw, 640px\" \/><\/p>\n<p>Derzeit ist mein life ein easy life, aber wehe wenn ich hier aufstehe und auf eigenem Kiel das Leben inspiziere. Vermutlich werde ich dann Stress verbreiten, werde wie ein Wauwi angeleint. Ich sehe \u00fcberall Kiddies angebunden, erinnert mich and die Hunde vorm Supermarkt. Mein Vorschlag: Wie w\u00e4re es denn mit Teletubbies, die man als App auf den Schompjuter verladen kann, hochkant h\u00e4tte ich dann Kuckzeuch, vielleicht einen Langzeit Lolly in der einen, und eine Tageszeitung in der anderen Pfote, so k\u00f6nnte ich mir Dummes Zeug dann autodiebisch &#8211; oder tataktisch &#8211; selber beibringen. Oder Holzautos, auf denen man rum beissen kann. Ist mir alles egal, sollen die anderen doch mal dr\u00fcber nachdenken, wie sie mich zu Schweigen bringen. Immerhin habe ich als Baby einen gesetzlichen Anspruch auf ausgewogene Baby konforme Erziehung, damit ich als Prachtkerl sp\u00e4ter gl\u00fccklich werde, mich sauber entwickle und ohne Psychosen bleibe, f\u00fcr die ich ansonsten meine Eltern zu verklagen h\u00e4tte &#8230;<\/p>\n<p>Ich glaube, ich muss ma kurz unterbrechen, hier ist Unruhe an Bord, ich muss mich fertich machen, Hose an, M\u00fctze auf, Daumen hoch \u2026 und losgestapft \u2026 ich hinten dran mit bunter M\u00fctze drauf.<\/p>\n<p>Das w\u00e4re es erstmal&#8230; Gru\u00df \u2013 Pups \u2013 und wech!<br \/>\nMax \u2013 alias Peter Foerthmann   <a href=\"https:\/\/www.facebook.com\/SY7seas\/\">WEITERLESEN<\/a><br \/>\n&#8212;&#8212;&#8212;&#8212;&#8212;&#8212;&#8211;<\/p>\n","protected":false},"excerpt":{"rendered":"<p>011.04.2017 MAX PILZ, 8 MONATE &#8211; SEGELN AUS MEINER SICHT Als Baby ist alles einfach hier an Bord. Ich segle, solange ich denken kann, habe k\u00fcrzlich sogar im Schlaf den Atlantik \u00fcberquert, hat gaaanich weh getan! Bin hier nun seit &hellip; <a href=\"https:\/\/windpilot.com\/blog\/morphy-blitz\/pilz-familie\/\">Weiterlesen <span class=\"meta-nav\">&rarr;<\/span><\/a><\/p>\n","protected":false},"author":1,"featured_media":0,"parent":10453,"menu_order":8,"comment_status":"open","ping_status":"closed","template":"","meta":{"footnotes":""},"class_list":["post-13487","page","type-page","status-publish","hentry"],"_links":{"self":[{"href":"https:\/\/windpilot.com\/blog\/wp-json\/wp\/v2\/pages\/13487","targetHints":{"allow":["GET"]}}],"collection":[{"href":"https:\/\/windpilot.com\/blog\/wp-json\/wp\/v2\/pages"}],"about":[{"href":"https:\/\/windpilot.com\/blog\/wp-json\/wp\/v2\/types\/page"}],"author":[{"embeddable":true,"href":"https:\/\/windpilot.com\/blog\/wp-json\/wp\/v2\/users\/1"}],"replies":[{"embeddable":true,"href":"https:\/\/windpilot.com\/blog\/wp-json\/wp\/v2\/comments?post=13487"}],"version-history":[{"count":17,"href":"https:\/\/windpilot.com\/blog\/wp-json\/wp\/v2\/pages\/13487\/revisions"}],"predecessor-version":[{"id":30181,"href":"https:\/\/windpilot.com\/blog\/wp-json\/wp\/v2\/pages\/13487\/revisions\/30181"}],"up":[{"embeddable":true,"href":"https:\/\/windpilot.com\/blog\/wp-json\/wp\/v2\/pages\/10453"}],"wp:attachment":[{"href":"https:\/\/windpilot.com\/blog\/wp-json\/wp\/v2\/media?parent=13487"}],"curies":[{"name":"wp","href":"https:\/\/api.w.org\/{rel}","templated":true}]}}