{"id":15783,"date":"2017-10-03T05:31:48","date_gmt":"2017-10-03T12:31:48","guid":{"rendered":"https:\/\/windpilot.com\/blog\/?page_id=15783"},"modified":"2018-01-03T06:47:40","modified_gmt":"2018-01-03T13:47:40","slug":"der-falsche-traum","status":"publish","type":"page","link":"https:\/\/windpilot.com\/blog\/schiffe\/gebraucht-kauf\/der-falsche-traum\/","title":{"rendered":"Der falsche Traum"},"content":{"rendered":"<p><strong>VOM TRAUM ZU ALBTRAUM<\/strong><\/p>\n<p>Vor wenigen Wochen erschien im <a href=\"https:\/\/www.segeln-forum.de\/board1-rund-ums-segeln\/board35-bootstechnik-und-elektronik\/65597-mal-etwas-anderes-beratung-nach-dem-schiffskauf-reinke-16-m\/\" target=\"_blank\">SEGELN-FORUM<\/a> folgendes posting:<\/p>\n<p><img loading=\"lazy\" decoding=\"async\" src=\"https:\/\/windpilot.com\/blog\/wp-content\/uploads\/2017\/10\/SV-Lisa-im-schilf.jpg\" alt=\"\" width=\"1280\" height=\"960\" class=\"alignleft size-full wp-image-15787\" srcset=\"https:\/\/windpilot.com\/blog\/wp-content\/uploads\/2017\/10\/SV-Lisa-im-schilf.jpg 1280w, https:\/\/windpilot.com\/blog\/wp-content\/uploads\/2017\/10\/SV-Lisa-im-schilf-300x225.jpg 300w, https:\/\/windpilot.com\/blog\/wp-content\/uploads\/2017\/10\/SV-Lisa-im-schilf-768x576.jpg 768w, https:\/\/windpilot.com\/blog\/wp-content\/uploads\/2017\/10\/SV-Lisa-im-schilf-1024x768.jpg 1024w\" sizes=\"auto, (max-width: 1280px) 100vw, 1280px\" \/><\/p>\n<blockquote><p>Hallo Leute &#8230;&#8230;.<br \/>\nmelde mich verzweifelt, habe mir eine Reinke 16m (Bj 2003) gekauft.<br \/>\nHabe das Ganze v\u00f6llig untersch\u00e4tzt, arbeite in der IT und merke das mir das Handwerkliche fehlt.<br \/>\nDer vorg\u00e4nger Besitzer der mir bei vielem helfen wollte ist schwer erkrankt- jetzt sitze ich alleine da und kann das Schiff im Moment auch nicht verkaufen.<br \/>\nEvntl gibt es ja jemanden der Remote evntl vor Ort mit Sachverstand helfen kann (Tips geben, etc) nat\u00fcrlich nicht unentgeldlich &#8230;&#8230;&#8230;..<br \/>\nKeine Ahnung wie eine Hilfe noch so aussehen k\u00f6nnte.<br \/>\nWer interesse oder Zeit hat kann sich sehr gerne bei mir melden .<br \/>\nDanke uind Gr\u00fc\u00dfe<br \/>\nStefan<\/p><\/blockquote>\n<p><img loading=\"lazy\" decoding=\"async\" src=\"https:\/\/windpilot.com\/blog\/wp-content\/uploads\/2017\/10\/galerie-antarktis-enterprise-05.jpg\" alt=\"\" width=\"1024\" height=\"576\" class=\"alignleft size-full wp-image-15788\" srcset=\"https:\/\/windpilot.com\/blog\/wp-content\/uploads\/2017\/10\/galerie-antarktis-enterprise-05.jpg 1024w, https:\/\/windpilot.com\/blog\/wp-content\/uploads\/2017\/10\/galerie-antarktis-enterprise-05-300x169.jpg 300w, https:\/\/windpilot.com\/blog\/wp-content\/uploads\/2017\/10\/galerie-antarktis-enterprise-05-768x432.jpg 768w\" sizes=\"auto, (max-width: 1024px) 100vw, 1024px\" \/><\/p>\n<p>F\u00fcr mich ein Beispiel, wie Segler einem Traum verfallen, der sie am Ende rechts \u00fcberholt und der  sie im Kielwasser ihres fortan turbulenten Lebens zwischen Traum und Wirklichkeit zerm\u00fcrbt, weshalb ich <a href=\"https:\/\/www.segeln-forum.de\/board1-rund-ums-segeln\/board35-bootstechnik-und-elektronik\/65597-mal-etwas-anderes-beratung-nach-dem-schiffskauf-reinke-16-m\/index7.html#post1798513\" target=\"_blank\">folgende Antwort<\/a> gepostet haben:<\/p>\n<p><img loading=\"lazy\" decoding=\"async\" src=\"https:\/\/windpilot.com\/blog\/wp-content\/uploads\/2017\/10\/galerie-antarktis-enterprise-09.jpg\" alt=\"\" width=\"1024\" height=\"576\" class=\"alignleft size-full wp-image-15789\" srcset=\"https:\/\/windpilot.com\/blog\/wp-content\/uploads\/2017\/10\/galerie-antarktis-enterprise-09.jpg 1024w, https:\/\/windpilot.com\/blog\/wp-content\/uploads\/2017\/10\/galerie-antarktis-enterprise-09-300x169.jpg 300w, https:\/\/windpilot.com\/blog\/wp-content\/uploads\/2017\/10\/galerie-antarktis-enterprise-09-768x432.jpg 768w\" sizes=\"auto, (max-width: 1024px) 100vw, 1024px\" \/><\/p>\n<p><strong>DER FALSCHE TRAUM<\/strong><br \/>\nVermutlich ist hier ein falscher Traum weiter verkauft worden unter Hinweis auf lapidare Restarbeiten, denen sich ein \u201eneuer\u201c Tr\u00e4umer gewachsen f\u00fchlte, dem durch eine verlockende Relation von Kaufpreis zur Gr\u00f6sse des Schiffes das Wasser im Munde zusammen gelaufen ist. Jedenfalls ist er weich geworden \u2026 und realisiert nun die Gr\u00f6sse des Suppentellers langsam aber stetig, erkennt, dass sein L\u00f6ffel zu klein, oder der Suppenteller sogar f\u00fcr eine ganze Foren Garnison reichen w\u00fcrde. <\/p>\n<p><img loading=\"lazy\" decoding=\"async\" src=\"https:\/\/windpilot.com\/blog\/wp-content\/uploads\/2017\/10\/Affenfelsen-ShirleyLC.jpg\" alt=\"\" width=\"1024\" height=\"683\" class=\"alignleft size-full wp-image-15790\" srcset=\"https:\/\/windpilot.com\/blog\/wp-content\/uploads\/2017\/10\/Affenfelsen-ShirleyLC.jpg 1024w, https:\/\/windpilot.com\/blog\/wp-content\/uploads\/2017\/10\/Affenfelsen-ShirleyLC-300x200.jpg 300w, https:\/\/windpilot.com\/blog\/wp-content\/uploads\/2017\/10\/Affenfelsen-ShirleyLC-768x512.jpg 768w\" sizes=\"auto, (max-width: 1024px) 100vw, 1024px\" \/><\/p>\n<p><strong>ANFENGERFEHLER<\/strong><br \/>\nDer durch falsche Folgeentscheidungen nicht zu kurieren ist, auch wenn er hier das Zeug zum Forum Dauerbrenner  h\u00e4tte. Aber: ist dem Mann dadurch geholfen, sich hier die Finger wund zu schreiben, dabei seine fehlerhafte Kaufentscheidung \u2013 stetig besser zu umreissen, dass er sich am Ende gar nicht mehr ins Auto setzen mag, um seinen Traum, der am Steg Ende traurig vor ihm schaukelt, zu besuchen? <\/p>\n<p><img loading=\"lazy\" decoding=\"async\" src=\"https:\/\/windpilot.com\/blog\/wp-content\/uploads\/2017\/10\/Bruch-for-Sale.jpg\" alt=\"\" width=\"2560\" height=\"1920\" class=\"alignleft size-full wp-image-15791\" srcset=\"https:\/\/windpilot.com\/blog\/wp-content\/uploads\/2017\/10\/Bruch-for-Sale.jpg 2560w, https:\/\/windpilot.com\/blog\/wp-content\/uploads\/2017\/10\/Bruch-for-Sale-300x225.jpg 300w, https:\/\/windpilot.com\/blog\/wp-content\/uploads\/2017\/10\/Bruch-for-Sale-768x576.jpg 768w, https:\/\/windpilot.com\/blog\/wp-content\/uploads\/2017\/10\/Bruch-for-Sale-1024x768.jpg 1024w\" sizes=\"auto, (max-width: 2560px) 100vw, 2560px\" \/><\/p>\n<p><strong>FAKTEN<\/strong><br \/>\nDie Idee, einen REINKE Rumpf werftseitig erstellen zu lassen, um hernach M\u00f6bel, Technik und Ausr\u00fcstung selber \u201ezu basteln\u201c &#8211; wird ja nicht so schwer sein!  \u2013 gleichwohl im Laufe der Jahre dann auf den Boden der Tatsachen nieder zu schweben, bzw. eine Bruchlandung hinzulegen, ist ein so typischer Denkfehler, der hundertfach passiert, der einer <a href=\"https:\/\/www.matzerath.de\/\" target=\"_blank\">Werft MATZERATH<\/a> seit Jahren Arbeit gibt, weil dort derartige Schiffe wieder entkernt und sodann professionell \u2013 und Wert erhaltend \u2013 nochmals zu Wasser gebracht werden.<\/p>\n<p><img loading=\"lazy\" decoding=\"async\" src=\"https:\/\/windpilot.com\/blog\/wp-content\/uploads\/2017\/10\/Chaos-below-deck.jpg\" alt=\"\" width=\"1280\" height=\"960\" class=\"alignleft size-full wp-image-15792\" srcset=\"https:\/\/windpilot.com\/blog\/wp-content\/uploads\/2017\/10\/Chaos-below-deck.jpg 1280w, https:\/\/windpilot.com\/blog\/wp-content\/uploads\/2017\/10\/Chaos-below-deck-300x225.jpg 300w, https:\/\/windpilot.com\/blog\/wp-content\/uploads\/2017\/10\/Chaos-below-deck-768x576.jpg 768w, https:\/\/windpilot.com\/blog\/wp-content\/uploads\/2017\/10\/Chaos-below-deck-1024x768.jpg 1024w\" sizes=\"auto, (max-width: 1280px) 100vw, 1280px\" \/><\/p>\n<p>Derartige <strong>ZWITTER<\/strong> sind Geld und Traum vernichtend, vielfach unter Verlust der Partnerin. Denn <strong>WIEDERVERKAUFBAR<\/strong> sind sie nur schwer, allenfalls \u00fcber Schweiss treibende Preise, weil die Stunde der Wahrheit die Stunde der Knete ist. Ich habe in meinem Blog eine REINKE 12, identischer Traum, allerdings vom Holzk\u00fcnstler ausgebaut, mit Doppel Perkins und kompletter Ausr\u00fcstung \u2013 noch nie geschwommen \u2013 am Ende f\u00fcr \u20ac 9.500,00 verkauft. Schluck! Aber ein Blick in die Runde und jeder wird erkennen, dass die Schiffe mit zunehmender Gr\u00f6sse immer unverk\u00e4uflicher werden, am Ende als Industrie Denkm\u00e4hler in der Eigner Psyche Verw\u00fcstungen anrichten \u2013 oder als Hafen Verzierung von Heiligenhafen oder Neustadt enden und dort als Selfie Hintergr\u00fcnde Verwendung finden.<\/p>\n<p><strong>GERICHTE<\/strong><br \/>\nF\u00fcr Anw\u00e4lte ein Leckerbissen, kann man ganze H\u00e4user drauf bauen, weil sie ein Arbeitsbeschaffungsprogramm f\u00fcr Jahre sind. Auch Gutachten m\u00fcssen ran, hinter deren R\u00fccken sich dann jeder verstecken kann. Und jeder weiss, dass die Hoffnung sich hinter dem Horizont verkr\u00fcmelt und die Nerven \u2013 samt Konto Stand \u2013 in den Keller rutschen.<\/p>\n<p><img loading=\"lazy\" decoding=\"async\" src=\"https:\/\/windpilot.com\/blog\/wp-content\/uploads\/2017\/10\/Loch-im-Schiff.jpg\" alt=\"\" width=\"2560\" height=\"1920\" class=\"alignleft size-full wp-image-15804\" srcset=\"https:\/\/windpilot.com\/blog\/wp-content\/uploads\/2017\/10\/Loch-im-Schiff.jpg 2560w, https:\/\/windpilot.com\/blog\/wp-content\/uploads\/2017\/10\/Loch-im-Schiff-300x225.jpg 300w, https:\/\/windpilot.com\/blog\/wp-content\/uploads\/2017\/10\/Loch-im-Schiff-768x576.jpg 768w, https:\/\/windpilot.com\/blog\/wp-content\/uploads\/2017\/10\/Loch-im-Schiff-1024x768.jpg 1024w\" sizes=\"auto, (max-width: 2560px) 100vw, 2560px\" \/><\/p>\n<p><strong>RESTARBEITEN?<\/strong><br \/>\nSorry, ein Denkfehler, dass eine derartiges Schiff an irgendeinem Tage jemals wirklich fertig wird!   NEIN \u2013 der Job t\u00fcrmt sich weiter \u2013 immer heiter \u2013 grosse Schiffe bleiben Dauerbaustellen, die von einem einsamen Eigner kaum jemals zu schaffen sind, wenn sie nicht kraftvoll und mit Konsequenz im eigenen Vor- oder Hintergarten &#8211; und \/ oder unter Aufwendung erheblicher Knete &#8211; weiter betrieben werden. <a href=\"http:\/\/www.sy-bavaria.de\/\" target=\"_blank\">WOLFGANG CLEMENS<\/a> hat\u00b4s dereinst vorgemacht, ein ganzer Kerl voller Kraft und Sachverstand.<\/p>\n<p>Aber ich kenne traurige Schwesterschiffe, die seit vielen Jahren vor sich hin rotten, deren Eigner sie final aus dem eigenen Leben radieren, derweil sie von Lochfrass gierig aufgefressen werden.<\/p>\n<p>Psychotherapie f\u00fcr den Themenersteller:<\/p>\n<p>https:\/\/windpilot.com\/blog\/columns\/deutsch-schiffe-der-nationen\/deutsch-die-schiffe-der-nationen\/<\/p>\n<p>https:\/\/windpilot.com\/blog\/columns\/boote-schiffe\/der-wert-eines-schiffes\/<\/p>\n<p>Hier ist mein Rat:<br \/>\nFalsches Schiff &#8211; falscher Traum \u2013 weg mit Schaden \u2013 n\u00e4chsten Mal besser aufpassen!<\/p>\n<p>Peter Foerthmann<\/p>\n","protected":false},"excerpt":{"rendered":"<p>VOM TRAUM ZU ALBTRAUM Vor wenigen Wochen erschien im SEGELN-FORUM folgendes posting: Hallo Leute &#8230;&#8230;. melde mich verzweifelt, habe mir eine Reinke 16m (Bj 2003) gekauft. Habe das Ganze v\u00f6llig untersch\u00e4tzt, arbeite in der IT und merke das mir das &hellip; <a href=\"https:\/\/windpilot.com\/blog\/schiffe\/gebraucht-kauf\/der-falsche-traum\/\">Weiterlesen <span class=\"meta-nav\">&rarr;<\/span><\/a><\/p>\n","protected":false},"author":1,"featured_media":0,"parent":15911,"menu_order":-1,"comment_status":"open","ping_status":"closed","template":"","meta":{"footnotes":""},"class_list":["post-15783","page","type-page","status-publish","hentry"],"_links":{"self":[{"href":"https:\/\/windpilot.com\/blog\/wp-json\/wp\/v2\/pages\/15783","targetHints":{"allow":["GET"]}}],"collection":[{"href":"https:\/\/windpilot.com\/blog\/wp-json\/wp\/v2\/pages"}],"about":[{"href":"https:\/\/windpilot.com\/blog\/wp-json\/wp\/v2\/types\/page"}],"author":[{"embeddable":true,"href":"https:\/\/windpilot.com\/blog\/wp-json\/wp\/v2\/users\/1"}],"replies":[{"embeddable":true,"href":"https:\/\/windpilot.com\/blog\/wp-json\/wp\/v2\/comments?post=15783"}],"version-history":[{"count":9,"href":"https:\/\/windpilot.com\/blog\/wp-json\/wp\/v2\/pages\/15783\/revisions"}],"predecessor-version":[{"id":15806,"href":"https:\/\/windpilot.com\/blog\/wp-json\/wp\/v2\/pages\/15783\/revisions\/15806"}],"up":[{"embeddable":true,"href":"https:\/\/windpilot.com\/blog\/wp-json\/wp\/v2\/pages\/15911"}],"wp:attachment":[{"href":"https:\/\/windpilot.com\/blog\/wp-json\/wp\/v2\/media?parent=15783"}],"curies":[{"name":"wp","href":"https:\/\/api.w.org\/{rel}","templated":true}]}}