{"id":15971,"date":"2017-10-09T10:01:22","date_gmt":"2017-10-09T17:01:22","guid":{"rendered":"https:\/\/windpilot.com\/blog\/?page_id=15971"},"modified":"2017-10-10T21:31:56","modified_gmt":"2017-10-11T04:31:56","slug":"hanseboot-das-ende","status":"publish","type":"page","link":"https:\/\/windpilot.com\/blog\/columns\/seminare\/hanseboot-das-ende\/","title":{"rendered":"Hanseboot &#8211; Ende"},"content":{"rendered":"<p><strong>HANSEBOOT &#8211; GEGEN DIE WAND GEFAHREN<\/strong><\/p>\n<p><img loading=\"lazy\" decoding=\"async\" src=\"https:\/\/windpilot.com\/blog\/wp-content\/uploads\/2017\/10\/Milka-Kuh-HH.jpeg\" alt=\"\" width=\"640\" height=\"480\" class=\"aligncenter size-full wp-image-15981\" srcset=\"https:\/\/windpilot.com\/blog\/wp-content\/uploads\/2017\/10\/Milka-Kuh-HH.jpeg 640w, https:\/\/windpilot.com\/blog\/wp-content\/uploads\/2017\/10\/Milka-Kuh-HH-300x225.jpeg 300w\" sizes=\"auto, (max-width: 640px) 100vw, 640px\" \/><\/p>\n<p>Vor 13 Jahren hatte ich mich von den Boots Messen in Europa zur\u00fcckgezogen, nachdem das Signal zum Umdenken meines Marketings schon Jahre zuvor, in NEW YORK seinen Anstoss bekommen hatte. Denn 9 \/ 11 war mein Schluckauf Tag, der mich qu\u00e4lende &#8211; und teure !- Jahre 8 Messen p.a. in den USA hatte abrupt beenden lassen. Ein Befreiungsschlag, zu dem ein fatales Ereignis mein Anstoss gewesen ist. <\/p>\n<p><img loading=\"lazy\" decoding=\"async\" src=\"https:\/\/windpilot.com\/blog\/wp-content\/uploads\/2017\/10\/Schlange-in-warte.jpg\" alt=\"\" width=\"5253\" height=\"3417\" class=\"aligncenter size-full wp-image-15975\" srcset=\"https:\/\/windpilot.com\/blog\/wp-content\/uploads\/2017\/10\/Schlange-in-warte.jpg 5253w, https:\/\/windpilot.com\/blog\/wp-content\/uploads\/2017\/10\/Schlange-in-warte-300x195.jpg 300w, https:\/\/windpilot.com\/blog\/wp-content\/uploads\/2017\/10\/Schlange-in-warte-768x500.jpg 768w, https:\/\/windpilot.com\/blog\/wp-content\/uploads\/2017\/10\/Schlange-in-warte-1024x666.jpg 1024w\" sizes=\"auto, (max-width: 5253px) 100vw, 5253px\" \/><\/p>\n<p>Verglichen damit, war der Anlass, auch in Europa mit den Messe Gef\u00e4ngnissen abzuschliessen, ein ganz pers\u00f6nlicher: Nach 6 Jahren der Veranstaltung von BLAUWASSERSEMINAREN auf der HANSEBOOT, war mir der Kragen geplatzt, ob der Unwilligkeit und schlechter Zusammenarbeit mit unzug\u00e4nglichen Messe B\u00fcrokraten, die mir ihre Unterst\u00fctzung jahrelang versagten.<\/p>\n<blockquote class=\"wp-embedded-content\" data-secret=\"2e652QImUV\"><p><a href=\"https:\/\/windpilot.com\/blog\/columns\/seminare\/deutsch-blauwasser-seminare-interessen-konflikte\/\">Blauwasser Seminare<\/a><\/p><\/blockquote>\n<p><iframe loading=\"lazy\" class=\"wp-embedded-content\" sandbox=\"allow-scripts\" security=\"restricted\" style=\"position: absolute; clip: rect(1px, 1px, 1px, 1px);\" title=\"&#8222;Blauwasser Seminare&#8220; &#8212; Windpilot Blog\" src=\"https:\/\/windpilot.com\/blog\/columns\/seminare\/deutsch-blauwasser-seminare-interessen-konflikte\/embed\/#?secret=R0zviwRwih#?secret=2e652QImUV\" data-secret=\"2e652QImUV\" width=\"600\" height=\"338\" frameborder=\"0\" marginwidth=\"0\" marginheight=\"0\" scrolling=\"no\"><\/iframe><\/p>\n<p><img loading=\"lazy\" decoding=\"async\" src=\"https:\/\/windpilot.com\/blog\/wp-content\/uploads\/2017\/10\/Annapolisvoller-leut.jpg\" alt=\"\" width=\"1756\" height=\"1188\" class=\"aligncenter size-full wp-image-15974\" srcset=\"https:\/\/windpilot.com\/blog\/wp-content\/uploads\/2017\/10\/Annapolisvoller-leut.jpg 1756w, https:\/\/windpilot.com\/blog\/wp-content\/uploads\/2017\/10\/Annapolisvoller-leut-300x203.jpg 300w, https:\/\/windpilot.com\/blog\/wp-content\/uploads\/2017\/10\/Annapolisvoller-leut-768x520.jpg 768w, https:\/\/windpilot.com\/blog\/wp-content\/uploads\/2017\/10\/Annapolisvoller-leut-1024x693.jpg 1024w\" sizes=\"auto, (max-width: 1756px) 100vw, 1756px\" \/><\/p>\n<p>Der Donnerschlag zur Beendigung der traditionsreichen HANSEBOOT hat im <a href=\"https:\/\/www.segeln-forum.de\/board5-reviere\/board67-ostsee\/65844-hanseboot-in-2017-letztmalig-in-der-halle\/index4.html\" target=\"_blank\">SEGELN FORUM<\/a> nur moderate Wellen hinterlassen. <\/p>\n<p>Mein Beitrag zum Thema sei hier wiederholt:<\/p>\n<p><strong>EIN KONZEPT SOLLTE MAN SCHON HABEN<\/strong><br \/>\nKonzeptionslosigkeit erscheint Programm. Stellschrauben wie \u00d6ffnungszeiten, Eintrittspreise, Akademy oder geschlossene Veranstaltungen gegen Extra Eintritt, ein paar verlorene Schiffe in herbstnasser Elbe, schlechte Au\u00dfendarstellung, mangelnde Internationalit\u00e4t sind nur Stichworte, die wie Mehltau \u00fcber einer Veranstaltung liegen, deren Macher nun den Niedergang der Finanzkrise 2007 \/ 8 in die Schuhe zu schieben suchen &#8211; um von den wahren Gr\u00fcnden &#8211; und eigenem Versagen! &#8211; abzulenken: RATLOSIGKEIT bis zur Ohnmacht sowie Blindheit gegen\u00fcber Fakten. <\/p>\n<blockquote class=\"wp-embedded-content\" data-secret=\"8ZC60Oq30z\"><p><a href=\"https:\/\/windpilot.com\/blog\/columns\/seminare\/deutsch-hanseboot-in-schwerer-see\/\">Hanseboot im Sturm<\/a><\/p><\/blockquote>\n<p><iframe loading=\"lazy\" class=\"wp-embedded-content\" sandbox=\"allow-scripts\" security=\"restricted\" style=\"position: absolute; clip: rect(1px, 1px, 1px, 1px);\" title=\"&#8222;Hanseboot im Sturm&#8220; &#8212; Windpilot Blog\" src=\"https:\/\/windpilot.com\/blog\/columns\/seminare\/deutsch-hanseboot-in-schwerer-see\/embed\/#?secret=vjvYPvkaku#?secret=8ZC60Oq30z\" data-secret=\"8ZC60Oq30z\" width=\"600\" height=\"338\" frameborder=\"0\" marginwidth=\"0\" marginheight=\"0\" scrolling=\"no\"><\/iframe><\/p>\n<p><img loading=\"lazy\" decoding=\"async\" src=\"https:\/\/windpilot.com\/blog\/wp-content\/uploads\/2017\/10\/Windpilot-017.jpg\" alt=\"\" width=\"4195\" height=\"2774\" class=\"aligncenter size-full wp-image-15979\" srcset=\"https:\/\/windpilot.com\/blog\/wp-content\/uploads\/2017\/10\/Windpilot-017.jpg 4195w, https:\/\/windpilot.com\/blog\/wp-content\/uploads\/2017\/10\/Windpilot-017-300x198.jpg 300w, https:\/\/windpilot.com\/blog\/wp-content\/uploads\/2017\/10\/Windpilot-017-768x508.jpg 768w, https:\/\/windpilot.com\/blog\/wp-content\/uploads\/2017\/10\/Windpilot-017-1024x677.jpg 1024w\" sizes=\"auto, (max-width: 4195px) 100vw, 4195px\" \/><\/p>\n<p><strong>EINFACH MAL NACH AMERIKA FLIEGEN<\/strong><br \/>\nohne gleich den Trump zu besuchen. Dortige Boat Shows sind in privater Hand, sind Publikumsbringer und Geldmaschinen, weil ihr Grundkonzept anderen Regeln folgt. W\u00e4hrend hier Stadtverwaltungen die Regeln, Antrags Formular B\u00fccher, Mitarbeiter Heerscharen, Monopol Service Unternehmen, bis zum Parkplatz Management s\u00e4mtliche Kriterien bestimmen und daf\u00fcr knackig berechnen, um am Ende Besucher in die Hotels der Stadt zu locken, derweil geplagte Aussteller durch B\u00fcrokratie, Brandschutz, horrenden Kosten f\u00fcr unn\u00f6tige Nebenkosten zu leiden haben, was den Sinn der Messe hinter dem Tellerrand verschwinden l\u00e4sst, gen\u00fcgt in den USA ein Kreuz auf einem Blatt Papier: same place and service as the year before? Yes \/ No &#8211; welcome to the show..<\/p>\n<p><img loading=\"lazy\" decoding=\"async\" src=\"https:\/\/windpilot.com\/blog\/wp-content\/uploads\/2017\/10\/Schuhe.jpg\" alt=\"\" width=\"5253\" height=\"3417\" class=\"aligncenter size-full wp-image-15976\" srcset=\"https:\/\/windpilot.com\/blog\/wp-content\/uploads\/2017\/10\/Schuhe.jpg 5253w, https:\/\/windpilot.com\/blog\/wp-content\/uploads\/2017\/10\/Schuhe-300x195.jpg 300w, https:\/\/windpilot.com\/blog\/wp-content\/uploads\/2017\/10\/Schuhe-768x500.jpg 768w, https:\/\/windpilot.com\/blog\/wp-content\/uploads\/2017\/10\/Schuhe-1024x666.jpg 1024w\" sizes=\"auto, (max-width: 5253px) 100vw, 5253px\" \/><\/p>\n<p>Falsche Planung eines Messegel\u00e4ndes inmitten einer Grosstadt &#8211; das wollen wir hier nicht vertiefen, ein jeder kann erkennen, an wie vielen Tagen im Jahr der gesamte Komplex mit Leben gef\u00fcllt wir: an KEINEM &#8230; wobei man nat\u00fcrlich mit Ruhezonen und Kunstpalmen und ein paar blitzenden Volvo\u00b4s jede Halle f\u00fcllen kann &#8211; Schwimmb\u00e4der &#8211; Erlebniszonen nicht zu vergessen.<\/p>\n<p>Schulterschluss zwischen Veranstalter und Aussteller: FEHLANZEIGE, hier wird gebastelt und geschraubt, sich notfalls hoheitlich verschanzt, falls einmal Kritik zu nahe an die Wahrheit, oder das Ego eines Messechefs r\u00fcckt und dort Juckreiz verursacht. Detaillierte Schriftwechsel mit den Herren werden schon mal \u00fcber Jahre verschleppt, verz\u00f6gert, oder am Ende gar nicht beantwortet. Geht man so mit Kunden um? Wenn dann am Ende einer desolaten Messe der Messechef jubiliert: die Messe sei f\u00fcr die Stadt \u201edennoch\u201c profitabel gewesen, kann man nur den Kopf sch\u00fctteln &#8211; f\u00fcr mich sieht so das blanke Hinterteil aus.<\/p>\n<blockquote><p>\u201eDie Messegesellschaft will eine Traditionsmesse erhalten &#8230; will sich aber nicht von Emotionen leiten lassen\u201c. <\/p><\/blockquote>\n<p>Na prima! Hat man die vergangenen 30 Jahre komplett verschlafen?<\/p>\n<p><img loading=\"lazy\" decoding=\"async\" src=\"https:\/\/windpilot.com\/blog\/wp-content\/uploads\/2017\/10\/DSC03791.jpeg\" alt=\"\" width=\"800\" height=\"534\" class=\"aligncenter size-full wp-image-15983\" srcset=\"https:\/\/windpilot.com\/blog\/wp-content\/uploads\/2017\/10\/DSC03791.jpeg 800w, https:\/\/windpilot.com\/blog\/wp-content\/uploads\/2017\/10\/DSC03791-300x200.jpeg 300w, https:\/\/windpilot.com\/blog\/wp-content\/uploads\/2017\/10\/DSC03791-768x513.jpeg 768w\" sizes=\"auto, (max-width: 800px) 100vw, 800px\" \/><\/p>\n<p>Will man nun in Hamburg eine <strong>IN WATER SHOW<\/strong> launchen, wo in unserer Stadt Sportboote und schwimmende Wohnlauben  in Kan\u00e4len und Flussl\u00e4ufen ansonsten per Gerichtsbeschluss vertrieben oder unter Hinweis auf sch\u00e4dliche Ausfl\u00fcsse aus Regenrinnen verjagt und verboten werden? <\/p>\n<p><img loading=\"lazy\" decoding=\"async\" src=\"https:\/\/windpilot.com\/blog\/wp-content\/uploads\/2017\/10\/DSC_0297_preview.jpeg\" alt=\"\" width=\"1024\" height=\"682\" class=\"aligncenter size-full wp-image-15995\" srcset=\"https:\/\/windpilot.com\/blog\/wp-content\/uploads\/2017\/10\/DSC_0297_preview.jpeg 1024w, https:\/\/windpilot.com\/blog\/wp-content\/uploads\/2017\/10\/DSC_0297_preview-300x200.jpeg 300w, https:\/\/windpilot.com\/blog\/wp-content\/uploads\/2017\/10\/DSC_0297_preview-768x512.jpeg 768w\" sizes=\"auto, (max-width: 1024px) 100vw, 1024px\" \/><img loading=\"lazy\" decoding=\"async\" src=\"https:\/\/windpilot.com\/blog\/wp-content\/uploads\/2017\/10\/IMG_1565-e1507625329266.jpg\" alt=\"\" width=\"480\" height=\"640\" class=\"aligncenter size-full wp-image-15998\" srcset=\"https:\/\/windpilot.com\/blog\/wp-content\/uploads\/2017\/10\/IMG_1565-e1507625329266.jpg 480w, https:\/\/windpilot.com\/blog\/wp-content\/uploads\/2017\/10\/IMG_1565-e1507625329266-225x300.jpg 225w\" sizes=\"auto, (max-width: 480px) 100vw, 480px\" \/><img loading=\"lazy\" decoding=\"async\" src=\"https:\/\/windpilot.com\/blog\/wp-content\/uploads\/2017\/10\/IMG_1564.jpg\" alt=\"\" width=\"640\" height=\"480\" class=\"aligncenter size-full wp-image-15999\" srcset=\"https:\/\/windpilot.com\/blog\/wp-content\/uploads\/2017\/10\/IMG_1564.jpg 640w, https:\/\/windpilot.com\/blog\/wp-content\/uploads\/2017\/10\/IMG_1564-300x225.jpg 300w\" sizes=\"auto, (max-width: 640px) 100vw, 640px\" \/>Amsterdam &#8211; Hamburg, sind wie Erde und Mond &#8211; Politik ist, wenn man trotzdem lacht.<\/p>\n<p>Oder gibt es eine direkte Leitung von Meeno zum Sonnengott, der f\u00fcr 12 Monate im voraus in Hamburg s\u00fcdliches Wetter diktiert? <\/p>\n<p>Die Hanseboot unterscheidet sich eben doch vom Hafengeburtstag, jedenfalls in Bezug auf das Besucher Material &#8230; seltsam, dass man im Pressetext hier sogar eine Parallele zu ziehen wagt.<\/p>\n<p><img loading=\"lazy\" decoding=\"async\" src=\"https:\/\/windpilot.com\/blog\/wp-content\/uploads\/2017\/10\/Mick-HH.jpg\" alt=\"\" width=\"2560\" height=\"1920\" class=\"aligncenter size-full wp-image-15984\" srcset=\"https:\/\/windpilot.com\/blog\/wp-content\/uploads\/2017\/10\/Mick-HH.jpg 2560w, https:\/\/windpilot.com\/blog\/wp-content\/uploads\/2017\/10\/Mick-HH-300x225.jpg 300w, https:\/\/windpilot.com\/blog\/wp-content\/uploads\/2017\/10\/Mick-HH-768x576.jpg 768w, https:\/\/windpilot.com\/blog\/wp-content\/uploads\/2017\/10\/Mick-HH-1024x768.jpg 1024w\" sizes=\"auto, (max-width: 2560px) 100vw, 2560px\" \/><\/p>\n<p><strong>EINE ZAHL ALS BOMBE<\/strong><br \/>\nDie Gesamtzahl meiner Standbesucher s\u00e4mtlicher 14 Bootsmessen weltweit innerhalb eines Jahres vor ein paar Jahren, glich damals der Besucherzahl meiner 6-sprachigen Website &#8230; an EINEM TAG. Der Grund, warum ich 2004 eine Vollbremsung hingelegt habe, s\u00e4mtliche Messen quittiert, zeitgleich meine Preise nahezu 15 Jahre eingefroren habe, weil ich fortan auch keine Mitarbeiter mehr brauchte. Gibt es ein besseres Argument gegen teure Messe Gef\u00e4ngnisse?<\/p>\n<p>Fragt sich und Sie<\/p>\n<p>Peter Foerthmann<\/p>\n","protected":false},"excerpt":{"rendered":"<p>HANSEBOOT &#8211; GEGEN DIE WAND GEFAHREN Vor 13 Jahren hatte ich mich von den Boots Messen in Europa zur\u00fcckgezogen, nachdem das Signal zum Umdenken meines Marketings schon Jahre zuvor, in NEW YORK seinen Anstoss bekommen hatte. Denn 9 \/ 11 &hellip; <a href=\"https:\/\/windpilot.com\/blog\/columns\/seminare\/hanseboot-das-ende\/\">Weiterlesen <span class=\"meta-nav\">&rarr;<\/span><\/a><\/p>\n","protected":false},"author":1,"featured_media":0,"parent":13654,"menu_order":3,"comment_status":"open","ping_status":"closed","template":"","meta":{"footnotes":""},"class_list":["post-15971","page","type-page","status-publish","hentry"],"_links":{"self":[{"href":"https:\/\/windpilot.com\/blog\/wp-json\/wp\/v2\/pages\/15971","targetHints":{"allow":["GET"]}}],"collection":[{"href":"https:\/\/windpilot.com\/blog\/wp-json\/wp\/v2\/pages"}],"about":[{"href":"https:\/\/windpilot.com\/blog\/wp-json\/wp\/v2\/types\/page"}],"author":[{"embeddable":true,"href":"https:\/\/windpilot.com\/blog\/wp-json\/wp\/v2\/users\/1"}],"replies":[{"embeddable":true,"href":"https:\/\/windpilot.com\/blog\/wp-json\/wp\/v2\/comments?post=15971"}],"version-history":[{"count":17,"href":"https:\/\/windpilot.com\/blog\/wp-json\/wp\/v2\/pages\/15971\/revisions"}],"predecessor-version":[{"id":16019,"href":"https:\/\/windpilot.com\/blog\/wp-json\/wp\/v2\/pages\/15971\/revisions\/16019"}],"up":[{"embeddable":true,"href":"https:\/\/windpilot.com\/blog\/wp-json\/wp\/v2\/pages\/13654"}],"wp:attachment":[{"href":"https:\/\/windpilot.com\/blog\/wp-json\/wp\/v2\/media?parent=15971"}],"curies":[{"name":"wp","href":"https:\/\/api.w.org\/{rel}","templated":true}]}}