{"id":16602,"date":"2017-12-27T12:22:28","date_gmt":"2017-12-27T19:22:28","guid":{"rendered":"https:\/\/windpilot.com\/blog\/?page_id=16602"},"modified":"2018-01-01T02:57:02","modified_gmt":"2018-01-01T09:57:02","slug":"andreas-tietzsch","status":"publish","type":"page","link":"https:\/\/windpilot.com\/blog\/morphy-blitz\/andreas-tietzsch\/","title":{"rendered":"Andreas Tietzsch"},"content":{"rendered":"<p><strong>ANGEKOMMEN IN DER ALTEN WELT &#8211; RES\u00dcMEE EINER ATLANTIK RUNDE<\/strong><\/p>\n<p>Der Dialog mit den Seglern ist das Salz in meiner Lebenssuppe. Ich sehe das Thema Heckverzierung als meine Pflicht\u00fcbung, wohingegen die K\u00fcr dann zur interessanteren Frage wird, weil sie Millionen Antworten bereithalten kann, wenn man die Fragen erst gestellt. <\/p>\n<p><img loading=\"lazy\" decoding=\"async\" src=\"https:\/\/windpilot.com\/blog\/wp-content\/uploads\/2017\/12\/2016-12-10-photo-00001403.jpg\" alt=\"\" width=\"1000\" height=\"750\" class=\"alignleft size-full wp-image-16607\" srcset=\"https:\/\/windpilot.com\/blog\/wp-content\/uploads\/2017\/12\/2016-12-10-photo-00001403.jpg 1000w, https:\/\/windpilot.com\/blog\/wp-content\/uploads\/2017\/12\/2016-12-10-photo-00001403-300x225.jpg 300w, https:\/\/windpilot.com\/blog\/wp-content\/uploads\/2017\/12\/2016-12-10-photo-00001403-768x576.jpg 768w\" sizes=\"auto, (max-width: 1000px) 100vw, 1000px\" \/><\/p>\n<p>Andreas Tietzsch habe ich an der Schlei im malerischen Hafen von Fleckeby kennen gelernt und ihn sodann in Gedanken auf seiner strammen Rundreise \u00fcber 10.000 sm begleitet, \u00fcber ihn gebloggt. Nach seiner R\u00fcckkehr habe ich dann meine Fragen vom Stapel gelassen, einen Dialog, den ich hier in Teilen wiedergebe. <\/p>\n<p><img loading=\"lazy\" decoding=\"async\" src=\"https:\/\/windpilot.com\/blog\/wp-content\/uploads\/2017\/12\/2017-06-19-photo-00002015.jpg\" alt=\"\" width=\"1000\" height=\"750\" class=\"alignleft size-full wp-image-16608\" srcset=\"https:\/\/windpilot.com\/blog\/wp-content\/uploads\/2017\/12\/2017-06-19-photo-00002015.jpg 1000w, https:\/\/windpilot.com\/blog\/wp-content\/uploads\/2017\/12\/2017-06-19-photo-00002015-300x225.jpg 300w, https:\/\/windpilot.com\/blog\/wp-content\/uploads\/2017\/12\/2017-06-19-photo-00002015-768x576.jpg 768w\" sizes=\"auto, (max-width: 1000px) 100vw, 1000px\" \/><\/p>\n<p><strong>ANDREAS<\/strong><\/p>\n<blockquote><p>Das Ankommen in der &#8222;alten Welt&#8220; hatte ich mir auch anders vorgestellt. Sofort w\u00fcrde man wieder in die t\u00e4glichen Pflichten eingenordet &#8211; da merkt man schnell, wie sch\u00f6n ein so langer Segelt\u00f6rn sein kann. Vielleicht schleppt man viel zu viel Ballast in seinem t\u00e4glichen Ablauf mit sich herum. Daraus ergeben sich Pflichten und Aufgaben, die einem viel Zeit klauen. <\/p>\n<p>Man merkt jetzt erst wirklich, mit wie wenig man auskommen kann. Nat\u00fcrlich sprechen wir hier von einem hohen Niveau, wenn man ein dichtes, seefestes und gut ausger\u00fcstetes Boot im R\u00fccken hat. <\/p>\n<p>Auf der Tour habe ich viele Aussteiger kennen gelernt, deren Mut ich bewundere, der normalen (b\u00fcrgerlichen) Welt einfach zu entfliehen. <\/p>\n<p>Eingenommen von so vielen Aufgaben (Haus,Hof,Kinder,Familie,Tod von 2 Schwestern, renovieren von 2 Studentenwohnungen, Steuererkl\u00e4rung, Vereinsarbeit usw.) habe ich es noch nicht mal geschafft, den Bericht der Segeletappe in den Blog einzupflegen. <\/p>\n<p>Bin jetzt noch in Nordwijk\/Holland, um bei unseren Kindern Flagge zu zeigen, die hier an der EM teilnehmen.<br \/>\nIch melde mich bald!<br \/>\nLiebe Gr\u00fc\u00dfe<br \/>\nAndreas<\/p><\/blockquote>\n<p><img loading=\"lazy\" decoding=\"async\" src=\"https:\/\/windpilot.com\/blog\/wp-content\/uploads\/2017\/12\/2016-12-25-photo-00001510.jpg\" alt=\"\" width=\"1000\" height=\"750\" class=\"alignleft size-full wp-image-16609\" srcset=\"https:\/\/windpilot.com\/blog\/wp-content\/uploads\/2017\/12\/2016-12-25-photo-00001510.jpg 1000w, https:\/\/windpilot.com\/blog\/wp-content\/uploads\/2017\/12\/2016-12-25-photo-00001510-300x225.jpg 300w, https:\/\/windpilot.com\/blog\/wp-content\/uploads\/2017\/12\/2016-12-25-photo-00001510-768x576.jpg 768w\" sizes=\"auto, (max-width: 1000px) 100vw, 1000px\" \/><\/p>\n<p><strong>PETER<\/strong><\/p>\n<blockquote><p>Danke Andreas. Du hast mein volles Verst\u00e4ndnis, denn mir ist bewusst, welch Lebensumbruch es bedeutet, sich f\u00fcr ein Jahre hinaus zu zoomen aus den Alltagspflichten, um hinterher im sozialen Netz wieder \u201eseinen\u201c Platz einzunehmen, sich all der Vorw\u00fcrfe zu widersetzen, warum wieso weshalb man es gewagt, sich diese pers\u00f6nliche Auszeit \u201eeinfach zu nehmen\u201c :  <\/p>\n<p>Der Unterschied zwischen Theorie und der Lebensrealit\u00e4t. Das ist stets starker Tobak und Deine Bemerkungen zu den Menschen, die Du unterwegs getroffen hast, gehen ins Schwarze!<\/p>\n<p>Anstatt schn\u00f6der Fakten, sind exakt Deine Erkenntnisse f\u00fcr mich interessant: ehrlich, authentisch und brutal offen, eben nicht die Sicht eines Blauwasserseglers, der das Erlebte durch das rosarote Sieb eigenen Gr\u00f6\u00dfenwahns, oder f\u00fcr einen Verlag, der das Erlebte als Buchform attraktiv gestalten und verkaufen will &#8211; niederzuschreiben. Hardcore und aus dem realen Leben. Logisch, dass auch deine Mitsegler hier aus ganz individuellen Gr\u00fcnden heraus, Dich auf deiner Reise begleitet haben &#8230;<br \/>\nherzlich aus der Werkstatt<br \/>\nPeter<\/p><\/blockquote>\n<p><img loading=\"lazy\" decoding=\"async\" src=\"https:\/\/windpilot.com\/blog\/wp-content\/uploads\/2017\/12\/2017-03-18-photo-00001767.jpg\" alt=\"\" width=\"1000\" height=\"750\" class=\"alignleft size-full wp-image-16610\" srcset=\"https:\/\/windpilot.com\/blog\/wp-content\/uploads\/2017\/12\/2017-03-18-photo-00001767.jpg 1000w, https:\/\/windpilot.com\/blog\/wp-content\/uploads\/2017\/12\/2017-03-18-photo-00001767-300x225.jpg 300w, https:\/\/windpilot.com\/blog\/wp-content\/uploads\/2017\/12\/2017-03-18-photo-00001767-768x576.jpg 768w\" sizes=\"auto, (max-width: 1000px) 100vw, 1000px\" \/><\/p>\n<p><strong>ANDREAS<\/strong><\/p>\n<blockquote><p>Moin Peter, da die Vorweihnachtszeit wieder mal sehr ausgef\u00fcllt war und die Weihnachtstage selbst f\u00fcr die Familie belegt waren, kommen ich erst jetzt zum Schreiben. <\/p>\n<p>Ein wenig zur\u00fcckblickend, waren 2016\/2017 doch f\u00fcr mich besondere Jahre, gepr\u00e4gt durch die Erf\u00fcllung eines meiner Segeltr\u00e4ume. <\/p>\n<p>Ab Dezember 2016 in der Karibik war das mal ein Jahr ohne Winter. Vier Monate Zeit zu haben, um durch ein Inselwelt zu segeln, war schon ein Traum. Aber nicht alles, was wir sahen, passte in das Klischee, das wir von dieser Gegend und den Bewohnern haben. Doch trotz der vielf\u00e4ltigen Probleme haben sie die Einstellung zur Leichtigkeit des Lebens nicht verloren. Entgegen diverser Vorwarnungen (Diebstahl, Piraterie und Mord) haben wir nur nette freundliche Menschen erlebt. Wanderungen durch die beeindruckenden Regenw\u00e4lder, die angenehme W\u00e4rme, den immer blauen Himmel und Sonnenschein haben wir genossen.<\/p>\n<p>So sch\u00f6n alles war und man lange darauf hin gefiebert hatte die Karibik zu erleben, so vermisste man doch unsere 4 Jahreszeiten und besonders vieles von unserem vielf\u00e4ltigen Lebensmittelangebot, das wir ab den Azoren dann wieder genie\u00dfen konnten.<\/p>\n<p>Ab Juli wieder in heimischen Gefilden versuchte mich der \u201ealte\u201c Alltag wieder ein zu holen. Vieles war in meiner fast einj\u00e4hrigen Abwesenheit angefallen, was aufgearbeitet werden wollte. So verlief das 2. Halbjahr sehr eng verplant. Nicht alles ist erledigt, aber es gibt ja noch ein Jahr 2018!<\/p>\n<p><strong>DER BLICKWINKEL AUFS LEBEN HAT SICH GE\u00c4NDERT<\/strong><br \/>\nDoch etwas ist geblieben &#8211; ein anderer Blickwinkel auf unser Leben.<br \/>\nAuch wenn es uns hier gut geht und wir eigentlich keinen Grund zum Klagen haben, sind wir doch gefangen in vielen Allt\u00e4glichkeiten. Schafft man es, diesen mit mehr Gelassenheit entgegen zu gehen, hat man ein St\u00fcckchen mehr Freiheit erlangt!<\/p>\n<p>So w\u00fcnsche ich einen angenehmen 2. Weihnachtstag\/-abend und alles Gute f\u00fcr das Neue Jahr. Vielleicht findet man auch ein wenig mehr Gelassenheit und Freiheit.<br \/>\nGr\u00fc\u00dfe<br \/>\nAndreas<\/p><\/blockquote>\n<p><img loading=\"lazy\" decoding=\"async\" src=\"https:\/\/windpilot.com\/blog\/wp-content\/uploads\/2017\/12\/2017-04-16-photo-00001852.jpg\" alt=\"\" width=\"1000\" height=\"750\" class=\"alignleft size-full wp-image-16611\" srcset=\"https:\/\/windpilot.com\/blog\/wp-content\/uploads\/2017\/12\/2017-04-16-photo-00001852.jpg 1000w, https:\/\/windpilot.com\/blog\/wp-content\/uploads\/2017\/12\/2017-04-16-photo-00001852-300x225.jpg 300w, https:\/\/windpilot.com\/blog\/wp-content\/uploads\/2017\/12\/2017-04-16-photo-00001852-768x576.jpg 768w\" sizes=\"auto, (max-width: 1000px) 100vw, 1000px\" \/><\/p>\n<p><strong>PETER<\/strong><\/p>\n<blockquote><p>Moin Andreas, herzlichen Dank, ich f\u00fchle mit, genauer: ich kenne diese Stimmungen bei Menschen exakt, bei Menschen, die ein sch\u00f6nes Erlebnis haben schl\u00fcrfen &#8211; oder d\u00fcrfen &#8211; k\u00f6nnen und hernach wieder sich in einen Alltag hineinversetzen &#8211; m\u00fcssen &#8211; der ihnen fortan geh\u00f6rig Gedankenfutter gibt.<\/p>\n<p>Sei versichert: Du schuldest mir NIX &#8211; auch keine Fotos &#8211; denn wir sind hier kein altes Ehepaar, bei dem die Dinge exakt so verlaufen: dass n\u00e4mlich Vorw\u00fcrfe, Verpflichtungen, Verantwortungen verschoben, angeh\u00e4uft werden, bis die Birne platzt, wobei geh\u00f6rige Kollateralsch\u00e4den dann die Folge sind.<\/p>\n<p>Aber: es sind exakte Deine Wahrnehmungen, die mich interessieren, die ich wunderbar zwischen den Zeilen herauslesen kann &#8211; darin bin ich Spezialist! &#8211;  weil diese Info erheblich vernachl\u00e4ssigt wird &#8211; weil meist nur die Erfolge z\u00e4hlen, und viele Menschen gedanklich wieder in ihr Hamsterrad gezwungen werden, weil ansonsten der latente Neid anderer Menschen, hier Folgen &#8211; oder Schaden? &#8211; anrichten k\u00f6nnte. Was zu verhindern ist.<\/p>\n<p>Insbesondere im kleinen sozialen Umfeld &#8211; der Familie &#8211; wird hier vielfach Geschirr zerschlagen, wobei die Gr\u00fcnde weder diffizil, noch verborgen liegen. Es ist ein Eiertanz eines Delinquenten &#8211; also Heimkehrers &#8211; die Balance wieder sensibel herzustellen und seinen Platz mit gewohnten Verantwortlichkeiten wieder zu f\u00fcllen, damit die anderen auch wieder in ihren gewohnten Trott &#8211; zur\u00fcck? &#8211; fallen k\u00f6nnen.<\/p>\n<p>Denn, nicht wahr: an diesen Nahtstellen von Beziehungen und sozialem Umgang, entscheidet sich die wahre Gr\u00f6sse von Menschen &#8211; die meisten zeigen dabei nur ein h\u00e4ssliches Gesicht.<\/p>\n<p>Und ich habe Dich als einen Mann besonderer Pr\u00e4gung kennen gelernt, der diese Herausforderung mit Umsicht erledigen kann.<\/p>\n<p>herzlich aus Hamburg<br \/>\nPeter<\/p><\/blockquote>\n<p><img loading=\"lazy\" decoding=\"async\" src=\"https:\/\/windpilot.com\/blog\/wp-content\/uploads\/2017\/12\/2017-05-27-photo-00001904.jpg\" alt=\"\" width=\"1000\" height=\"667\" class=\"alignleft size-full wp-image-16612\" srcset=\"https:\/\/windpilot.com\/blog\/wp-content\/uploads\/2017\/12\/2017-05-27-photo-00001904.jpg 1000w, https:\/\/windpilot.com\/blog\/wp-content\/uploads\/2017\/12\/2017-05-27-photo-00001904-300x200.jpg 300w, https:\/\/windpilot.com\/blog\/wp-content\/uploads\/2017\/12\/2017-05-27-photo-00001904-768x512.jpg 768w\" sizes=\"auto, (max-width: 1000px) 100vw, 1000px\" \/><\/p>\n<p><strong>ANDREAS<\/strong><\/p>\n<blockquote><p>Moin Peter, man steht nicht alleine mit seinen Gedanken und Empfindungen. Gerne darfst du meine weiter tragen und nat\u00fcrlich auch unter meinem Namen. Auch meinen Blog m\u00f6chte ich noch weiter mit Fakten und Gedanken erg\u00e4nzen. Ob das sp\u00e4ter noch jemand lie\u00dft oder verwertbar ist, bleibt nat\u00fcrlich offen. Das ist in dieser schnelllebigen Zeit nun mal so. Au\u00dferdem ist man nur einer unter vielen, die sowas unternehmen bzw. erleben.<br \/>\nEuch einen angenehmen \u00dcbergang in das neue Jahr<br \/>\nAndreas<\/p><\/blockquote>\n<p><a href=\"http:\/\/milan.tietzsch.com\/\" target=\"_blank\">WEITERLESEN<\/a><\/p>\n","protected":false},"excerpt":{"rendered":"<p>ANGEKOMMEN IN DER ALTEN WELT &#8211; RES\u00dcMEE EINER ATLANTIK RUNDE Der Dialog mit den Seglern ist das Salz in meiner Lebenssuppe. Ich sehe das Thema Heckverzierung als meine Pflicht\u00fcbung, wohingegen die K\u00fcr dann zur interessanteren Frage wird, weil sie Millionen &hellip; <a href=\"https:\/\/windpilot.com\/blog\/morphy-blitz\/andreas-tietzsch\/\">Weiterlesen <span class=\"meta-nav\">&rarr;<\/span><\/a><\/p>\n","protected":false},"author":1,"featured_media":0,"parent":10453,"menu_order":14,"comment_status":"open","ping_status":"closed","template":"","meta":{"footnotes":""},"class_list":["post-16602","page","type-page","status-publish","hentry"],"_links":{"self":[{"href":"https:\/\/windpilot.com\/blog\/wp-json\/wp\/v2\/pages\/16602","targetHints":{"allow":["GET"]}}],"collection":[{"href":"https:\/\/windpilot.com\/blog\/wp-json\/wp\/v2\/pages"}],"about":[{"href":"https:\/\/windpilot.com\/blog\/wp-json\/wp\/v2\/types\/page"}],"author":[{"embeddable":true,"href":"https:\/\/windpilot.com\/blog\/wp-json\/wp\/v2\/users\/1"}],"replies":[{"embeddable":true,"href":"https:\/\/windpilot.com\/blog\/wp-json\/wp\/v2\/comments?post=16602"}],"version-history":[{"count":4,"href":"https:\/\/windpilot.com\/blog\/wp-json\/wp\/v2\/pages\/16602\/revisions"}],"predecessor-version":[{"id":16613,"href":"https:\/\/windpilot.com\/blog\/wp-json\/wp\/v2\/pages\/16602\/revisions\/16613"}],"up":[{"embeddable":true,"href":"https:\/\/windpilot.com\/blog\/wp-json\/wp\/v2\/pages\/10453"}],"wp:attachment":[{"href":"https:\/\/windpilot.com\/blog\/wp-json\/wp\/v2\/media?parent=16602"}],"curies":[{"name":"wp","href":"https:\/\/api.w.org\/{rel}","templated":true}]}}