{"id":16690,"date":"2017-12-30T23:12:58","date_gmt":"2017-12-31T06:12:58","guid":{"rendered":"https:\/\/windpilot.com\/blog\/?page_id=16690"},"modified":"2018-01-01T01:17:22","modified_gmt":"2018-01-01T08:17:22","slug":"facebook-ich","status":"publish","type":"page","link":"https:\/\/windpilot.com\/blog\/columns\/cartoons-firlefanz\/facebook-ich\/","title":{"rendered":"Facebook + Ich"},"content":{"rendered":"<p><strong>SPIEGEL EIGENER WENIGKEIT<\/strong><\/p>\n<p>Es liegt im Wesen menschlicher Verhaltensweisen, das eigene Streben und Leben gegen\u00fcber der Aussenwelt unbedingt \u2013 oder zwanghaft? &#8211; positiv darzustellen.<\/p>\n<p><img loading=\"lazy\" decoding=\"async\" src=\"https:\/\/windpilot.com\/blog\/wp-content\/uploads\/2017\/12\/SELFIE.jpg\" alt=\"\" width=\"1062\" height=\"759\" class=\"alignleft size-full wp-image-16409\" srcset=\"https:\/\/windpilot.com\/blog\/wp-content\/uploads\/2017\/12\/SELFIE.jpg 1062w, https:\/\/windpilot.com\/blog\/wp-content\/uploads\/2017\/12\/SELFIE-300x214.jpg 300w, https:\/\/windpilot.com\/blog\/wp-content\/uploads\/2017\/12\/SELFIE-768x549.jpg 768w, https:\/\/windpilot.com\/blog\/wp-content\/uploads\/2017\/12\/SELFIE-1024x732.jpg 1024w\" sizes=\"auto, (max-width: 1062px) 100vw, 1062px\" \/><\/p>\n<p>Und so sind wir uns sicher einig, dass diese Neurose \u2013 wollen wir sie so benennen? &#8211;  dem Erfolg eines Massenph\u00e4nomens Namens FACEBOOK die T\u00fcren ge\u00f6ffnet hat, ohne hier gleich \u00fcber Inhalte, Gr\u00fcnde und  Nebenwirkungen zu fabulieren. Wenn Licht durch Schatten seine Sch\u00e4rfe erh\u00e4lt und dann noch mehr strahlt, lernen FB Profile mit steigenden Zahlen von Likes und Followern das Fliegen, jedenfalls wenn man platt den Kommentaren glaubt, anstatt sie zu hinterfragen, um Wahrheiten zu erkennen. Social Community ist n\u00e4mlich in Wahrheit h\u00f6chst unsozial, weil Neid, Eifersucht und Missgunst die Netze regieren und somit eigentlich zum exakten Gegenteil sozialer Interaktion geworden ist:  Ausdruck eigener Unzufriedenheit, der hier ein Ventil geschaffen worden hat, sich selbst &#8211; oder die Volksseele? &#8211; zu chloroformieren. Oder w\u00fcrde hier wirklich jemand zugestehen, dass nach FB Definition Freunde eigentlich eher Feinde sind?<\/p>\n<p><img loading=\"lazy\" decoding=\"async\" src=\"https:\/\/windpilot.com\/blog\/wp-content\/uploads\/2017\/12\/Selfie-Karrussell.jpg\" alt=\"\" width=\"1270\" height=\"865\" class=\"alignleft size-full wp-image-16410\" srcset=\"https:\/\/windpilot.com\/blog\/wp-content\/uploads\/2017\/12\/Selfie-Karrussell.jpg 1270w, https:\/\/windpilot.com\/blog\/wp-content\/uploads\/2017\/12\/Selfie-Karrussell-300x204.jpg 300w, https:\/\/windpilot.com\/blog\/wp-content\/uploads\/2017\/12\/Selfie-Karrussell-768x523.jpg 768w, https:\/\/windpilot.com\/blog\/wp-content\/uploads\/2017\/12\/Selfie-Karrussell-1024x697.jpg 1024w\" sizes=\"auto, (max-width: 1270px) 100vw, 1270px\" \/><\/p>\n<p><strong>DIE EHRLICHKEIT<\/strong><br \/>\nLiegt hier der Grund, warum FB unter Seglern niemals popul\u00e4r geworden ist? Immerhin haben selbst bekannte Gr\u00f6ssen in diesem sch\u00f6nen Sport meist nur r\u00fchrende Follower Zahlen hinter sich versammelt. Wollen wir vermuten, dass Menschen mit einem vollen sch\u00f6nen Leben, erkannt haben, dass der Zeitvertreib bei FB vertane Lebenszeit mit Menschen ist, mit denen sie sich im richtigen Leben eigentlich gar nicht gerne umgeben w\u00fcrden? Oder wollen wir tats\u00e4chlich an das M\u00e4rchen glauben, dass FB f\u00fcr unser eigenes Fortkommen mehr Vorteile besitzt \u2026 als f\u00fcr die Datensammler der  Gegenseite? <\/p>\n<p>Eine Frage zum Sonntag, der die Antwort innewohnt<br \/>\nPeter Foerthmann<\/p>\n","protected":false},"excerpt":{"rendered":"<p>SPIEGEL EIGENER WENIGKEIT Es liegt im Wesen menschlicher Verhaltensweisen, das eigene Streben und Leben gegen\u00fcber der Aussenwelt unbedingt \u2013 oder zwanghaft? &#8211; positiv darzustellen. Und so sind wir uns sicher einig, dass diese Neurose \u2013 wollen wir sie so benennen? &hellip; <a href=\"https:\/\/windpilot.com\/blog\/columns\/cartoons-firlefanz\/facebook-ich\/\">Weiterlesen <span class=\"meta-nav\">&rarr;<\/span><\/a><\/p>\n","protected":false},"author":1,"featured_media":0,"parent":16662,"menu_order":4,"comment_status":"open","ping_status":"closed","template":"","meta":{"footnotes":""},"class_list":["post-16690","page","type-page","status-publish","hentry"],"_links":{"self":[{"href":"https:\/\/windpilot.com\/blog\/wp-json\/wp\/v2\/pages\/16690","targetHints":{"allow":["GET"]}}],"collection":[{"href":"https:\/\/windpilot.com\/blog\/wp-json\/wp\/v2\/pages"}],"about":[{"href":"https:\/\/windpilot.com\/blog\/wp-json\/wp\/v2\/types\/page"}],"author":[{"embeddable":true,"href":"https:\/\/windpilot.com\/blog\/wp-json\/wp\/v2\/users\/1"}],"replies":[{"embeddable":true,"href":"https:\/\/windpilot.com\/blog\/wp-json\/wp\/v2\/comments?post=16690"}],"version-history":[{"count":1,"href":"https:\/\/windpilot.com\/blog\/wp-json\/wp\/v2\/pages\/16690\/revisions"}],"predecessor-version":[{"id":16691,"href":"https:\/\/windpilot.com\/blog\/wp-json\/wp\/v2\/pages\/16690\/revisions\/16691"}],"up":[{"embeddable":true,"href":"https:\/\/windpilot.com\/blog\/wp-json\/wp\/v2\/pages\/16662"}],"wp:attachment":[{"href":"https:\/\/windpilot.com\/blog\/wp-json\/wp\/v2\/media?parent=16690"}],"curies":[{"name":"wp","href":"https:\/\/api.w.org\/{rel}","templated":true}]}}