{"id":21256,"date":"2019-12-31T12:34:11","date_gmt":"2019-12-31T19:34:11","guid":{"rendered":"https:\/\/windpilot.com\/blog\/?page_id=21256"},"modified":"2020-01-01T08:05:12","modified_gmt":"2020-01-01T15:05:12","slug":"2004-2019-ringschluss","status":"publish","type":"page","link":"https:\/\/windpilot.com\/blog\/biography\/2004-2019-ringschluss\/","title":{"rendered":"2004 \u2013 2019"},"content":{"rendered":"<p><strong>RINGSCHLUSS &#8211; DAS SOZIALE TIEFOLOT<\/strong><br \/>\n<img loading=\"lazy\" decoding=\"async\" src=\"https:\/\/windpilot.com\/blog\/wp-content\/uploads\/2019\/12\/Peter-schla\u0308ft-Su\u0308dsee-beschn.jpg\" alt=\"\" width=\"2238\" height=\"1716\" class=\"aligncenter size-full wp-image-21262\" srcset=\"https:\/\/windpilot.com\/blog\/wp-content\/uploads\/2019\/12\/Peter-schla\u0308ft-Su\u0308dsee-beschn.jpg 2238w, https:\/\/windpilot.com\/blog\/wp-content\/uploads\/2019\/12\/Peter-schla\u0308ft-Su\u0308dsee-beschn-300x230.jpg 300w, https:\/\/windpilot.com\/blog\/wp-content\/uploads\/2019\/12\/Peter-schla\u0308ft-Su\u0308dsee-beschn-1024x785.jpg 1024w, https:\/\/windpilot.com\/blog\/wp-content\/uploads\/2019\/12\/Peter-schla\u0308ft-Su\u0308dsee-beschn-768x589.jpg 768w, https:\/\/windpilot.com\/blog\/wp-content\/uploads\/2019\/12\/Peter-schla\u0308ft-Su\u0308dsee-beschn-1536x1178.jpg 1536w, https:\/\/windpilot.com\/blog\/wp-content\/uploads\/2019\/12\/Peter-schla\u0308ft-Su\u0308dsee-beschn-2048x1570.jpg 2048w\" sizes=\"auto, (max-width: 2238px) 100vw, 2238px\" \/><\/p>\n<p>Ist es schon soweit? Muss ich mir um mich selbst Gedanken machen? Keine Sorge, ich kann mich und Sie hier sofort beruhigen, bin immer noch derselbe, mache einfach weiter, froh und heiter, weil ich nix anderes kann, als windige Piloten bauen. Dar\u00fcber hinaus habe ich vor 10 Jahren angefangen, verbal meine Lebenserfahrungen auf besondere Weise und mit Lust durch\u00b4s Sieb zu quetschen, ganz ohne zu hetzen, ein elegantes \u00dcberdruckventil, um Dissonanzen aufzuzeigen, ein psychischer Verdauungsprozess, der gute Laune hinterl\u00e4sst. Fast wie eine Schlange, die sich langsam h\u00e4utet und dabei, ebenso zeitgleich wie elegant, die Spuren der Vergangenheit hinter sich entsorgt. <\/p>\n<p>Die alten H\u00e4ute in Form kurzweiliger Geschichten sind zum N\u00e4hrboden dieses Blogs re\u00fcssiert, womit ich kollateral Gef\u00e4lligkeiten erweise, weil mir die Lekt\u00fcre eigener Geschichten \u00e4hnlichen Spass bereitet, wie vermutlich auch Ihnen, denen mein Klickzeug als Futter zum gen\u00fcsslichen Verzehr vorgelegt und gelesen wird, wie ich sehe, und hoffe, mit Vergn\u00fcgen. Hier wird ohne Hintergedanken, Einblick gew\u00e4hrt, in die Seele eines Mannes, der sein Leben authentisch in gerader Furche lebt, der zu seiner Meinung steht, der sich im Haifischbecken maritimer Wirtschaft sein Leben eingerichtet hat, ohne sich allzu sehr verbiegen zu lassen. Ein Mann mit Kanten, an denen man sich stossen k\u00f6nnte, wenn man Umgangsregeln nicht anerkennen wollte. Denn Respekt ist in meinem Leben wichtig. Womit wir elegant im Thema sind.<\/p>\n<p><img loading=\"lazy\" decoding=\"async\" src=\"https:\/\/windpilot.com\/blog\/wp-content\/uploads\/2019\/12\/Gartenfee.jpeg\" alt=\"\" width=\"1280\" height=\"960\" class=\"aligncenter size-full wp-image-21264\" srcset=\"https:\/\/windpilot.com\/blog\/wp-content\/uploads\/2019\/12\/Gartenfee.jpeg 1280w, https:\/\/windpilot.com\/blog\/wp-content\/uploads\/2019\/12\/Gartenfee-300x225.jpeg 300w, https:\/\/windpilot.com\/blog\/wp-content\/uploads\/2019\/12\/Gartenfee-1024x768.jpeg 1024w, https:\/\/windpilot.com\/blog\/wp-content\/uploads\/2019\/12\/Gartenfee-768x576.jpeg 768w\" sizes=\"auto, (max-width: 1280px) 100vw, 1280px\" \/><\/p>\n<p>Kein Zufall, dass hier 16 Jahre rasant umfasst und eloquent abgehandelt werden, es ist zuf\u00e4llig der gleiche Zeitraum, seit dem Tage X, dem Tag, an dem f\u00fcr mich ein neues Leben begonnen hat. Ein Leben zu Zweit auf Augenh\u00f6he, in Symbiose und gegenseitigem Respekt. Nach Jahrzehnten sozialen Paar Gemetzels, des Ringens um Worte, Mistverst\u00e4ndnisse und Vorfahrtsregeln, des Rangierens im Vorwurfsverschiebebahnhof, in dem der Austausch von K\u00f6rpers\u00e4ften zum einzig verbindenden Element geworden ist. Mein Lebensschiff \u2013 kaum zu glauben! &#8211; ist im Tiefwasser angekommen, in dem ich unter vollen Segeln, wundervoll beschwingt, meinen Lebenskurs weiter segeln kann, weil Zweisamkeit f\u00fcr mich der wahre Luxus ist. Warum also ans Aufh\u00f6ren denken? Zudem, w\u00fcrde nicht ein jeder Gedanke an \u00dcbergabe meines mit Lust und Liebe aufgebauten Betriebes, mich nicht sofort erneut in soziale Konflikte st\u00fcrzen, weil sodann pl\u00f6tzlich Ideale in Silberlingen abzuwiegen w\u00e4ren? F\u00fcr einen Misanthropen mit Suizidgedanken vielleicht ein verlockender Gedanke, aber beides bin und habe ich nicht.<\/p>\n<p>Ganz ohne hier den Besserwisser herauszukehren, aber ein Ringschluss \u2013 oder ist das schon Katharsis? &#8211; meiner beruflichen Erfahrungen im Verlauf von 50 Jahren im wasserhaltigen Marktsegment, dr\u00e4ngt nach Niederschrift wie ein Schluckauf, der nach oben will. Silvester ist der Tag daf\u00fcr!<\/p>\n<p><img loading=\"lazy\" decoding=\"async\" src=\"https:\/\/windpilot.com\/blog\/wp-content\/uploads\/2019\/12\/Doppelpeter.jpg\" alt=\"\" width=\"2470\" height=\"1876\" class=\"aligncenter size-full wp-image-21265\" srcset=\"https:\/\/windpilot.com\/blog\/wp-content\/uploads\/2019\/12\/Doppelpeter.jpg 2470w, https:\/\/windpilot.com\/blog\/wp-content\/uploads\/2019\/12\/Doppelpeter-300x228.jpg 300w, https:\/\/windpilot.com\/blog\/wp-content\/uploads\/2019\/12\/Doppelpeter-1024x778.jpg 1024w, https:\/\/windpilot.com\/blog\/wp-content\/uploads\/2019\/12\/Doppelpeter-768x583.jpg 768w, https:\/\/windpilot.com\/blog\/wp-content\/uploads\/2019\/12\/Doppelpeter-1536x1167.jpg 1536w, https:\/\/windpilot.com\/blog\/wp-content\/uploads\/2019\/12\/Doppelpeter-2048x1555.jpg 2048w\" sizes=\"auto, (max-width: 2470px) 100vw, 2470px\" \/><\/p>\n<p>F\u00fcr einen lebenslustigen, stets neugierigen Bubi, Sanguiniker von Kopf bis Fuss, der jeden Tag als Wunder neu begreift, der sich als Menschenzufriedensteller definiert, der gelernt hat, als Kapit\u00e4n auf dem eigenem Lebensschiff Verantwortung mit Lust und Freude selbst zu tragen, anstatt dauerhaft Vorfahren oder Genen eigene Unf\u00e4higkeiten zuzuschieben oder unterzujubeln, f\u00fcr diesen Mann ist sozialer Umgang wiederholt zum Waterloo geworden, keineswegs nur im Paarbetrieb, wo meine Alarmzentrale zeitweilig durch Testosterone kurgeschlossen, ich f\u00fcr dumme Navigationsfehler mehrfach zur Lebenskasse gebeten worden bin. F\u00fcr mich wie eine Wand, gegen die ich dauerhaft gerannt, weil ich soziale Vorgehens- und Umgangsweisen zu wenig erkannt, mir Neid und Eifersucht zudem unbekannt. So wurde mein Lehrgeld ungew\u00f6hnlich eklatant. Alles verursacht durch ein falsch justiertes soziales Tiefolot!<\/p>\n<p><img loading=\"lazy\" decoding=\"async\" src=\"https:\/\/windpilot.com\/blog\/wp-content\/uploads\/2019\/12\/IMG_8339.jpeg\" alt=\"\" width=\"1280\" height=\"960\" class=\"aligncenter size-full wp-image-21269\" srcset=\"https:\/\/windpilot.com\/blog\/wp-content\/uploads\/2019\/12\/IMG_8339.jpeg 1280w, https:\/\/windpilot.com\/blog\/wp-content\/uploads\/2019\/12\/IMG_8339-300x225.jpeg 300w, https:\/\/windpilot.com\/blog\/wp-content\/uploads\/2019\/12\/IMG_8339-1024x768.jpeg 1024w, https:\/\/windpilot.com\/blog\/wp-content\/uploads\/2019\/12\/IMG_8339-768x576.jpeg 768w\" sizes=\"auto, (max-width: 1280px) 100vw, 1280px\" \/><\/p>\n<p>Es ist meiner bezaubernden femininen Regierungszentrale zu danken, die bereits als kleines M\u00e4dchen \u201ethe hard way\u201c hat lernen m\u00fcssen, sich in einem toxischen Familienbiotop zu behaupten, die dar\u00fcber zu einer charakterstarken Einzelg\u00e4ngerin und charismatischem Kleinod gediehen ist, deren Peitsche mich upgedatet hat, derweil ich ungl\u00e4ubig famili\u00e4re Strukturen und \u00dcbergriffe erlebt und begriffen habe, dass famili\u00e4re Bande f\u00fcr Menschen ohne Emphase vollkommen unbedeutend sind. Mit Freude habe ich seither ein wachsameres Auge auf Umgangsweisen und \u00dcbergriffe, zu denen schon kleine Gesten und Schl\u00fcsselworte z\u00e4hlen. Meine soziales Tiefolot wurde als Firewall sensibilisiert, wobei falsche Freunde schon mal zu Feinden mutiert, sich gar selbst blamiert, auch Gesichtsverluste vorgekommen sind. Es sind die Kohlenschaufeln voller unsch\u00f6ner \u00dcbergriffe in meiner zweiten Heimat, die mein Weltbild rasant kuriert, derweil man angesichts von Neid und Eifersucht, ansonsten untergegangen w\u00e4re. Achterbahngedanken!<\/p>\n<p><strong>DAS MARKTGESCHEHEN<\/strong><br \/>\n<img loading=\"lazy\" decoding=\"async\" src=\"https:\/\/windpilot.com\/blog\/wp-content\/uploads\/2019\/12\/Peter-schla\u0308ft-beschnitten.jpg\" alt=\"\" width=\"2232\" height=\"1788\" class=\"aligncenter size-full wp-image-21259\" srcset=\"https:\/\/windpilot.com\/blog\/wp-content\/uploads\/2019\/12\/Peter-schla\u0308ft-beschnitten.jpg 2232w, https:\/\/windpilot.com\/blog\/wp-content\/uploads\/2019\/12\/Peter-schla\u0308ft-beschnitten-300x240.jpg 300w, https:\/\/windpilot.com\/blog\/wp-content\/uploads\/2019\/12\/Peter-schla\u0308ft-beschnitten-1024x820.jpg 1024w, https:\/\/windpilot.com\/blog\/wp-content\/uploads\/2019\/12\/Peter-schla\u0308ft-beschnitten-768x615.jpg 768w, https:\/\/windpilot.com\/blog\/wp-content\/uploads\/2019\/12\/Peter-schla\u0308ft-beschnitten-1536x1230.jpg 1536w, https:\/\/windpilot.com\/blog\/wp-content\/uploads\/2019\/12\/Peter-schla\u0308ft-beschnitten-2048x1641.jpg 2048w\" sizes=\"auto, (max-width: 2232px) 100vw, 2232px\" \/><\/p>\n<p>Der Umgang mit Seglern als Kunden ist dagegen ein sch\u00f6ner Sommerspaziergang, erfordert gleichwohl wachsame Akkuratesse, weil in diesem Genre viele Schlauk\u00f6pfe unterwegs, denen man auf Augenh\u00f6he zu begegnen hat, will man nicht Respekt, Ansehen oder beides verlieren, abgesehen von finanziellen Ressourcen, um die es am Ende geht. Wer ist kl\u00fcger \u2013 wer gibt nach \u2013 wer ist Sieger, ohne daraus \u00dcbermut zu generieren? D\u00fcnnes Eis f\u00fcr unvorsichtige Marktteilnehmer, die einen Abschluss im Fokus haben, ohne dessen Folgen zu bedenken. <\/p>\n<p>Vertrauen zu schaffen, kann zur Lebensaufgabe werden, ist es einmal vorhanden, geht\u2019s abw\u00e4rts \u2026 im Wortsinne, denn pl\u00f6tzlich laufen die Dinge von alleine, die Segler bestellen windige Piloten ohne Diskussion, akzeptieren Preise ohne feilschen, sind positiv verortet, wie es besser gar nicht geht! Ich gestehe gern, dass dies die ungef\u00e4hre Gemengelage eines Mannes von 72 Jahren ist, der sein Leben lang auf genau diesen Zustand hingearbeitet hat. Warum also aufh\u00f6ren, nur weil die Haare weiss geworden, oder die Knochen schon mal knacken? Die Birne zumindest, funzt tadellos, die Finger sowieso, nicht nur wenn sie \u00fcber die MAC-Tasten fliegen. Mein Alter ist nur am Spam zu bemerken, weil mir anstelle von Porno, vermehrt Treppenlifte, H\u00f6rger\u00e4te und Pampers mit Hosentr\u00e4gern angeboten werden. <\/p>\n<p><img loading=\"lazy\" decoding=\"async\" src=\"https:\/\/windpilot.com\/blog\/wp-content\/uploads\/2019\/12\/P1010672.jpg\" alt=\"\" width=\"2560\" height=\"1920\" class=\"aligncenter size-full wp-image-21266\" srcset=\"https:\/\/windpilot.com\/blog\/wp-content\/uploads\/2019\/12\/P1010672.jpg 2560w, https:\/\/windpilot.com\/blog\/wp-content\/uploads\/2019\/12\/P1010672-300x225.jpg 300w, https:\/\/windpilot.com\/blog\/wp-content\/uploads\/2019\/12\/P1010672-1024x768.jpg 1024w, https:\/\/windpilot.com\/blog\/wp-content\/uploads\/2019\/12\/P1010672-768x576.jpg 768w, https:\/\/windpilot.com\/blog\/wp-content\/uploads\/2019\/12\/P1010672-1536x1152.jpg 1536w, https:\/\/windpilot.com\/blog\/wp-content\/uploads\/2019\/12\/P1010672-2048x1536.jpg 2048w\" sizes=\"auto, (max-width: 2560px) 100vw, 2560px\" \/><\/p>\n<p>Ich liege gern ruhig auf der Mauer auf der Lauer, und waaaarte auf die Segler, die Hilfe brauchen, z.B. Rat und Tat oder gar eine Heckverzierung. Cold email, Early Bird oder Black Friday Aktionen, Ghost Writing gegen Bezahlung bei Print, oder Cookie Tricks sind mir fremd. Warum sollte ich ein Gesch\u00e4ft ankurbeln, das ich zu Zweit erledigen kann? Warum neue soziale Reibereien, die dann u.U. wieder im Stehen pinkeln? <\/p>\n<blockquote class=\"wp-embedded-content\" data-secret=\"ngz3tCwDRc\"><p><a href=\"https:\/\/windpilot.com\/blog\/columns\/peter-der-markt\/windvane-politics-2\/intrigen-und-copy-cat\/\">Intrigen und Copy Cat<\/a><\/p><\/blockquote>\n<p><iframe loading=\"lazy\" class=\"wp-embedded-content\" sandbox=\"allow-scripts\" security=\"restricted\" style=\"position: absolute; clip: rect(1px, 1px, 1px, 1px);\" title=\"&#8222;Intrigen und Copy Cat&#8220; &#8212; Windpilot Blog\" src=\"https:\/\/windpilot.com\/blog\/columns\/peter-der-markt\/windvane-politics-2\/intrigen-und-copy-cat\/embed\/#?secret=5xfMIw4Ajj#?secret=ngz3tCwDRc\" data-secret=\"ngz3tCwDRc\" width=\"600\" height=\"338\" frameborder=\"0\" marginwidth=\"0\" marginheight=\"0\" scrolling=\"no\"><\/iframe><\/p>\n<p>Mein Hunger nach sozialen Erfahrungen im betrieblichen Bereich ist gestillt, meine Erfahrungen sind oben nachzulesen. Es ist nur eine dumme Entschuldigung, dass meine soziales Tiefolot fehlerhaft justiert gewesen ist, weil ich den Botschaften aus gegnerischen Sprechluken einfach Glauben schenken wollte, anstatt mit ein wenig Mi\u00dftrauen, sofort Vorsatz zu \u00dcbergriffen zu erkennen. Nun ist bekannt, dass die menschliche Rasse, ohnehin besserwisserisch, allzu gern Ablenkungs- oder Vorwurfspfeile ins Blaue verschiesst, genau wie im Paarbetrieb \u2026 oder im Kindergarten: \u201eMama, der andere hat angefangen!\u201c. Vorw\u00fcrfe und Ausreden, Endlosschleifen! Langj\u00e4hrige teure Gerichtsprozesse w\u00e4ren unn\u00f6tig gewesen, wenn ein wenig mehr Respekt oder gar Reflexion vorhanden gewesen w\u00e4re. Eine Murmeltiererfahrung! Nicht wahr, welchen Sinn etwa machen Vertr\u00e4ge, wenn zur Durchf\u00fchrung Anwaltssoziet\u00e4ten erforderlich werden und man zittern muss, ob Richter die Fakten \u00fcberhaupt korrekt verstanden haben? Ein m\u00fcndlicher Vertrag mag heute als Dummheit gelten, obwohl er zwischen ehrenhaften Menschen die Reinform einer Vereinbarung ist, wie ich es von meinem Opa verinnerlicht habe. <\/p>\n<p>Erfahrungen sind stets an der Lebenskasse zu bezahlen, ich habe die Aufarbeitung mit Begeisterung zur Vorlage f\u00fcr humorvolle Blogs gemacht, f\u00fchlte mich danach subito ein wenig besser. Das Wort P\u00fcschoanal\u00fcse wurde genau daf\u00fcr erfunden, inklusive der Schreibweise zur Erheiterung.<\/p>\n<p><img loading=\"lazy\" decoding=\"async\" src=\"https:\/\/windpilot.com\/blog\/wp-content\/uploads\/2019\/12\/RATTE-Schiester-GR.jpeg\" alt=\"\" width=\"815\" height=\"540\" class=\"aligncenter size-full wp-image-21272\" srcset=\"https:\/\/windpilot.com\/blog\/wp-content\/uploads\/2019\/12\/RATTE-Schiester-GR.jpeg 815w, https:\/\/windpilot.com\/blog\/wp-content\/uploads\/2019\/12\/RATTE-Schiester-GR-300x199.jpeg 300w, https:\/\/windpilot.com\/blog\/wp-content\/uploads\/2019\/12\/RATTE-Schiester-GR-768x509.jpeg 768w\" sizes=\"auto, (max-width: 815px) 100vw, 815px\" \/><\/p>\n<p>Diffiziler ist der Umgang mit den Haifischen im deutschen Gartenteich, die Wertsch\u00f6pfung durch Monetarisierung von Informationen zu verdienen haben, einer Presse, die nach eigenen Regeln spielt, weil sie glaubt, an einer Nahtstelle \u2013 oder Flaschenhals? &#8211; zwischen Anbieter und Leser, Wichtigkeit zu besitzen, die sich in der Praxis schon mal als fragw\u00fcrdig desavouiert, weil Auflage als Spiegel funktioniert.<\/p>\n<blockquote class=\"wp-embedded-content\" data-secret=\"0ozOJf6AKo\"><p><a href=\"https:\/\/windpilot.com\/blog\/deutsch-yacht-delius-klasing\/trans-ocean-e-v-yacht-delius-klasing-verlag\/\">TO-YACHT\u2013DK<\/a><\/p><\/blockquote>\n<p><iframe loading=\"lazy\" class=\"wp-embedded-content\" sandbox=\"allow-scripts\" security=\"restricted\" style=\"position: absolute; clip: rect(1px, 1px, 1px, 1px);\" title=\"&#8222;TO-YACHT\u2013DK&#8220; &#8212; Windpilot Blog\" src=\"https:\/\/windpilot.com\/blog\/deutsch-yacht-delius-klasing\/trans-ocean-e-v-yacht-delius-klasing-verlag\/embed\/#?secret=yULXBa5KAN#?secret=0ozOJf6AKo\" data-secret=\"0ozOJf6AKo\" width=\"600\" height=\"338\" frameborder=\"0\" marginwidth=\"0\" marginheight=\"0\" scrolling=\"no\"><\/iframe><\/p>\n<p>Blamables Beispiel, als sich das F\u00fchrungspersonal eines Hochglanzmagazins anstatt mit ihren Lesern, mit der falschen Seite verb\u00fcndet hat und einem blaugef\u00e4rbten Verein Sauerstoffzufuhr organisiert, der die Interessen seiner Mitgliedern offenkundig jahrelang str\u00e4flich mi\u00dfachtet hat. Der Exitus von Seglern war fulminant. Der Flurschaden in seri\u00f6sen Segler Kreisen ist heute noch nicht gebannt. Die Geschichte ist so nachlesbar wie die Folgen verheerend sind. Mich haben Idealismus und Emphase getrieben, mich in den Kampf f\u00fcr Gerechtigkeit und Aufarbeitung alter S\u00fcnden zu begeben. Ich bin verschiedentlich gegen Betonk\u00f6pfe geknallt, eine Lebenserfahrung und Z\u00e4sur, die ich verarbeitet, verdichtet und akribisch niedergeschrieben habe, als Menetekel gegen das Vergessen. Alles nur, weil ein Redakteur als Haifisch verkleidet, jeden Respekt verloren hatte, um eine Vereinszeitung zu happen? <\/p>\n<p><img loading=\"lazy\" decoding=\"async\" src=\"https:\/\/windpilot.com\/blog\/wp-content\/uploads\/2019\/12\/Affe-Fuchs.jpg\" alt=\"\" width=\"1536\" height=\"2048\" class=\"aligncenter size-full wp-image-21267\" srcset=\"https:\/\/windpilot.com\/blog\/wp-content\/uploads\/2019\/12\/Affe-Fuchs.jpg 1536w, https:\/\/windpilot.com\/blog\/wp-content\/uploads\/2019\/12\/Affe-Fuchs-225x300.jpg 225w, https:\/\/windpilot.com\/blog\/wp-content\/uploads\/2019\/12\/Affe-Fuchs-768x1024.jpg 768w, https:\/\/windpilot.com\/blog\/wp-content\/uploads\/2019\/12\/Affe-Fuchs-1152x1536.jpg 1152w\" sizes=\"auto, (max-width: 1536px) 100vw, 1536px\" \/><\/p>\n<p>Nach 220 Warteschleifen in den Messegef\u00e4ngnissen dieser Welt \u2013 hat 9 \/ 11 in meinem Kopf einen Erdrutsch ausgel\u00f6st. Ich habe zun\u00e4chst s\u00e4mtliche acht US Boat Shows annulliert, hernach London und Paris aufgek\u00fcndigt und mich 2004 als komplett geheilt, final auch von heimischen Messeveranstaltern selbst erl\u00f6st. Als Kollateral Geschenk habe ich die mit Astrid + Wilhelm Greiff veranstalteten Blauwasser Seminare an Bobby Schenk \u00fcbergeben. Insgesamt eine Kostendi\u00e4t der Sonderklasse, zudem fortan Mitarbeiter durch die eigene Frau ersetzt, womit bei Windpilot heute nur noch Sitzpinkler arbeiten, was in toto Konflikte nochmals verringert hat. Ich verrate kein Geheimnis, dass unsere Produktivit\u00e4t enorm gestiegen ist, woraus meine Frau, deren Tentakeln im Betrieb \u00fcberall sp\u00fcrbar sind, Stolz und Selbstbewu\u00dftsein generiert und ganz ohne schlechtes Gewissen ihren Kleiderschrank betankt sowie Not in ihrer Heimat lindern hilft. <\/p>\n<p><img loading=\"lazy\" decoding=\"async\" src=\"https:\/\/windpilot.com\/blog\/wp-content\/uploads\/2020\/01\/MP-Arnis.jpg\" alt=\"\" width=\"1280\" height=\"960\" class=\"aligncenter size-full wp-image-21291\" srcset=\"https:\/\/windpilot.com\/blog\/wp-content\/uploads\/2020\/01\/MP-Arnis.jpg 1280w, https:\/\/windpilot.com\/blog\/wp-content\/uploads\/2020\/01\/MP-Arnis-300x225.jpg 300w, https:\/\/windpilot.com\/blog\/wp-content\/uploads\/2020\/01\/MP-Arnis-1024x768.jpg 1024w, https:\/\/windpilot.com\/blog\/wp-content\/uploads\/2020\/01\/MP-Arnis-768x576.jpg 768w\" sizes=\"auto, (max-width: 1280px) 100vw, 1280px\" \/><\/p>\n<p>Konsolidierung auch im Produktionsbetrieb. Giesserei Wechsel, optimierte Kokillenwerkzeuge. Windpilot ist effizient, no overhead, no staff, Inhaber arbeiten selbst, Direktmarketing only, schlanker geht es nicht. F\u00fcr einen Anbieter von Nischenprodukten ist die Welt durchs Netz einfach geworden, insbesondere, weil hier die von einer ausgew\u00e4hlten Klientel nachgefragten Informationen am besten im Dialog mit dem Hersteller zu er\u00f6rtern sind. Die Windpilot Website ist 1997 zweisprachig, 2001 sechssprachig online gegangen, der zweisprachige Blog in 2010 gelauncht. Kein Grund mehr, sich in Silberv\u00f6gel zu setzen. Mein Standard Schnack stets: I am almost always just a mouseclick away from you!<\/p>\n<p>Ein fabelhafter Weg, bei dem ich sogar im Bademantel, vom Sofa oder von Bord aus meine Arbeit erledigen kann, fast wie vom fliegender Teppich, mit dem ich heute Nacht ins neue Jahrzehnt fliegen werde. <\/p>\n<p>31.12.2019<br \/>\nPeter Foerthmann<br \/>\n<img loading=\"lazy\" decoding=\"async\" src=\"https:\/\/windpilot.com\/blog\/wp-content\/uploads\/2019\/12\/Peter-Lions-1-150x150.jpg\" alt=\"\" width=\"150\" height=\"150\" class=\"alignleft size-thumbnail wp-image-21152\" srcset=\"https:\/\/windpilot.com\/blog\/wp-content\/uploads\/2019\/12\/Peter-Lions-1-150x150.jpg 150w, https:\/\/windpilot.com\/blog\/wp-content\/uploads\/2019\/12\/Peter-Lions-1-300x300.jpg 300w, https:\/\/windpilot.com\/blog\/wp-content\/uploads\/2019\/12\/Peter-Lions-1-1024x1020.jpg 1024w, https:\/\/windpilot.com\/blog\/wp-content\/uploads\/2019\/12\/Peter-Lions-1-768x765.jpg 768w, https:\/\/windpilot.com\/blog\/wp-content\/uploads\/2019\/12\/Peter-Lions-1-1536x1531.jpg 1536w, https:\/\/windpilot.com\/blog\/wp-content\/uploads\/2019\/12\/Peter-Lions-1.jpg 1700w\" sizes=\"auto, (max-width: 150px) 100vw, 150px\" \/><\/p>\n","protected":false},"excerpt":{"rendered":"<p>RINGSCHLUSS &#8211; DAS SOZIALE TIEFOLOT Ist es schon soweit? Muss ich mir um mich selbst Gedanken machen? Keine Sorge, ich kann mich und Sie hier sofort beruhigen, bin immer noch derselbe, mache einfach weiter, froh und heiter, weil ich nix &hellip; <a href=\"https:\/\/windpilot.com\/blog\/biography\/2004-2019-ringschluss\/\">Weiterlesen <span class=\"meta-nav\">&rarr;<\/span><\/a><\/p>\n","protected":false},"author":1,"featured_media":0,"parent":4472,"menu_order":0,"comment_status":"open","ping_status":"closed","template":"","meta":{"footnotes":""},"class_list":["post-21256","page","type-page","status-publish","hentry"],"_links":{"self":[{"href":"https:\/\/windpilot.com\/blog\/wp-json\/wp\/v2\/pages\/21256","targetHints":{"allow":["GET"]}}],"collection":[{"href":"https:\/\/windpilot.com\/blog\/wp-json\/wp\/v2\/pages"}],"about":[{"href":"https:\/\/windpilot.com\/blog\/wp-json\/wp\/v2\/types\/page"}],"author":[{"embeddable":true,"href":"https:\/\/windpilot.com\/blog\/wp-json\/wp\/v2\/users\/1"}],"replies":[{"embeddable":true,"href":"https:\/\/windpilot.com\/blog\/wp-json\/wp\/v2\/comments?post=21256"}],"version-history":[{"count":16,"href":"https:\/\/windpilot.com\/blog\/wp-json\/wp\/v2\/pages\/21256\/revisions"}],"predecessor-version":[{"id":21292,"href":"https:\/\/windpilot.com\/blog\/wp-json\/wp\/v2\/pages\/21256\/revisions\/21292"}],"up":[{"embeddable":true,"href":"https:\/\/windpilot.com\/blog\/wp-json\/wp\/v2\/pages\/4472"}],"wp:attachment":[{"href":"https:\/\/windpilot.com\/blog\/wp-json\/wp\/v2\/media?parent=21256"}],"curies":[{"name":"wp","href":"https:\/\/api.w.org\/{rel}","templated":true}]}}