{"id":21563,"date":"2020-02-27T09:10:35","date_gmt":"2020-02-27T16:10:35","guid":{"rendered":"https:\/\/windpilot.com\/blog\/?page_id=21563"},"modified":"2020-02-28T03:14:20","modified_gmt":"2020-02-28T10:14:20","slug":"soenke-roever","status":"publish","type":"page","link":"https:\/\/windpilot.com\/blog\/deutsch-yacht-delius-klasing\/soenke-roever\/","title":{"rendered":"S\u00f6nke Roever"},"content":{"rendered":"<p><strong>EIN OFFENER BRIEF IN SACHEN BERATUNG UND KOMPETENZ<\/strong><br \/>\n<img loading=\"lazy\" decoding=\"async\" src=\"https:\/\/windpilot.com\/blog\/wp-content\/uploads\/2020\/02\/PfarrerPeter-low.jpg\" alt=\"\" width=\"2356\" height=\"1744\" class=\"aligncenter size-full wp-image-21567\" srcset=\"https:\/\/windpilot.com\/blog\/wp-content\/uploads\/2020\/02\/PfarrerPeter-low.jpg 2356w, https:\/\/windpilot.com\/blog\/wp-content\/uploads\/2020\/02\/PfarrerPeter-low-300x222.jpg 300w, https:\/\/windpilot.com\/blog\/wp-content\/uploads\/2020\/02\/PfarrerPeter-low-1024x758.jpg 1024w, https:\/\/windpilot.com\/blog\/wp-content\/uploads\/2020\/02\/PfarrerPeter-low-768x569.jpg 768w, https:\/\/windpilot.com\/blog\/wp-content\/uploads\/2020\/02\/PfarrerPeter-low-1536x1137.jpg 1536w, https:\/\/windpilot.com\/blog\/wp-content\/uploads\/2020\/02\/PfarrerPeter-low-2048x1516.jpg 2048w\" sizes=\"auto, (max-width: 2356px) 100vw, 2356px\" \/><br \/>\nMoin S\u00f6nke,<br \/>\nals stets neugieriger Homunkulus daran interessiert, ob du denn zu neuen Erkenntnissen gekommen bist, habe ich nat\u00fcrlich <a href=\"https:\/\/www.blauwasser.de\/windfahnensteuerung-auf-yachten\">deinen aktuellen Bericht zum Thema Heckverzierungen<\/a> durchgelesen. Der Bericht deckt sich mit den Ausf\u00fchrungen aus deinem Buch Blauwasser Kompakt, das zum Fachthema WSA einige Verwirrung stiftet, die ich, als Fragen getarnt, im emsigen Dialog mit den Seglern seit 5 Jahren aufzukl\u00e4ren habe. Deine freundliche Referenz am Ende von sechs Seiten unerfreulicher Lekt\u00fcre, hatte mich damals von offener Kritik abgehalten, ich habe Scherben weggefegt und getan, was ich seit Jahrzehnten betreibe: sture Aufkl\u00e4rung von Mistverst\u00e4ndnissen in immer gleicher Furche. <\/p>\n<p>Abgesehen von deinem freundlichen Diskurs in Bezug auf deine eigene Heckverzierung, die dich samt deiner Frau nicht nur halb, hingegen am Ende dann steuerfrei um den ganzen Spielball gesteuert, die abgesehen von dem kleinen Hopser auf einer unartigen Barre in ZA, bei dem sich \u201edie Zahnspange\u201c verbogen hatte, einen fehlerfreien Job gemacht hat, sei mir erlaubt, ein paar Grunds\u00e4tzlichkeiten in Bezug auf fachliche Referenz niederzuschreiben. Dein Einverst\u00e4ndnis voraussetzend, repetiere ich hier mein Schreiben an Dich vom 27.06.2016<\/p>\n<blockquote><p>Hallo S\u00f6nke,<br \/>\nnanu: eine Mail von ungewohnter Seite. Mir geht es heute um Kompetenz zum Thema WSA.<\/p>\n<p>Vielleicht magst Du mir zustimmen, dass ich versuche, in einem komplexen Fachbereich Irritationen in der Seglerschaft auszur\u00e4umen. Darum verfasse ich Fachb\u00fccher, betreibe Grundlagenforschung und entwickle in deren Folge dann Systeme, die ich zur Serienreife bringe und hernach vertreibe. Ich gehe mit meiner Expertise freiz\u00fcgig um, weil im Ergebnis eine Technik ihrer Mythen beraubt wird, was am Markt Klarheit bringt und eine Orientierung m\u00f6glich macht. <\/p>\n<p>Als Du mich von Deinem Plan in Kenntnis gesetzt hast, zum Thema WSA ein Buch Kapitel zu verfassen, hatte ich Dir am 3.3.2015 eine Aufmunterung auf den Weg gegeben: \u201eZeig\u00b4 was Du drauf hast, ich bin gespannt auf das Ergebnis.\u201c , logisch war ich gespannt, auf Dein Input zum Thema. Was ich gelesen habe, hat mich allerdings nicht vom Stuhl gehauen. <\/p>\n<p>Nun, abgesehen von Deiner Referenz in meine Richtung &#8211; die Dich ehrt &#8211; zeigt Dein Bericht, dass Du im Thema keinesfalls sattelfest bist. Insbesondere ungut, wenn nach Jahrzehnten der Verwendung bestimmter Termini pl\u00f6tzlich neue Begriffe erfunden werden. Schlimmer noch, wenn in technischen Ausf\u00fchrungen etliche Stolpersteine zu finden sind. Damit schadest Du Dir mehr, als dass Du der Thematik und den Lesern helfen kannst. Das ist bedauerlich, gleichwohl hoffe ich, dass Du mit meiner Kritik umgehen kannst.<\/p>\n<p>Nun erwartet eigentlich kein Mensch von einem Weltumsegler und User einer WSA technische Expertise. Aber Du hast die Herausforderung angenommen. Allerdings steht dann f\u00fcrderhin so ein Kapitel im Fokus, wenn das Buch auf dem Markt seine Wirkung hinterl\u00e4sst. Es macht mir wenig Spass, \u201eMissverst\u00e4ndnisse\u201c hernach zu korrigieren oder zu kommentieren. Schlimmer nur noch, wenn ich von Seglern darauf angesprochen werde, dass Du bestimmte Aussagen zur Thematik, falsch an Dein Publikum vermittelst. Heute fr\u00fch wieder ganz konkret, eine Mail aus der Schweiz von einem Teilnehmer Deines Seminars: Zitat: \u201eHerr S\u00f6nke Roever meinte anl\u00e4sslich eines Blauwasser-Seminars, dass so lange Yachten nicht mit einer Windfahne zu steuern sind: die Yachten laufen immer aus dem Ruder wegen der L\u00e4nge von \u00fcber 45 Fuss! Tja, was sagen Sie dazu? Wie sind Ihre Erfahrungen?\u201c<\/p>\n<p>Es gef\u00e4llt mir wenig, wenn ich Halbwissen fachlich immer wieder korrigieren muss. Insbesondere helfen Generalismen wenig, wenn detaillierte Hinweise sinnvoller + hilfreicher w\u00e4ren. Die Thematik der Selbststeuerung ist viel zu wichtig, um hier ein Publikum unvollst\u00e4ndig informiert, oder gar Vermutungen zu \u00fcberlassen. Wer w\u00fcsste das besser, als ein Mann wie Du?<\/p>\n<p>Wir leben in einer recht kleinen Welt und ich hielte es f\u00fcr einfacher, wenn wir hier einmal kl\u00e4ren, wie wir zuk\u00fcnftig verfahren sollen. Ich habe keine Probleme damit, wenn \u00fcber meinen Fachbereich &#8211; den ich f\u00fcr \u00fcberaus komplex empfinde &#8211; in Referaten Fachwissen weitervermittelt wird. Wenn dies hingegen nicht fachgerecht erfolgt, w\u00fcrde ich Dich gern fragen: was erwartest Du von mir? Wie sollte ich mich dann verhalten? Denn, nicht wahr, fast jeder Seminar Teilnehmer befindet sich in auch meiner Kundendatei. Irritationen in Bezug auf eine Fachberatung sollte man tunlichst vermeiden, zumal wenn dies so einfach w\u00e4re. <\/p>\n<p>Die n\u00e4chste Challenge klingelt bereits an Deiner T\u00fcr: Du wurdest nach Katamaranen und der Verwendung von WSA gefragt. Es kann doch nicht in Deinem Interesse liegen, Dich hier selbst zu entbl\u00f6ssen, wenn ein schlichter Hinweis auf fachliche Kompetenz, Dich aus dem gef\u00e4hrlichen Fahrwasser zu bringen in der Lage w\u00e4re. Auf der anderen Seite kann es nicht zielf\u00fchrend sein, wenn ich Deinen Fachvortrag zum Thema WSA immer wieder \u201enachzuarbeiten\u201c habe. <\/p>\n<p>Ich verrate Dir kein Geheimnis, dass ich bei Themenbereichen, in denen mir Fachwissen fehlt, sofort auf kompetente Fachberater verweise. So ist z.B. meine lebenslange Freundschaft mit Wilhelm Greiff entstanden, der f\u00fcr mich bislang der Urquell aller Kompetenz zum Thema Energie Management gewesen ist, weshalb wir damals unsere Synergien geschmiedet und mit den Seminaren angefangen haben.<\/p>\n<p>Zur Thematik der Monetarisierung der BWS habe ich k\u00fcrzlich einen Blog verfasst, der Dich sicher interessieren wird.  <\/p>\n<p>Ich w\u00fcrde es gut finden, wenn Du derartige \u00dcberschneidungen in Bezug auf das wichtigste Thema von Blauwasser Seglern, der STEUERFREIHEIT zuk\u00fcnftig eleganter l\u00f6st, damit auch auf meiner Seite die Arbeit leichter wird. <\/p>\n<p>Ich w\u00fcrde mir w\u00fcnschen, dass Du diese Zeilen als konstruktiv verst\u00fcndest, denn nicht wahr, es machte unser aller Leben einfacher, wenn wir am gleichen Strang ziehen w\u00fcrden.<\/p>\n<p>Sch\u00f6nen Gruss aus Wandsbek<br \/>\nPeter<\/p><\/blockquote>\n<p>Mit der zeitlichen Distanz von vielen Jahren seit deiner Entscheidung zur Planung einer grossen Reise, die du sodann zielstrebig mithilfe von Sponsoren hast durchf\u00fchren k\u00f6nnen, deinem Entschluss, dies sodann zu vermarkten, eigene Seminare zu veranstalten und dich als Buchautor zu etablieren, sei erlaubt, hier meine ganz eigene Sicht der Dinge zu komprimieren. Meine Erfahrungen in Sachen Sponsoring sind  nachzulesen, meine Meinung ist dabei immer klarer geworden, weil die Konflikte sich von selbst ergeben!<\/p>\n<blockquote class=\"wp-embedded-content\" data-secret=\"NvaUyAw4VQ\"><p><a href=\"https:\/\/windpilot.com\/blog\/columns\/peter-der-markt\/windvane-politics-2\/marketing-von-wsa\/\">Marketing von WSA<\/a><\/p><\/blockquote>\n<p><iframe loading=\"lazy\" class=\"wp-embedded-content\" sandbox=\"allow-scripts\" security=\"restricted\" style=\"position: absolute; clip: rect(1px, 1px, 1px, 1px);\" title=\"&#8222;Marketing von WSA&#8220; &#8212; Windpilot Blog\" src=\"https:\/\/windpilot.com\/blog\/columns\/peter-der-markt\/windvane-politics-2\/marketing-von-wsa\/embed\/#?secret=PwSTBCDmIx#?secret=NvaUyAw4VQ\" data-secret=\"NvaUyAw4VQ\" width=\"600\" height=\"338\" frameborder=\"0\" marginwidth=\"0\" marginheight=\"0\" scrolling=\"no\"><\/iframe><\/p>\n<p>Hier stehen zwei Sichtweisen einander gegen\u00fcber, die in Bezug auf Auswirkungen sowie Marktverhalten unterschiedlicher nicht sein k\u00f6nnten, ausgerechnet in Bezug auf Heckverzierungen, deren Einsatz f\u00fcr den Blauwassersegler so eminent wichtige Bedeutung hat. Immerhin ist es dir zu verdanken, dass durch deine Initiativen und dein Marktverhalten die Thematik \u2013 ebenso wie deren Konflikte! &#8211; immer deutlicher geworden ist. Vermutlich hast du die Stolpersteine bereits allesamt erkannt und dich darum klug verhalten. Soviel Ehre muss anerkannt werden, daf\u00fcr mein Kompliment! <\/p>\n<p><img loading=\"lazy\" decoding=\"async\" src=\"https:\/\/windpilot.com\/blog\/wp-content\/uploads\/2020\/02\/Abschied-klein.jpg\" alt=\"\" width=\"1167\" height=\"959\" class=\"aligncenter size-full wp-image-21578\" srcset=\"https:\/\/windpilot.com\/blog\/wp-content\/uploads\/2020\/02\/Abschied-klein.jpg 1167w, https:\/\/windpilot.com\/blog\/wp-content\/uploads\/2020\/02\/Abschied-klein-300x247.jpg 300w, https:\/\/windpilot.com\/blog\/wp-content\/uploads\/2020\/02\/Abschied-klein-1024x841.jpg 1024w, https:\/\/windpilot.com\/blog\/wp-content\/uploads\/2020\/02\/Abschied-klein-768x631.jpg 768w\" sizes=\"auto, (max-width: 1167px) 100vw, 1167px\" \/><\/p>\n<p>Ich schreibe diese Zeilen, um eine Situation zu entsch\u00e4rfen, denn hier steht Kompetenz im Fokus, f\u00fcr die es keine Ausreden gibt, zumal wenn Physik im Spiel, die wenig Auslegungen m\u00f6glich macht: klare Regeln, klare Aussagen. Auch wenn der deutschsprachige Markt f\u00fcr Segler mit Palmen Tr\u00e4umen nur ein winziges Eiland ist, was an Besucherzahlen von Seminaren und Honorarabrechnungen f\u00fcr Buchabrechnungen unschwer abzulesen ist, so steht mein Credo wie ein Baum: die Beratung sollte vom Feinsten sein.<\/p>\n<blockquote class=\"wp-embedded-content\" data-secret=\"CAbPkTdAyV\"><p><a href=\"https:\/\/windpilot.com\/blog\/columns\/peter-der-markt\/monetarisierung\/\">Monetarisierung<\/a><\/p><\/blockquote>\n<p><iframe loading=\"lazy\" class=\"wp-embedded-content\" sandbox=\"allow-scripts\" security=\"restricted\" style=\"position: absolute; clip: rect(1px, 1px, 1px, 1px);\" title=\"&#8222;Monetarisierung&#8220; &#8212; Windpilot Blog\" src=\"https:\/\/windpilot.com\/blog\/columns\/peter-der-markt\/monetarisierung\/embed\/#?secret=3zPNfnhEWA#?secret=CAbPkTdAyV\" data-secret=\"CAbPkTdAyV\" width=\"600\" height=\"338\" frameborder=\"0\" marginwidth=\"0\" marginheight=\"0\" scrolling=\"no\"><\/iframe> <\/p>\n<p>Sollte ich mich daf\u00fcr entschuldigen, dass ich mich bereits am Anfang deinem Sponsoren Ersuchen widersetzt hatte? Es geh\u00f6rt zu meinen t\u00e4glichen Atem\u00fcbungen, dass Segler von einer Weltumsegelung tr\u00e4umen, die von Sponsoren bezahlt werden, deren Logo hier und dort gn\u00e4dig auf den Schiffen zu sehen ist. Du bist einen Schritt weiter gegangen, hast Deinen Sponsoren neben Bannerwerbung, sogar den Zugang zu Seminarvortr\u00e4gen sowie Fachbeitr\u00e4gen f\u00fcr deine Webpr\u00e4senz angeboten, ein Novum und Umkehr eines Gesch\u00e4ftsprinzips, das ich mit Wilhelm Greiff und Jimmy Cornell  vor 24 Jahren aus der Taufe gehoben habe: denn wir haben damals die Referenten f\u00fcr ihre Vortr\u00e4ge mit DM 500,&#8211; \/ Stunde bezahlt. Unsere Seminare waren uns Vergn\u00fcgen und Spass zugleich, eine Kostenunterdeckung haben wir mit W\u00fcrde selbst beglichen, weil Messe Chefs damals noch die Visionen fehlten, wie sie ihre eigene Veranstaltung h\u00e4tten attraktiver machen k\u00f6nnen &#8211; sunk cost fallacy &#8211; beschreibt das am besten. Unser Credo: es ging um Beratung, keinesfalls um Monetarisierung = Geldverdienen. Du hast hier zielgenau eine Marktnische in den Fokus genommen und daraus eine Existenz gegr\u00fcndet. <\/p>\n<p><img loading=\"lazy\" decoding=\"async\" src=\"https:\/\/windpilot.com\/blog\/wp-content\/uploads\/2020\/02\/Familie-klein.jpg\" alt=\"\" width=\"1117\" height=\"921\" class=\"aligncenter size-full wp-image-21574\" srcset=\"https:\/\/windpilot.com\/blog\/wp-content\/uploads\/2020\/02\/Familie-klein.jpg 1117w, https:\/\/windpilot.com\/blog\/wp-content\/uploads\/2020\/02\/Familie-klein-300x247.jpg 300w, https:\/\/windpilot.com\/blog\/wp-content\/uploads\/2020\/02\/Familie-klein-1024x844.jpg 1024w, https:\/\/windpilot.com\/blog\/wp-content\/uploads\/2020\/02\/Familie-klein-768x633.jpg 768w\" sizes=\"auto, (max-width: 1117px) 100vw, 1117px\" \/><\/p>\n<p>Du hast elegant die Kurve gekriegt, hast deine Referenz an deinen Steuersklaven in Form wundervoller Fotos abgegeben. Alle Probleme also elegant gel\u00f6st? Mitnichten, der Patient ist nicht tot, er lebt, weil in Buchregalen von einem Fachverlag \u00fcber den vermutlich wichtigsten Fachbereich von Windsteuersystemen nur ein \u201eTeaser\u201c nachzulesen ist, der im individuellem Dialog dauerhaft von meiner Seite richtig zu stellen ist. Ein Manko wie ich empfinde! <\/p>\n<p><img loading=\"lazy\" decoding=\"async\" src=\"https:\/\/windpilot.com\/blog\/wp-content\/uploads\/2020\/02\/Spinnen-klein.jpg\" alt=\"\" width=\"1129\" height=\"824\" class=\"aligncenter size-full wp-image-21575\" srcset=\"https:\/\/windpilot.com\/blog\/wp-content\/uploads\/2020\/02\/Spinnen-klein.jpg 1129w, https:\/\/windpilot.com\/blog\/wp-content\/uploads\/2020\/02\/Spinnen-klein-300x219.jpg 300w, https:\/\/windpilot.com\/blog\/wp-content\/uploads\/2020\/02\/Spinnen-klein-1024x747.jpg 1024w, https:\/\/windpilot.com\/blog\/wp-content\/uploads\/2020\/02\/Spinnen-klein-768x561.jpg 768w\" sizes=\"auto, (max-width: 1129px) 100vw, 1129px\" \/><\/p>\n<p>Wenn also ein deutscher Fachverlag das Thema Windsteuersysteme aus ganz pers\u00f6nlichen Animosit\u00e4ten seines F\u00fchrungspersonals nahezu g\u00e4nzlich seinen Leser vorenth\u00e4lt, er zeitgleich ein Buch feil h\u00e4lt, dessen Informationsgehalt in Bezug auf den so eminent wichtigen Fachbereich von \u201eSteuerfreiheit\u201c vergleichbar sp\u00e4rlich, dessen Inhalte zudem fehlerhaft und unvollst\u00e4ndig sind, so erkenne ich einen Spagat f\u00fcr dich: wie wollen wir vorgehen, ohne hier f\u00fcr ein fach- und sachverst\u00e4ndiges Publikum auf offener B\u00fchne eine Blamage zu inszenieren, bei der es nur Verlierer geben kann? <\/p>\n<p>S\u00f6nke, dies ist kein Heiratsantrag, hingegen ein freundlicher Denkanstoss, einer wichtigen Thematik f\u00fcr Segler mit Fernweh\u00b4 ein wenig mehr an Respekt zu erweisen, denn bislang habe ich hier seit Jahren nur Aufr\u00e4umarbeiten zu erledigen, um dauerhaften Flurschaden &#8211; als Mistverst\u00e4ndnisse verkleidet! &#8211; zu beheben, was mir keineswegs Freude bereitet. Die negativen Begleiterscheinungen strahlen auch in deine Richtung. Das kann dir nicht entgangen sein!<\/p>\n<p><img loading=\"lazy\" decoding=\"async\" src=\"https:\/\/windpilot.com\/blog\/wp-content\/uploads\/2020\/02\/Klein.jpg\" alt=\"\" width=\"1160\" height=\"823\" class=\"aligncenter size-full wp-image-21576\" srcset=\"https:\/\/windpilot.com\/blog\/wp-content\/uploads\/2020\/02\/Klein.jpg 1160w, https:\/\/windpilot.com\/blog\/wp-content\/uploads\/2020\/02\/Klein-300x213.jpg 300w, https:\/\/windpilot.com\/blog\/wp-content\/uploads\/2020\/02\/Klein-1024x727.jpg 1024w, https:\/\/windpilot.com\/blog\/wp-content\/uploads\/2020\/02\/Klein-768x545.jpg 768w\" sizes=\"auto, (max-width: 1160px) 100vw, 1160px\" \/><\/p>\n<p>Ich habe eine dezidierte Meinung zu Sachzusammenh\u00e4ngen, mein Blog ist voll davon, mein Denken findet offen statt und es ist nachzulesen, wenn in meiner Birne Ver\u00e4nderungen und Entwicklungen stattgefunden haben. Das mir wichtigste Thema des Marketings von WSA strahlt in Nuancen eben auch in deine Richtung. <\/p>\n<p>Nicht wahr, wir beraten hier gemeinsam eine anspruchsvolle Klientel, die keineswegs stur und ohne Nachzudenken einem Vortragenden oder Buchautor servil folgt, hingegen hinterfragend, sich eine eigene Meinung bildet, wenn Informationen sachdienlich und dezidiert gegeben werden. Wir befinden uns hier nicht in einem Wettlauf um Reichweiten oder Lufthoheiten, hingegen in einem Dialog, in dem es einzig um sachliche Argumente geht, wo pers\u00f6nliche Animosit\u00e4ten nichts zu suchen haben. Das hat in unserem Umfeld noch nicht jeder begriffen und so habe ich mich f\u00fcr deinen Denkanstoss und Blog zu bedanken, weshalb ich diese Zeilen niederschreibe.<\/p>\n<p>Ich habe Vertrauen darauf, dass du den hier entstandenen Spagat im Interesse einer besseren Beratung zum Wohle auch deiner treuen Gemeinde einvernehmlich regeln kannst \u2013 denn wir schwimmen im gleichen Haifisch Teich \u2026 mit freundlichem Gesicht und ohne Z\u00e4hne \u2026 das jedenfalls ist mein Credo, weil es anders gar nicht funktioniert.<\/p>\n<p>Allerbest<br \/>\nPeter Foerthmann<br \/>\n27.02.2020<br \/>\n<img loading=\"lazy\" decoding=\"async\" src=\"https:\/\/windpilot.com\/blog\/wp-content\/uploads\/2020\/01\/Peter-Lions-150x150.jpg\" alt=\"\" width=\"150\" height=\"150\" class=\"alignleft size-thumbnail wp-image-21388\" srcset=\"https:\/\/windpilot.com\/blog\/wp-content\/uploads\/2020\/01\/Peter-Lions-150x150.jpg 150w, https:\/\/windpilot.com\/blog\/wp-content\/uploads\/2020\/01\/Peter-Lions-300x300.jpg 300w, https:\/\/windpilot.com\/blog\/wp-content\/uploads\/2020\/01\/Peter-Lions-1024x1020.jpg 1024w, https:\/\/windpilot.com\/blog\/wp-content\/uploads\/2020\/01\/Peter-Lions-768x765.jpg 768w, https:\/\/windpilot.com\/blog\/wp-content\/uploads\/2020\/01\/Peter-Lions-1536x1531.jpg 1536w, https:\/\/windpilot.com\/blog\/wp-content\/uploads\/2020\/01\/Peter-Lions.jpg 1700w\" sizes=\"auto, (max-width: 150px) 100vw, 150px\" \/><\/p>\n<p><strong>EPILOG<\/strong><br \/>\nWenige Stunden sp\u00e4ter ist zu vermelden, dass ich mit S\u00f6nke \u00fcberein gekommen bin, dass es einen Gastbeitrag zum Thema WSA auf Blauwasser.de geben wird, um die Schluckbeschwerden zu verringern und den Flurschaden, der als Print in den Regalen steht, durch ein Online Update zu beheben. <\/p>\n","protected":false},"excerpt":{"rendered":"<p>EIN OFFENER BRIEF IN SACHEN BERATUNG UND KOMPETENZ Moin S\u00f6nke, als stets neugieriger Homunkulus daran interessiert, ob du denn zu neuen Erkenntnissen gekommen bist, habe ich nat\u00fcrlich deinen aktuellen Bericht zum Thema Heckverzierungen durchgelesen. Der Bericht deckt sich mit den &hellip; <a href=\"https:\/\/windpilot.com\/blog\/deutsch-yacht-delius-klasing\/soenke-roever\/\">Weiterlesen <span class=\"meta-nav\">&rarr;<\/span><\/a><\/p>\n","protected":false},"author":1,"featured_media":0,"parent":9971,"menu_order":-3,"comment_status":"open","ping_status":"closed","template":"","meta":{"footnotes":""},"class_list":["post-21563","page","type-page","status-publish","hentry"],"_links":{"self":[{"href":"https:\/\/windpilot.com\/blog\/wp-json\/wp\/v2\/pages\/21563","targetHints":{"allow":["GET"]}}],"collection":[{"href":"https:\/\/windpilot.com\/blog\/wp-json\/wp\/v2\/pages"}],"about":[{"href":"https:\/\/windpilot.com\/blog\/wp-json\/wp\/v2\/types\/page"}],"author":[{"embeddable":true,"href":"https:\/\/windpilot.com\/blog\/wp-json\/wp\/v2\/users\/1"}],"replies":[{"embeddable":true,"href":"https:\/\/windpilot.com\/blog\/wp-json\/wp\/v2\/comments?post=21563"}],"version-history":[{"count":19,"href":"https:\/\/windpilot.com\/blog\/wp-json\/wp\/v2\/pages\/21563\/revisions"}],"predecessor-version":[{"id":21589,"href":"https:\/\/windpilot.com\/blog\/wp-json\/wp\/v2\/pages\/21563\/revisions\/21589"}],"up":[{"embeddable":true,"href":"https:\/\/windpilot.com\/blog\/wp-json\/wp\/v2\/pages\/9971"}],"wp:attachment":[{"href":"https:\/\/windpilot.com\/blog\/wp-json\/wp\/v2\/media?parent=21563"}],"curies":[{"name":"wp","href":"https:\/\/api.w.org\/{rel}","templated":true}]}}