{"id":22075,"date":"2020-04-05T16:04:59","date_gmt":"2020-04-05T23:04:59","guid":{"rendered":"https:\/\/windpilot.com\/blog\/?page_id=22075"},"modified":"2020-04-06T08:09:11","modified_gmt":"2020-04-06T15:09:11","slug":"max-der-rassehund","status":"publish","type":"page","link":"https:\/\/windpilot.com\/blog\/columns\/cartoons-firlefanz\/max-der-rassehund\/","title":{"rendered":"Max der Rassehund"},"content":{"rendered":"<p><strong>MAX FOERTHMANN &#8211; RASSEHUND UND SEGLER<\/strong><br \/>\n<img loading=\"lazy\" decoding=\"async\" src=\"https:\/\/windpilot.com\/blog\/wp-content\/uploads\/2020\/04\/1973-MaxFoerthmann.jpg\" alt=\"\" width=\"624\" height=\"444\" class=\"aligncenter size-full wp-image-22077\" srcset=\"https:\/\/windpilot.com\/blog\/wp-content\/uploads\/2020\/04\/1973-MaxFoerthmann.jpg 624w, https:\/\/windpilot.com\/blog\/wp-content\/uploads\/2020\/04\/1973-MaxFoerthmann-300x213.jpg 300w\" sizes=\"auto, (max-width: 624px) 100vw, 624px\" \/><br \/>\nAus gegebenem Anlass, der nicht unbedingt in Langeweile seinen Ursprung hat, hier ein paar Gedanken zu Hunden, die ja bekanntlich im Leben von gef\u00fchlvollen Menschen eine wuchtige Rolle einzunehmen pflegen. Kindersatz, Spielzeug gegen Langeweile, Sportger\u00e4t, Kamerad, Ansprechpartner, der endlich mal gar nix sagt, der statt dessen mit dem Schwanz wedelt, den Kopf schief stellt oder mit den Augen klimpert, der damit vehement, vergleichsweise unterschwellig Druck erzeugen kann, womit er am Ende sogar \u2013 wie mit unsichtbaren Stahltrossen \u2013 willensstarke Menschen im Schneetreiben aus der Haust\u00fcr treiben kann.<\/p>\n<p>Jaja, die Wauwi\u00b4s, k\u00f6nnen jeden Spiess Ratzfatz \u2013 und ohne viel Radau &#8211; umdrehen &#8230; brauchen nix zu lernen &#8230; k\u00f6nnen dann und wann &#8211; falls es gerade passt! &#8230; schon mal gn\u00e4dig gehorchen &#8230; falls eine Wurst bereitgehalten wird \u2026 anstatt ansonsten lieber nur der eigenen Schn\u00fcffelnase und den D\u00fcften von Exkrementen von Artgenossen oder gar Konkurrenten &#8230; hinterher zu schn\u00fcffeln bzw. nachzulaufen, wie im Trance \u2026 Merke: auch Wauwi\u00b4s haben eine zarte P\u00fcsche, die man tunlichst nicht verletzen sollte \u2026 weil sie ansonsten nicht Art gerecht gehalten werden \u2026 was ja Frevel w\u00e4re &#8230; und Nachbarn \u00e4rgern k\u00f6nnte! <\/p>\n<p><img loading=\"lazy\" decoding=\"async\" src=\"https:\/\/windpilot.com\/blog\/wp-content\/uploads\/2020\/04\/PeterMaxOlliBuffi.jpg\" alt=\"\" width=\"772\" height=\"518\" class=\"aligncenter size-full wp-image-22079\" srcset=\"https:\/\/windpilot.com\/blog\/wp-content\/uploads\/2020\/04\/PeterMaxOlliBuffi.jpg 772w, https:\/\/windpilot.com\/blog\/wp-content\/uploads\/2020\/04\/PeterMaxOlliBuffi-300x201.jpg 300w, https:\/\/windpilot.com\/blog\/wp-content\/uploads\/2020\/04\/PeterMaxOlliBuffi-768x515.jpg 768w\" sizes=\"auto, (max-width: 772px) 100vw, 772px\" \/><br \/>\nIch habe in einer fr\u00fchen Verbindung viele Jahre mit Max Foerthmann verbracht, einem aus dem Tierheim erl\u00f6sten Rassehund, der allerdings verschiedene Rassen in sich trug &#8230; ein Unband, der unser Haus und Garten umgepfl\u00fcgt, den Hundedamen in der Nachbarschaft des Nachts vermutlich verschiedentlich Schaden zugef\u00fcgt. Sein Trick: er hat des Nachts hinter der Haust\u00fcr schwer Radau gemacht, ist dabei von einem auf die anderen Beine getreten &#8230; als k\u00f6nne er den Harn nicht mehr an sich halten &#8230; bis die T\u00fcr endlich \u2013 vorzugsweise nachts um drei &#8211; vom genervten Herrchen oder seine Frau Gattin final aufgemacht \u2026 und die T\u00f6hle hinaus in die Freiheit flitzte \u2026 in die  dunkle Nacht mit den verheissungsvollen D\u00fcften &#8230; der Bursche zumeist erst des Morgens, schwerst ersch\u00f6pft bzw. v\u00f6llig erschossen, sich ins heimelige Reich gerettet, mit letzter Kraft das Sofa erklomm und f\u00fcrderhin tagelang okkupierte, und jeden, der sich dort niederlassen wollte \u2026 durch Knurren bedeutet hat, wer der wirkliche Herr im Hause ist! Mit Petergogik hatte der Hund nix am Hut, er hatte nur schlicht die besseren Nerven.  <\/p>\n<p><img loading=\"lazy\" decoding=\"async\" src=\"https:\/\/windpilot.com\/blog\/wp-content\/uploads\/2020\/04\/Max-Surfer.jpg\" alt=\"\" width=\"1746\" height=\"1098\" class=\"aligncenter size-full wp-image-22080\" srcset=\"https:\/\/windpilot.com\/blog\/wp-content\/uploads\/2020\/04\/Max-Surfer.jpg 1746w, https:\/\/windpilot.com\/blog\/wp-content\/uploads\/2020\/04\/Max-Surfer-300x189.jpg 300w, https:\/\/windpilot.com\/blog\/wp-content\/uploads\/2020\/04\/Max-Surfer-1024x644.jpg 1024w, https:\/\/windpilot.com\/blog\/wp-content\/uploads\/2020\/04\/Max-Surfer-768x483.jpg 768w, https:\/\/windpilot.com\/blog\/wp-content\/uploads\/2020\/04\/Max-Surfer-1536x966.jpg 1536w\" sizes=\"auto, (max-width: 1746px) 100vw, 1746px\" \/><br \/>\nMax Foerthmann war studiert &#8230; schliesslich het er seinen Chef ganze Semester lang beim Studium begleitet, im H\u00f6rsaal zumeist recht still seinen Platz eingenommen, sich hier und dort auch schon mal ungeh\u00f6rig benommen &#8230; zumindest die Professoren respektierten diesen bunten Burschen &#8230; der selbst mit halb geschlossenen Augen den Laden unter Kontrolle hatte \u2026 wenn er nicht kuschelig draussen im Auto warten oder schlafen wollte \u2026 oder dort lieber vorbei schlendernden Omas einen geh\u00f6rigen Schrecken einjagen wollte, durch j\u00e4hes Bellen und an die Scheibe springen. Quasi eine lebendige Alarmanlage, obgleich: meine Autos waren damals f\u00fcr Diebe wenig begehrenswert.<\/p>\n<p><img loading=\"lazy\" decoding=\"async\" src=\"https:\/\/windpilot.com\/blog\/wp-content\/uploads\/2020\/04\/Peugeot-Ahrensb..jpeg\" alt=\"\" width=\"1496\" height=\"1039\" class=\"aligncenter size-full wp-image-22081\" srcset=\"https:\/\/windpilot.com\/blog\/wp-content\/uploads\/2020\/04\/Peugeot-Ahrensb..jpeg 1496w, https:\/\/windpilot.com\/blog\/wp-content\/uploads\/2020\/04\/Peugeot-Ahrensb.-300x208.jpeg 300w, https:\/\/windpilot.com\/blog\/wp-content\/uploads\/2020\/04\/Peugeot-Ahrensb.-1024x711.jpeg 1024w, https:\/\/windpilot.com\/blog\/wp-content\/uploads\/2020\/04\/Peugeot-Ahrensb.-768x533.jpeg 768w\" sizes=\"auto, (max-width: 1496px) 100vw, 1496px\" \/><br \/>\nIch fuhr seinerzeit franz\u00f6sisches Blech, was preiswert zu haben war und was ich so sch\u00f6n einfach reparieren konnte \u2026 im besagten Hundefall, einen Peugeot 504 mit in den R\u00fccklehnen integrierten Kopfst\u00fctzen &#8230; die, wenn hochgeschoben &#8230; den Platz f\u00fcr meine T\u00f6hle offenbarten &#8230; 13 kg Lebendvieh im Genick &#8230; Wieso warum? Ich kann garnix daf\u00fcr, der Hund hat sich den Platz selber ausgesucht \u2026  und war dort fortan absolut nicht zu vertreiben &#8230; da hatte ich tapfer zu sein &#8211; meine LebensEndlosRolle. Im Winter was das Tier als Schal recht angenehm, weil es schneller w\u00e4rmte, als eine franz\u00f6sische Fahrzeugheizung das bewerkstelligen konnte. Max Foerthmann hat auch schon mal einem Polizisten, der sich freundlich zum Fenster rein gelehnt, weil er die Papiere kontrollieren wollte &#8230; ohne zu z\u00f6gern in die Hand gebissen &#8230; dumm gelaufen f\u00fcr die Polizei &#8230; denn eigentlich war die T\u00f6hle vergleichsweise recht freundlich &#8230; nur bei Polizeim\u00fctzen ist er ausgerastet \u2026 vermutlich eine Folge fr\u00fchkindlicher Erfahrungen im HundeKindesAlter, mit Obrigkeiten, die den Hund erziehen wollten \u2026 und nicht konnten \u2026 ihn als Strafe vermutlich dann am Ende ins Tierheim abgeschoben haben. Weiss man ja alles nicht, wenn man im Hochgef\u00fchl seiner Tierliebe an den Gitterst\u00e4ben der HundeHostelK\u00e4figen vorbeidefiliert, um nach Nasenspitzen \u2013 und treffsicherem Blick direkt ins Herz!! &#8211; ein armes vereinsamtes Wauwilein von den blanken Fliesen zu erl\u00f6sen.<\/p>\n<p><img loading=\"lazy\" decoding=\"async\" src=\"https:\/\/windpilot.com\/blog\/wp-content\/uploads\/2020\/04\/B-31-quer.jpg\" alt=\"\" width=\"1814\" height=\"1360\" class=\"aligncenter size-full wp-image-22082\" srcset=\"https:\/\/windpilot.com\/blog\/wp-content\/uploads\/2020\/04\/B-31-quer.jpg 1814w, https:\/\/windpilot.com\/blog\/wp-content\/uploads\/2020\/04\/B-31-quer-300x225.jpg 300w, https:\/\/windpilot.com\/blog\/wp-content\/uploads\/2020\/04\/B-31-quer-1024x768.jpg 1024w, https:\/\/windpilot.com\/blog\/wp-content\/uploads\/2020\/04\/B-31-quer-768x576.jpg 768w, https:\/\/windpilot.com\/blog\/wp-content\/uploads\/2020\/04\/B-31-quer-1536x1152.jpg 1536w\" sizes=\"auto, (max-width: 1814px) 100vw, 1814px\" \/><br \/>\nBeim Segeln jedenfalls war der Bursche begeistert dabei, hat die Blase tats\u00e4chlich max 11 Std dicht gehalten &#8230; kam dann allerdings ein Hafen in die N\u00e4he, wurde die Sache stressig, es herrschte Not am Hund, er geriet lauthals bellend v\u00f6llig ausser Kontrolle, wenn man das Man\u00f6ver nicht subito, vor allem rasant und punktgenau zu Ende bringen konnte. Mein Sinnspruch damals: kernig gerammt ist besser als lahm angelegt \u2013 der Hund besass schliesslich die volle Priorit\u00e4t.<\/p>\n<p><img loading=\"lazy\" decoding=\"async\" src=\"https:\/\/windpilot.com\/blog\/wp-content\/uploads\/2020\/04\/Skagen.jpeg\" alt=\"\" width=\"1366\" height=\"913\" class=\"aligncenter size-full wp-image-22083\" srcset=\"https:\/\/windpilot.com\/blog\/wp-content\/uploads\/2020\/04\/Skagen.jpeg 1366w, https:\/\/windpilot.com\/blog\/wp-content\/uploads\/2020\/04\/Skagen-300x201.jpeg 300w, https:\/\/windpilot.com\/blog\/wp-content\/uploads\/2020\/04\/Skagen-1024x684.jpeg 1024w, https:\/\/windpilot.com\/blog\/wp-content\/uploads\/2020\/04\/Skagen-768x513.jpeg 768w\" sizes=\"auto, (max-width: 1366px) 100vw, 1366px\" \/><br \/>\nIn Skagen hatte Max Foerthmann besonderen Spass bei den Fischern, denen er tote Fische klaute, sie frass und sofort verdaute &#8230;  sich hernach in ihren Resten sowie ggf. in der N\u00e4he liegenden toten M\u00f6ven, w\u00e4lzte &#8230; und sodann fr\u00f6hlich zufrieden hechelnd &#8230; und bestialisch stinkend &#8230; elegant ins Kockpit sprang &#8230; um sich sodann sofort unter Deck in unserer Koje schlafend zu stellen &#8230; Ein vergebliches Ringen um Grunds\u00e4tzlichkeiten, bei denen man nicht das Gesicht verlieren wollte, weil im P\u00e4ckchen liegende, feixenden NebenliegerSeglerFreunde das Foerthmann\u00b4sche Hafenkino geniessen wollten &#8211; und keine Sekunde zu vers\u00e4umen gedachten &#8211; Bierflasche in der Hand. Genau der richtige Moment, um Containance zu trainieren \u2026 mit versteinertem Grinsen im Gesicht, denn unter Deck stank es ganz f\u00fcrchterlich. Eine Murmeltier Erfahrung, weil man das stinkende Etwas zu duschen hatte, und bereits wusste, dass sich der gleiche Zirkus jeden Skagen Tag aufs Neue wiederholen w\u00fcrde. Krieg der Ger\u00fcche, denn Hund und Herrchen hatten schlicht divergente Vorlieben, obgleich ich damals mit einmal Duschen \/ Woche ausgekommen bin. Es sind genau solche Momente, in denen man sich in der Falle sitzen empfindet, weil man einem freundlich wedelnden Ungetier \u2026 ja nicht b\u00f6se sein kann, bzw. man an die psychedelischen Sch\u00e4den eines auf See so wenig artgerecht gehaltenen Wauwi\u00b4s zu denken hat, der ja auch lange Meilen wieder nach Hause auszuhalten hatte. Merke: ein schlechtes Gewissen funzt auf bei vierbeinigen Kreaturen. <\/p>\n<p><img loading=\"lazy\" decoding=\"async\" src=\"https:\/\/windpilot.com\/blog\/wp-content\/uploads\/2020\/04\/Tra\u0308umerei-Lilo.jpeg\" alt=\"\" width=\"2084\" height=\"1328\" class=\"aligncenter size-full wp-image-22084\" srcset=\"https:\/\/windpilot.com\/blog\/wp-content\/uploads\/2020\/04\/Tra\u0308umerei-Lilo.jpeg 2084w, https:\/\/windpilot.com\/blog\/wp-content\/uploads\/2020\/04\/Tra\u0308umerei-Lilo-300x191.jpeg 300w, https:\/\/windpilot.com\/blog\/wp-content\/uploads\/2020\/04\/Tra\u0308umerei-Lilo-1024x653.jpeg 1024w, https:\/\/windpilot.com\/blog\/wp-content\/uploads\/2020\/04\/Tra\u0308umerei-Lilo-768x489.jpeg 768w, https:\/\/windpilot.com\/blog\/wp-content\/uploads\/2020\/04\/Tra\u0308umerei-Lilo-1536x979.jpeg 1536w, https:\/\/windpilot.com\/blog\/wp-content\/uploads\/2020\/04\/Tra\u0308umerei-Lilo-2048x1305.jpeg 2048w\" sizes=\"auto, (max-width: 2084px) 100vw, 2084px\" \/><br \/>\nSo haben wir schnell zu sch\u00e4tzen gelernt, wie wunderbar gemeinsames Segeln mit Freunden ist, insbesondere wenn das zweite Schiff endlos lang und ein griffiges Teakdeck hat und \u2013 last not least! &#8211; dort ebenfalls ein Wauwi zuhause ist. Auf der Tr\u00e4umerei \u2013 ja richtig, die von Schumann! &#8211; hatten Karlchen ( ein Westentaschen Pudel von gesch\u00e4tzt 1 kg Lebendgewicht ), sowie Max Foerthmann mit strammen 13 kg gen\u00fcgend Auslauf, zudem am Mast \u2013 als Baumersatz! &#8211; ein Hundeklo mit P\u00fctz Wasser Sp\u00fclung eingerichtet war. Die Tr\u00e4umerei war ein 100er Seefahrtskreuzer von von Hacht, 17 volle Meter lang, dagegen war unsere Bianca 27 nur ein Westentaschenkreuzer mit arschglattem Decksbelag, auf der eine Hundekralle keine Chance hat. Beide Schiffe im P\u00e4ckchen waren ein segelndes Schlaraffenland f\u00fcr vierbeinige Bordbegleiter. Korle Schumann, Ceo und Skipper der Tr\u00e4umerei, Vereins Urgestein und Chef vom JKN in Wedel \u00fcber Jahrzehnte, war mein Idol und offen angebeteter Freund, der im Hauptberuf die Krankenhaus Kantine des Rissener Krankenhauses zu einem schillernden Mikrokosmos entwickelt hat, in dem Kanarienv\u00f6gel in Volieren zwitscherten und elektrische Eisenbahnen ihre Kreise zogen \u2026 ein Ort, an dem halbwegs genesende Kranke, schon im Bademantel wieder fl\u00fcgge, ihre Leiden stundenlang vergessen konnten. Die Hygiene Fuzzies allerdings haben dort Ohnmachtsf\u00e4lle \u00fcberstehen m\u00fcssen. Trauriges Ende eines erf\u00fcllten Lebens, hat Korle seine vielen Pl\u00e4ne f\u00fcr den Ruhestand nicht realisieren k\u00f6nnen, weil er durch einen tragischen Unfall, sein Leben verloren hat, mit Karlchen an der Seite. Eine Z\u00e4sur, die sich bis ins heute zieht, vor allem bei seinen bezaubernden drei T\u00f6chtern, deren eine, Gesche, samt ihrem Mann Hartmut, zu meinen Lebensfreunden z\u00e4hlt, bis heute.<\/p>\n<p><img loading=\"lazy\" decoding=\"async\" src=\"https:\/\/windpilot.com\/blog\/wp-content\/uploads\/2020\/04\/Max-Maasholm.jpeg\" alt=\"\" width=\"1485\" height=\"1041\" class=\"aligncenter size-full wp-image-22085\" srcset=\"https:\/\/windpilot.com\/blog\/wp-content\/uploads\/2020\/04\/Max-Maasholm.jpeg 1485w, https:\/\/windpilot.com\/blog\/wp-content\/uploads\/2020\/04\/Max-Maasholm-300x210.jpeg 300w, https:\/\/windpilot.com\/blog\/wp-content\/uploads\/2020\/04\/Max-Maasholm-1024x718.jpeg 1024w, https:\/\/windpilot.com\/blog\/wp-content\/uploads\/2020\/04\/Max-Maasholm-768x538.jpeg 768w\" sizes=\"auto, (max-width: 1485px) 100vw, 1485px\" \/><br \/>\nMax Foerthmann wurde einige Jahre sp\u00e4ter zum Scheidungshund, er wohnte weiterhin bei meiner Ex im halben Doppelhaus &#8230; wo wenig sp\u00e4ter mein Nachfolger \u2013 Oh wie praktisch, noch ein Peter! &#8230; sein Zuhause aufgeschlagen hat. Vermutlich hat all dies den armen Hund enorm verwirrt, denn fortan durfte die bedauernswerte Kreatur  nicht mehr im Schlafzimmer am Fussende im Schlafgemach sein Lager zur Nacht aufschlagen &#8230; wurde statt dessen auf\u00b4s kalte Terrazzo in die K\u00fcche verbannt &#8230; wo man die n\u00e4chtlichen Winsel Proteste des so arg gedem\u00fctigten Hundileins nur noch piano h\u00f6ren konnte. Der Bursche hat die dumme Situation schlau f\u00fcr sich gekl\u00e4rt: Es ergab sich wenige Tage sp\u00e4ter, dass sein Frauchen zur morgendlichen Begr\u00fcssung die K\u00fcchent\u00fcr mit Schwung ge\u00f6ffnet hat &#8230; und die dicke Glitschmine auf dem Terrazzo  hinter der Tuer gepl\u00e4ttet hat &#8230; glitsch! \u2026 immerhin, ohne darauf sogleich auszurutschen! Eine veritable stinkende Schweinerei! Jedenfalls ist \u00fcberliefert, dass dies f\u00fcr den Hund zum finalen Sieg gereichte, denn er hatte fortan wieder die freie Zimmerwahl &#8230; dieser Hund!<\/p>\n<p><img loading=\"lazy\" decoding=\"async\" src=\"https:\/\/windpilot.com\/blog\/wp-content\/uploads\/2020\/04\/Max-Coble-Alster-scaled.jpg\" alt=\"\" width=\"2560\" height=\"1801\" class=\"aligncenter size-full wp-image-22086\" srcset=\"https:\/\/windpilot.com\/blog\/wp-content\/uploads\/2020\/04\/Max-Coble-Alster-scaled.jpg 2560w, https:\/\/windpilot.com\/blog\/wp-content\/uploads\/2020\/04\/Max-Coble-Alster-300x211.jpg 300w, https:\/\/windpilot.com\/blog\/wp-content\/uploads\/2020\/04\/Max-Coble-Alster-1024x720.jpg 1024w, https:\/\/windpilot.com\/blog\/wp-content\/uploads\/2020\/04\/Max-Coble-Alster-768x540.jpg 768w, https:\/\/windpilot.com\/blog\/wp-content\/uploads\/2020\/04\/Max-Coble-Alster-1536x1081.jpg 1536w, https:\/\/windpilot.com\/blog\/wp-content\/uploads\/2020\/04\/Max-Coble-Alster-2048x1441.jpg 2048w\" sizes=\"auto, (max-width: 2560px) 100vw, 2560px\" \/><br \/>\nNach ca 13 Jahren litt der Bursche unter Nierendysfunktion, er wurde sein Wasser nicht mehr los &#8230; wir haben ihn erl\u00f6st und unter Krokodilstr\u00e4nen im Garten beerdigt. <\/p>\n<p>Wenig sp\u00e4ter habe ich mir einen blitzblankblauen schicken Peugeot 504 TI  mit duftenden braunen Ledersitzen gekauft &#8230; und beschlossen, den Rest meines Lebens ohne vierbeinige Nervens\u00e4ge zu verbringen &#8230; die weder aufr\u00e4umt, noch sauber macht &#8230; Haus, Auto und Schiff zum Schlachtfeld konvertiert &#8230; sich gern auch mal mit anderen Vierbeinern zofft und sein Herrchen nach drei st\u00fcndigem Spaziergang &#8230; nur Minuten sp\u00e4ter, wieder freudig anwedelt &#8230; um ihn zur n\u00e4chsten  Runde zu animieren. Alles reine Nervensache.<\/p>\n<p><img loading=\"lazy\" decoding=\"async\" src=\"https:\/\/windpilot.com\/blog\/wp-content\/uploads\/2020\/04\/20150128_112734.jpg\" alt=\"\" width=\"1138\" height=\"853\" class=\"aligncenter size-full wp-image-22089\" srcset=\"https:\/\/windpilot.com\/blog\/wp-content\/uploads\/2020\/04\/20150128_112734.jpg 1138w, https:\/\/windpilot.com\/blog\/wp-content\/uploads\/2020\/04\/20150128_112734-300x225.jpg 300w, https:\/\/windpilot.com\/blog\/wp-content\/uploads\/2020\/04\/20150128_112734-1024x768.jpg 1024w, https:\/\/windpilot.com\/blog\/wp-content\/uploads\/2020\/04\/20150128_112734-768x576.jpg 768w\" sizes=\"auto, (max-width: 1138px) 100vw, 1138px\" \/><img loading=\"lazy\" decoding=\"async\" src=\"https:\/\/windpilot.com\/blog\/wp-content\/uploads\/2020\/04\/BombelPiotrek-Kopie-scaled.jpg\" alt=\"\" width=\"2560\" height=\"1920\" class=\"size-full wp-image-22087\" srcset=\"https:\/\/windpilot.com\/blog\/wp-content\/uploads\/2020\/04\/BombelPiotrek-Kopie-scaled.jpg 2560w, https:\/\/windpilot.com\/blog\/wp-content\/uploads\/2020\/04\/BombelPiotrek-Kopie-300x225.jpg 300w, https:\/\/windpilot.com\/blog\/wp-content\/uploads\/2020\/04\/BombelPiotrek-Kopie-1024x768.jpg 1024w, https:\/\/windpilot.com\/blog\/wp-content\/uploads\/2020\/04\/BombelPiotrek-Kopie-768x576.jpg 768w, https:\/\/windpilot.com\/blog\/wp-content\/uploads\/2020\/04\/BombelPiotrek-Kopie-1536x1152.jpg 1536w, https:\/\/windpilot.com\/blog\/wp-content\/uploads\/2020\/04\/BombelPiotrek-Kopie-2048x1536.jpg 2048w\" sizes=\"auto, (max-width: 2560px) 100vw, 2560px\" \/><br \/>\nIn Polen haben wir 4 Hunde auf dem Hof, die allesamt draussen leben &#8230; in Hamburg wird kein Hund unser Haus betreten &#8230; weil wir die Folgen kennen, meine Frau das Regiment dort f\u00fchrt und ich f\u00fcr meinen Teil, weise geworden sind, jedenfalls in Bezug auf vierbeinige Gesellen, die leider nicht erwachsen werden \u2026 und st\u00e4ndig Nerven polieren und strapazieren, derweil wir am Ende selbst auf allen Vieren nach Ruhe gieren &#8230; <\/p>\n<p>Soweit eine kleine Achterbahnfahrt aufgeschrieben am <\/p>\n<p>Sonntag den 5. April 2020<br \/>\nPeter Foerthmann<br \/>\n<img loading=\"lazy\" decoding=\"async\" src=\"https:\/\/windpilot.com\/blog\/wp-content\/uploads\/2020\/03\/Peter-Lions-150x150.jpg\" alt=\"\" width=\"150\" height=\"150\" class=\"alignleft size-thumbnail wp-image-21892\" srcset=\"https:\/\/windpilot.com\/blog\/wp-content\/uploads\/2020\/03\/Peter-Lions-150x150.jpg 150w, https:\/\/windpilot.com\/blog\/wp-content\/uploads\/2020\/03\/Peter-Lions-300x300.jpg 300w, https:\/\/windpilot.com\/blog\/wp-content\/uploads\/2020\/03\/Peter-Lions-1024x1020.jpg 1024w, https:\/\/windpilot.com\/blog\/wp-content\/uploads\/2020\/03\/Peter-Lions-768x765.jpg 768w, https:\/\/windpilot.com\/blog\/wp-content\/uploads\/2020\/03\/Peter-Lions-1536x1531.jpg 1536w, https:\/\/windpilot.com\/blog\/wp-content\/uploads\/2020\/03\/Peter-Lions.jpg 1700w\" sizes=\"auto, (max-width: 150px) 100vw, 150px\" \/><\/p>\n","protected":false},"excerpt":{"rendered":"<p>MAX FOERTHMANN &#8211; RASSEHUND UND SEGLER Aus gegebenem Anlass, der nicht unbedingt in Langeweile seinen Ursprung hat, hier ein paar Gedanken zu Hunden, die ja bekanntlich im Leben von gef\u00fchlvollen Menschen eine wuchtige Rolle einzunehmen pflegen. Kindersatz, Spielzeug gegen Langeweile, &hellip; <a href=\"https:\/\/windpilot.com\/blog\/columns\/cartoons-firlefanz\/max-der-rassehund\/\">Weiterlesen <span class=\"meta-nav\">&rarr;<\/span><\/a><\/p>\n","protected":false},"author":1,"featured_media":0,"parent":16662,"menu_order":-7,"comment_status":"open","ping_status":"closed","template":"","meta":{"footnotes":""},"class_list":["post-22075","page","type-page","status-publish","hentry"],"_links":{"self":[{"href":"https:\/\/windpilot.com\/blog\/wp-json\/wp\/v2\/pages\/22075","targetHints":{"allow":["GET"]}}],"collection":[{"href":"https:\/\/windpilot.com\/blog\/wp-json\/wp\/v2\/pages"}],"about":[{"href":"https:\/\/windpilot.com\/blog\/wp-json\/wp\/v2\/types\/page"}],"author":[{"embeddable":true,"href":"https:\/\/windpilot.com\/blog\/wp-json\/wp\/v2\/users\/1"}],"replies":[{"embeddable":true,"href":"https:\/\/windpilot.com\/blog\/wp-json\/wp\/v2\/comments?post=22075"}],"version-history":[{"count":13,"href":"https:\/\/windpilot.com\/blog\/wp-json\/wp\/v2\/pages\/22075\/revisions"}],"predecessor-version":[{"id":22106,"href":"https:\/\/windpilot.com\/blog\/wp-json\/wp\/v2\/pages\/22075\/revisions\/22106"}],"up":[{"embeddable":true,"href":"https:\/\/windpilot.com\/blog\/wp-json\/wp\/v2\/pages\/16662"}],"wp:attachment":[{"href":"https:\/\/windpilot.com\/blog\/wp-json\/wp\/v2\/media?parent=22075"}],"curies":[{"name":"wp","href":"https:\/\/api.w.org\/{rel}","templated":true}]}}