{"id":23083,"date":"2020-07-22T11:35:31","date_gmt":"2020-07-22T18:35:31","guid":{"rendered":"https:\/\/windpilot.com\/blog\/?page_id=23083"},"modified":"2020-07-23T00:02:47","modified_gmt":"2020-07-23T07:02:47","slug":"kiss-auf-der-strasse","status":"publish","type":"page","link":"https:\/\/windpilot.com\/blog\/columns\/cartoons-firlefanz\/kiss-auf-der-strasse\/","title":{"rendered":"Kiss auf der Strasse"},"content":{"rendered":"<p><strong>ELEKTRO TRAUMA AUF DER STRASSE IM JAHRE 2008<\/strong><br \/>\n<div id=\"attachment_23096\" style=\"width: 630px\" class=\"wp-caption aligncenter\"><img loading=\"lazy\" decoding=\"async\" aria-describedby=\"caption-attachment-23096\" src=\"https:\/\/windpilot.com\/blog\/wp-content\/uploads\/2020\/07\/TRANSPORT-Steam-160798.jpg\" alt=\"\" width=\"620\" height=\"416\" class=\"size-full wp-image-23096\" srcset=\"https:\/\/windpilot.com\/blog\/wp-content\/uploads\/2020\/07\/TRANSPORT-Steam-160798.jpg 620w, https:\/\/windpilot.com\/blog\/wp-content\/uploads\/2020\/07\/TRANSPORT-Steam-160798-300x201.jpg 300w\" sizes=\"auto, (max-width: 620px) 100vw, 620px\" \/><p id=\"caption-attachment-23096\" class=\"wp-caption-text\">credit: Andrew Matthews\/PA Wire<\/p><\/div>Autos zur Fortbewegung sind wundervolle Apparate, unseren Horizont bis hinter denselben zu erweitern, solange sie den Fahrer am Volant nicht rechts \u00fcberholen, ihm das Ruder frech aus der Hand nehmen, alternativ Vollgas geben oder auf die Bremse latschen, pupskleinen Kameralinsen folgen, denen ggf. dummer Dreck ins Auge fliegt, oder Rechnern, die sich, anstatt zu gehorchen, erh\u00e4ngen oder in ganz eigenen Regeln kreisen und am Ende das Fahrzeug zum Stehzeug machen. Mich wundert, wenn ich 10 Minuten nach dem Start per Alarm ermahnt, dass es Zeit f\u00fcr einen Kaffee, weil mein Auto der Meinung ist, dass ich bereits m\u00fcde sei. Mir reden zu viele Leute drein, die programmieren, wann Service overdue, die meinen Fahrstil kontrollieren, ggf. der Versicherung denunzieren, oder mein Gef\u00e4hrt zum Stillstand zwingen, falls die Leasingrate unbezahlt.<br \/>\n<div id=\"attachment_23092\" style=\"width: 630px\" class=\"wp-caption aligncenter\"><img loading=\"lazy\" decoding=\"async\" aria-describedby=\"caption-attachment-23092\" src=\"https:\/\/windpilot.com\/blog\/wp-content\/uploads\/2020\/07\/TRANSPORT-Steam-141117.jpg\" alt=\"\" width=\"620\" height=\"416\" class=\"size-full wp-image-23092\" srcset=\"https:\/\/windpilot.com\/blog\/wp-content\/uploads\/2020\/07\/TRANSPORT-Steam-141117.jpg 620w, https:\/\/windpilot.com\/blog\/wp-content\/uploads\/2020\/07\/TRANSPORT-Steam-141117-300x201.jpg 300w\" sizes=\"auto, (max-width: 620px) 100vw, 620px\" \/><p id=\"caption-attachment-23092\" class=\"wp-caption-text\">credit: Andrew Matthews\/PA Wire<\/p><\/div>Unvergessen jener Tag, an dem ich auf winterglatter Strasse mit zarter Hand das Lenkrad meines Hybrid Schleichers nach Stb Seite drehen wollte, der st\u00f6rrische Wagen hingegen Hartruder nach Backbord gegeben hat! Gottseidank ist das vor Erreichen der Autobahn passiert. In Foren wurde ich als Tattergreis gestempelt. Ein Schreck, der bis heute sitzt, dessen technische Erkl\u00e4rung mir die Haare zu Berge stehen liess \u2013 es sei nur ein kleines Magnetilein der elektrischen Lenkung nicht gen\u00fcgend fest verklebt gewesen \u2013 kann doch mal passieren! Der Krimi ist als <a href=\"http:\/\/euro.lexusownersclub.com\/forums\/index.php?showtopic=17066\">Beben um die Welt gegangen<\/a> und bringt meine Haare heute noch zum Stehen:<br \/>\n<div id=\"attachment_23097\" style=\"width: 630px\" class=\"wp-caption aligncenter\"><img loading=\"lazy\" decoding=\"async\" aria-describedby=\"caption-attachment-23097\" src=\"https:\/\/windpilot.com\/blog\/wp-content\/uploads\/2020\/07\/TRANSPORT-Steam-140520.jpg\" alt=\"\" width=\"620\" height=\"416\" class=\"size-full wp-image-23097\" srcset=\"https:\/\/windpilot.com\/blog\/wp-content\/uploads\/2020\/07\/TRANSPORT-Steam-140520.jpg 620w, https:\/\/windpilot.com\/blog\/wp-content\/uploads\/2020\/07\/TRANSPORT-Steam-140520-300x201.jpg 300w\" sizes=\"auto, (max-width: 620px) 100vw, 620px\" \/><p id=\"caption-attachment-23097\" class=\"wp-caption-text\">credit: Andrew Matthews\/PA Wire<\/p><\/div>F\u00fcr einen Technik affinen Fritzen jedenfalls ging der Schreck bis in die tiefsten Ritzen, mit kollateralen Folgen in andere Lebensbereiche. Ein Thema ohne Ende, zumal elektrische Fahrzeugtechnik t\u00e4glich weitere Fragen T\u00fcren \u00f6ffnet, die keiner je wird beantworten k\u00f6nnen oder wollen. Selbst die Feuerwehr schafft resigniert lieber gleich Badewannen f\u00fcr in Brand geratene E-Autos an.<br \/>\n<div id=\"attachment_23101\" style=\"width: 630px\" class=\"wp-caption aligncenter\"><img loading=\"lazy\" decoding=\"async\" aria-describedby=\"caption-attachment-23101\" src=\"https:\/\/windpilot.com\/blog\/wp-content\/uploads\/2020\/07\/TRANSPORT-Steam-140539.jpg\" alt=\"\" width=\"620\" height=\"416\" class=\"size-full wp-image-23101\" srcset=\"https:\/\/windpilot.com\/blog\/wp-content\/uploads\/2020\/07\/TRANSPORT-Steam-140539.jpg 620w, https:\/\/windpilot.com\/blog\/wp-content\/uploads\/2020\/07\/TRANSPORT-Steam-140539-300x201.jpg 300w\" sizes=\"auto, (max-width: 620px) 100vw, 620px\" \/><p id=\"caption-attachment-23101\" class=\"wp-caption-text\">credit: Andrew Matthews\/PA Wire<\/p><\/div>Ich habe damals jedenfalls f\u00fcr mich beschlossen, nur noch Autos zu kaufen, bei denen nicht zu viel Technik dazwischenredet. Ein Auto, dass nun auch noch selbst telefonieren kann, hat mich die Reissleine ziehen lassen, als Konsument von Neuwagen bin ich unrettbar verloren gegangen. Ohne Bedauern.<br \/>\n<div id=\"attachment_23098\" style=\"width: 2570px\" class=\"wp-caption aligncenter\"><img loading=\"lazy\" decoding=\"async\" aria-describedby=\"caption-attachment-23098\" src=\"https:\/\/windpilot.com\/blog\/wp-content\/uploads\/2020\/07\/IMG_3663-scaled.jpg\" alt=\"\" width=\"2560\" height=\"1920\" class=\"size-full wp-image-23098\" srcset=\"https:\/\/windpilot.com\/blog\/wp-content\/uploads\/2020\/07\/IMG_3663-scaled.jpg 2560w, https:\/\/windpilot.com\/blog\/wp-content\/uploads\/2020\/07\/IMG_3663-300x225.jpg 300w, https:\/\/windpilot.com\/blog\/wp-content\/uploads\/2020\/07\/IMG_3663-1024x768.jpg 1024w, https:\/\/windpilot.com\/blog\/wp-content\/uploads\/2020\/07\/IMG_3663-768x576.jpg 768w, https:\/\/windpilot.com\/blog\/wp-content\/uploads\/2020\/07\/IMG_3663-1536x1152.jpg 1536w, https:\/\/windpilot.com\/blog\/wp-content\/uploads\/2020\/07\/IMG_3663-2048x1536.jpg 2048w\" sizes=\"auto, (max-width: 2560px) 100vw, 2560px\" \/><p id=\"caption-attachment-23098\" class=\"wp-caption-text\">credit: Andrew Matthews\/PA Wire<\/p><\/div>Denn, nicht wahr, welchen Wert hat eine Mobilit\u00e4tsgarantie, wenn ich fernab der Heimat, ersatzweise dem Geltungsbereich fliegender gelber Engel, im Strassengraben liegen bleibe, eine alter Tempo Matador samt Fahrer nur die Schultern zuckt, weil seine Winde mein Auto nicht von der Stelle r\u00fcckt, weil ohne Strom nicht mal die elektrische Feststellbremse ihre Biss freigibt? Kiss statt Biss!<\/p>\n<p>Abgeschweift? War aber zur Traumatherapie wichtig!<br \/>\n22.07.2020<br \/>\nPeter Foerthmann<br \/>\n<img loading=\"lazy\" decoding=\"async\" src=\"https:\/\/windpilot.com\/blog\/wp-content\/uploads\/2020\/07\/A.-Peter-Lions-150x150.jpg\" alt=\"\" width=\"150\" height=\"150\" class=\"alignleft size-thumbnail wp-image-22854\" srcset=\"https:\/\/windpilot.com\/blog\/wp-content\/uploads\/2020\/07\/A.-Peter-Lions-150x150.jpg 150w, https:\/\/windpilot.com\/blog\/wp-content\/uploads\/2020\/07\/A.-Peter-Lions-300x300.jpg 300w, https:\/\/windpilot.com\/blog\/wp-content\/uploads\/2020\/07\/A.-Peter-Lions-1024x1020.jpg 1024w, https:\/\/windpilot.com\/blog\/wp-content\/uploads\/2020\/07\/A.-Peter-Lions-768x765.jpg 768w, https:\/\/windpilot.com\/blog\/wp-content\/uploads\/2020\/07\/A.-Peter-Lions-1536x1531.jpg 1536w, https:\/\/windpilot.com\/blog\/wp-content\/uploads\/2020\/07\/A.-Peter-Lions.jpg 1700w\" sizes=\"auto, (max-width: 150px) 100vw, 150px\" \/><\/p>\n","protected":false},"excerpt":{"rendered":"<p>ELEKTRO TRAUMA AUF DER STRASSE IM JAHRE 2008 Autos zur Fortbewegung sind wundervolle Apparate, unseren Horizont bis hinter denselben zu erweitern, solange sie den Fahrer am Volant nicht rechts \u00fcberholen, ihm das Ruder frech aus der Hand nehmen, alternativ Vollgas &hellip; <a href=\"https:\/\/windpilot.com\/blog\/columns\/cartoons-firlefanz\/kiss-auf-der-strasse\/\">Weiterlesen <span class=\"meta-nav\">&rarr;<\/span><\/a><\/p>\n","protected":false},"author":1,"featured_media":0,"parent":16662,"menu_order":11,"comment_status":"open","ping_status":"closed","template":"","meta":{"footnotes":""},"class_list":["post-23083","page","type-page","status-publish","hentry"],"_links":{"self":[{"href":"https:\/\/windpilot.com\/blog\/wp-json\/wp\/v2\/pages\/23083","targetHints":{"allow":["GET"]}}],"collection":[{"href":"https:\/\/windpilot.com\/blog\/wp-json\/wp\/v2\/pages"}],"about":[{"href":"https:\/\/windpilot.com\/blog\/wp-json\/wp\/v2\/types\/page"}],"author":[{"embeddable":true,"href":"https:\/\/windpilot.com\/blog\/wp-json\/wp\/v2\/users\/1"}],"replies":[{"embeddable":true,"href":"https:\/\/windpilot.com\/blog\/wp-json\/wp\/v2\/comments?post=23083"}],"version-history":[{"count":10,"href":"https:\/\/windpilot.com\/blog\/wp-json\/wp\/v2\/pages\/23083\/revisions"}],"predecessor-version":[{"id":23104,"href":"https:\/\/windpilot.com\/blog\/wp-json\/wp\/v2\/pages\/23083\/revisions\/23104"}],"up":[{"embeddable":true,"href":"https:\/\/windpilot.com\/blog\/wp-json\/wp\/v2\/pages\/16662"}],"wp:attachment":[{"href":"https:\/\/windpilot.com\/blog\/wp-json\/wp\/v2\/media?parent=23083"}],"curies":[{"name":"wp","href":"https:\/\/api.w.org\/{rel}","templated":true}]}}