{"id":24172,"date":"2020-12-27T06:10:13","date_gmt":"2020-12-27T13:10:13","guid":{"rendered":"https:\/\/windpilot.com\/blog\/?page_id=24172"},"modified":"2020-12-27T11:50:01","modified_gmt":"2020-12-27T18:50:01","slug":"hauptgewinn","status":"publish","type":"page","link":"https:\/\/windpilot.com\/blog\/biography\/hauptgewinn\/","title":{"rendered":"Hauptgewinn"},"content":{"rendered":"<p><strong>EIN PLATZ AUF DEM FLIEGENDEN TEPPICH<\/strong><br \/>\n<img loading=\"lazy\" decoding=\"async\" src=\"https:\/\/windpilot.com\/blog\/wp-content\/uploads\/2020\/12\/Peter-Cessna-Kopie.jpg\" alt=\"\" width=\"2107\" height=\"1376\" class=\"aligncenter size-full wp-image-24174\" srcset=\"https:\/\/windpilot.com\/blog\/wp-content\/uploads\/2020\/12\/Peter-Cessna-Kopie.jpg 2107w, https:\/\/windpilot.com\/blog\/wp-content\/uploads\/2020\/12\/Peter-Cessna-Kopie-300x196.jpg 300w, https:\/\/windpilot.com\/blog\/wp-content\/uploads\/2020\/12\/Peter-Cessna-Kopie-1024x669.jpg 1024w, https:\/\/windpilot.com\/blog\/wp-content\/uploads\/2020\/12\/Peter-Cessna-Kopie-768x502.jpg 768w, https:\/\/windpilot.com\/blog\/wp-content\/uploads\/2020\/12\/Peter-Cessna-Kopie-1536x1003.jpg 1536w, https:\/\/windpilot.com\/blog\/wp-content\/uploads\/2020\/12\/Peter-Cessna-Kopie-2048x1337.jpg 2048w\" sizes=\"auto, (max-width: 2107px) 100vw, 2107px\" \/>Es ist 17 schnelle Jahre her, dass ich das Fliegen lernte, allerdings ohne Fl\u00fcgel, wie seinerzeit in Florida, als ich noch in einem anderen Leben weilte, derweil das verpeilte eigene, enteilte. Stets in Eile, habe ich erst sp\u00e4t erkannt, wie der Hase l\u00e4uft und rennt, dass n\u00e4mlich, wenn Meister Lampe sich nicht bewegt, das Leben in toto auf der Stelle steht, selbst wenn man verzweifelt Pirouetten dreht. Es ist das alte Lied von Dolores, die bei Dollares um die Ecke wohnt, jenem allseits bekannten Kreisverkehr von Mist verstandenem Zusammenleben, bei dem Regeln immer wieder einseitig verbogen oder missachtet werden, in jeder Art von Verkehr, in dem nur weiterkommt, wer die Ausfahrt nimmt, bevor er im Vorwurfsverschiebebahnhof Staub ansetzt, sodann versauert und die Lebenslust verliert. Ein soziales Gesellschaftsspiel, bei dem verliert, wer nicht die Beine in die H\u00e4nde nimmt. Es soll Menschen geben, die den langen Lebensrest anschliessend damit verbringen, Vorw\u00fcrfe in die H\u00f6he zu stapeln &#8230; bis sie unter denselben begraben werden. Seifenblasenmenschen oder Menschenbenutzer?<br \/>\n<img loading=\"lazy\" decoding=\"async\" src=\"https:\/\/windpilot.com\/blog\/wp-content\/uploads\/2020\/12\/Deichtanz-2020.jpeg\" alt=\"\" width=\"1280\" height=\"960\" class=\"aligncenter size-full wp-image-24196\" srcset=\"https:\/\/windpilot.com\/blog\/wp-content\/uploads\/2020\/12\/Deichtanz-2020.jpeg 1280w, https:\/\/windpilot.com\/blog\/wp-content\/uploads\/2020\/12\/Deichtanz-2020-300x225.jpeg 300w, https:\/\/windpilot.com\/blog\/wp-content\/uploads\/2020\/12\/Deichtanz-2020-1024x768.jpeg 1024w, https:\/\/windpilot.com\/blog\/wp-content\/uploads\/2020\/12\/Deichtanz-2020-768x576.jpeg 768w\" sizes=\"auto, (max-width: 1280px) 100vw, 1280px\" \/>Das Gesellschaftsspiel hat mich viermal am Standesamt zur Unterschrift gebracht, mich unz\u00e4hlige Male mit zusammen gebissenen Beisswerkzeugen die Konsequenzen erdulden lassen, weil meine Grundhoffnung auf Verbesserung einer Beziehung nie verloren gegangen ist, einem Wesenszug von Sanguinikern, der lebenserhaltend ist, wenn oder weil man sich niemals aufgegeben hat. Welchen Sinn macht eine gemeinsame Sprache, wenn man sein Gegen\u00fcber nicht zu verstehen bereit und in der Lage ist? Das Schl\u00fcsselwort stets: Respekt.<\/p>\n<blockquote class=\"wp-embedded-content\" data-secret=\"B6E2AN1eL3\"><p><a href=\"https:\/\/windpilot.com\/blog\/biography\/anamnese-in-blankenese\/\">Anamnese<\/a><\/p><\/blockquote>\n<p><iframe loading=\"lazy\" class=\"wp-embedded-content\" sandbox=\"allow-scripts\" security=\"restricted\" style=\"position: absolute; clip: rect(1px, 1px, 1px, 1px);\" title=\"&#8222;Anamnese&#8220; &#8212; Windpilot Blog\" src=\"https:\/\/windpilot.com\/blog\/biography\/anamnese-in-blankenese\/embed\/#?secret=1d7EvaVqf9#?secret=B6E2AN1eL3\" data-secret=\"B6E2AN1eL3\" width=\"600\" height=\"338\" frameborder=\"0\" marginwidth=\"0\" marginheight=\"0\" scrolling=\"no\"><\/iframe><br \/>\n<img loading=\"lazy\" decoding=\"async\" src=\"https:\/\/windpilot.com\/blog\/wp-content\/uploads\/2020\/12\/PeterMamaOpel.jpg\" alt=\"\" width=\"900\" height=\"644\" class=\"aligncenter size-full wp-image-24209\" srcset=\"https:\/\/windpilot.com\/blog\/wp-content\/uploads\/2020\/12\/PeterMamaOpel.jpg 900w, https:\/\/windpilot.com\/blog\/wp-content\/uploads\/2020\/12\/PeterMamaOpel-300x215.jpg 300w, https:\/\/windpilot.com\/blog\/wp-content\/uploads\/2020\/12\/PeterMamaOpel-768x550.jpg 768w\" sizes=\"auto, (max-width: 900px) 100vw, 900px\" \/>Meine Lebensheldin, meine Mutter, hat ihr Leben allein verbracht, weil es ihr nicht verg\u00f6nnt gewesen ist, einen Partner auf Augenh\u00f6he auszumachen. Sie hat ihr rasantes Leben stringent nach ihren Begabungen ausgerichtet, von denen ich einige in mir selbst entdecke. So ist sie f\u00fcr mich unsterblich geworden. In schweren Nachkriegsjahren alleinerziehend zwei Jungs zu erziehen, Begabungen zu f\u00f6rdern und alle Lebenst\u00fcren zu \u00f6ffnen, sie sodann mit ruhigem Grundvertrauen ins eigene Leben zu entlassen, ganz ohne m\u00fctterliches Klammern oder Besserwissen \u2026 ist f\u00fcr mich eine Leistung, die meinen tiefsten Respekt besitzt, die als roter Faden meinem eigenen Leben eingebettet, ihm Sinn verleiht. Altruismus ist eine seltene Gabe, die mit Resilienz als Zwilling durch mein Leben geht, bei Mutter und Sohn \u2026 und nun auf dem fliegenden Teppich bei einem Menschen, mit dem ich seit 17 Jahren jede Minute meines Lebens teile, f\u00e4ngt morgens mit der Fl\u00fcsterfrage an: Bist Du schon wach &#8211; spielst Du mit mir? gefolgt von der immer gleichen Antwort: nein! \u2013 aber erz\u00e4hl, was gibt es Neues in der Welt? Und endet gegen 24:00 mit den Worten: bis sp\u00e4ter dann!<br \/>\n<img loading=\"lazy\" decoding=\"async\" src=\"https:\/\/windpilot.com\/blog\/wp-content\/uploads\/2020\/12\/M-Schirm.jpg\" alt=\"\" width=\"1058\" height=\"1190\" class=\"aligncenter size-full wp-image-24213\" srcset=\"https:\/\/windpilot.com\/blog\/wp-content\/uploads\/2020\/12\/M-Schirm.jpg 1058w, https:\/\/windpilot.com\/blog\/wp-content\/uploads\/2020\/12\/M-Schirm-267x300.jpg 267w, https:\/\/windpilot.com\/blog\/wp-content\/uploads\/2020\/12\/M-Schirm-910x1024.jpg 910w, https:\/\/windpilot.com\/blog\/wp-content\/uploads\/2020\/12\/M-Schirm-768x864.jpg 768w\" sizes=\"auto, (max-width: 1058px) 100vw, 1058px\" \/>Was dazwischen liegt, sind atemlos rasende Tage voll bis zum Dach, in denen jeder mit Freude seine Arbeit macht, \u00fcberkreuz den anderen piesackt und korreliert, wobei meine bezaubernde feminine Regierungszentrale liebend gern virtuos Violine auf meinen Nerven spielt, um zwischendurch hintergr\u00fcndig, gleichwohl zuckers\u00fcss, nachzufragen: nerv\u00b4 ich dich schon? Oder soll ich weitermachen? Lieblingsfrage: Willst Du mit mir diskutieren? Ich lieg\u00b4 schon quer!<\/p>\n<p>Dies als Kurzgeschichte, die schon 17 lange Jahre w\u00e4hrt, die beschreibt, wie mein Leben pl\u00f6tzlich das Fliegen gelernt, derweil ich auf einem Teppich Platz genommen, mich nur noch festzuhalten hatte, um in Kurven nicht vom selben zu fliegen. Ich bin auf mein Alter Ego getroffen, was aufmerksamen Lesern vermutlich nicht entgangen ist.<br \/>\n<img loading=\"lazy\" decoding=\"async\" src=\"https:\/\/windpilot.com\/blog\/wp-content\/uploads\/2020\/12\/M-Messerschmitt-Kopie-scaled.jpg\" alt=\"\" width=\"2560\" height=\"1914\" class=\"aligncenter size-full wp-image-24199\" srcset=\"https:\/\/windpilot.com\/blog\/wp-content\/uploads\/2020\/12\/M-Messerschmitt-Kopie-scaled.jpg 2560w, https:\/\/windpilot.com\/blog\/wp-content\/uploads\/2020\/12\/M-Messerschmitt-Kopie-300x224.jpg 300w, https:\/\/windpilot.com\/blog\/wp-content\/uploads\/2020\/12\/M-Messerschmitt-Kopie-1024x766.jpg 1024w, https:\/\/windpilot.com\/blog\/wp-content\/uploads\/2020\/12\/M-Messerschmitt-Kopie-768x574.jpg 768w, https:\/\/windpilot.com\/blog\/wp-content\/uploads\/2020\/12\/M-Messerschmitt-Kopie-1536x1148.jpg 1536w, https:\/\/windpilot.com\/blog\/wp-content\/uploads\/2020\/12\/M-Messerschmitt-Kopie-2048x1531.jpg 2048w\" sizes=\"auto, (max-width: 2560px) 100vw, 2560px\" \/>Ich schreibe diese Zeilen, um das Schwergewicht meiner Lebensleistung ein wenig zu korrigieren, zu verschieben, zu sortieren, denn der Mann, der ich heute bin, ist das Ergebnis eines symbiotischen Zusammenlebens von zwei Menschen, die vor vielen Jahren beschlossen haben, den Sprung ins Eiswasser zu wagen, ihren Lebensweg zu vereinen, daran zu wachsen, um sodann zu entdecken, dass die Saat aufgegangen ist, was unser Bewusstsein seit Jahren okkupiert. Das Leben l\u00e4uft wie im Schnellwaschgang, obgleich es alles andere als einfach gewesen ist, in feindlicher Umgebung, die richtigen Schritte zu w\u00e4hlen und sodann, Seite an Seite mit Entschlossenheit, vorzugehen. <\/p>\n<p>Trotz gewaltiger Divergenzen in unser beider wildem Leben, es ist der Altruismus, der uns eint, der ohne Worte verbindet, der uns nach aussen als geschlossene Einheit erscheinen und zur Festung werden l\u00e4sst &#8211; Garantie auf Harmonie!<\/p>\n<blockquote class=\"wp-embedded-content\" data-secret=\"c5GoW5CoOV\"><p><a href=\"https:\/\/windpilot.com\/blog\/biography\/4-beine-in-2-laendern\/\">4 Beine in 2 L\u00e4ndern<\/a><\/p><\/blockquote>\n<p><iframe loading=\"lazy\" class=\"wp-embedded-content\" sandbox=\"allow-scripts\" security=\"restricted\" style=\"position: absolute; clip: rect(1px, 1px, 1px, 1px);\" title=\"&#8222;4 Beine in 2 L\u00e4ndern&#8220; &#8212; Windpilot Blog\" src=\"https:\/\/windpilot.com\/blog\/biography\/4-beine-in-2-laendern\/embed\/#?secret=53VODDU768#?secret=c5GoW5CoOV\" data-secret=\"c5GoW5CoOV\" width=\"600\" height=\"338\" frameborder=\"0\" marginwidth=\"0\" marginheight=\"0\" scrolling=\"no\"><\/iframe><br \/>\nSchicksalhaft, wenn Menschen zusammen kommen, die einander nahe gewesen sind, bevor sie sich getroffen haben, wenn oder weil zwei Seelen ein kongruentes Verst\u00e4ndnis von sozialem Umgang, Emphase und Respekt besitzen &#8211; bei denen auch das soziale Tiefolot wundervoll funktioniert. <\/p>\n<p>Der Mann, der ich heute bin, ist die Symbiose von zwei Seelen, die jeder f\u00fcr sich jahrzehntelang alleine funktioniert haben, denen bewusst ist, was sie einander verdanken, sich daf\u00fcr danken.<\/p>\n<p>Weihnachten 26.12.2020<br \/>\nPeter Foerthmann<br \/>\n<img loading=\"lazy\" decoding=\"async\" src=\"https:\/\/windpilot.com\/blog\/wp-content\/uploads\/2020\/12\/IMG_2799-150x150.jpeg\" alt=\"\" width=\"150\" height=\"150\" class=\"alignleft size-thumbnail wp-image-24192\" \/><\/p>\n","protected":false},"excerpt":{"rendered":"<p>EIN PLATZ AUF DEM FLIEGENDEN TEPPICH Es ist 17 schnelle Jahre her, dass ich das Fliegen lernte, allerdings ohne Fl\u00fcgel, wie seinerzeit in Florida, als ich noch in einem anderen Leben weilte, derweil das verpeilte eigene, enteilte. Stets in Eile, &hellip; <a href=\"https:\/\/windpilot.com\/blog\/biography\/hauptgewinn\/\">Weiterlesen <span class=\"meta-nav\">&rarr;<\/span><\/a><\/p>\n","protected":false},"author":1,"featured_media":0,"parent":4472,"menu_order":1,"comment_status":"open","ping_status":"closed","template":"","meta":{"footnotes":""},"class_list":["post-24172","page","type-page","status-publish","hentry"],"_links":{"self":[{"href":"https:\/\/windpilot.com\/blog\/wp-json\/wp\/v2\/pages\/24172","targetHints":{"allow":["GET"]}}],"collection":[{"href":"https:\/\/windpilot.com\/blog\/wp-json\/wp\/v2\/pages"}],"about":[{"href":"https:\/\/windpilot.com\/blog\/wp-json\/wp\/v2\/types\/page"}],"author":[{"embeddable":true,"href":"https:\/\/windpilot.com\/blog\/wp-json\/wp\/v2\/users\/1"}],"replies":[{"embeddable":true,"href":"https:\/\/windpilot.com\/blog\/wp-json\/wp\/v2\/comments?post=24172"}],"version-history":[{"count":28,"href":"https:\/\/windpilot.com\/blog\/wp-json\/wp\/v2\/pages\/24172\/revisions"}],"predecessor-version":[{"id":24223,"href":"https:\/\/windpilot.com\/blog\/wp-json\/wp\/v2\/pages\/24172\/revisions\/24223"}],"up":[{"embeddable":true,"href":"https:\/\/windpilot.com\/blog\/wp-json\/wp\/v2\/pages\/4472"}],"wp:attachment":[{"href":"https:\/\/windpilot.com\/blog\/wp-json\/wp\/v2\/media?parent=24172"}],"curies":[{"name":"wp","href":"https:\/\/api.w.org\/{rel}","templated":true}]}}