{"id":24548,"date":"2021-03-11T06:55:31","date_gmt":"2021-03-11T13:55:31","guid":{"rendered":"https:\/\/windpilot.com\/blog\/?page_id=24548"},"modified":"2021-03-11T07:01:03","modified_gmt":"2021-03-11T14:01:03","slug":"pacific-plus-service","status":"publish","type":"page","link":"https:\/\/windpilot.com\/blog\/press-tv\/service-tipps\/pacific-plus-service\/","title":{"rendered":"Pacific Plus Service"},"content":{"rendered":"<p><strong>ZWISCHENFRAGE AUS THAILAND &#8211; SERVICE AN PACIFIC PLUS<\/strong><br \/>\n<img loading=\"lazy\" decoding=\"async\" src=\"https:\/\/windpilot.com\/blog\/wp-content\/uploads\/2021\/03\/Thailand-Schro\u0308ter.jpeg\" alt=\"\" width=\"1280\" height=\"921\" class=\"aligncenter size-full wp-image-24546\" srcset=\"https:\/\/windpilot.com\/blog\/wp-content\/uploads\/2021\/03\/Thailand-Schro\u0308ter.jpeg 1280w, https:\/\/windpilot.com\/blog\/wp-content\/uploads\/2021\/03\/Thailand-Schro\u0308ter-300x216.jpeg 300w, https:\/\/windpilot.com\/blog\/wp-content\/uploads\/2021\/03\/Thailand-Schro\u0308ter-1024x737.jpeg 1024w, https:\/\/windpilot.com\/blog\/wp-content\/uploads\/2021\/03\/Thailand-Schro\u0308ter-768x553.jpeg 768w\" sizes=\"auto, (max-width: 1280px) 100vw, 1280px\" \/>Hallo Peter, Ich bin zufriedener Nutzer einer Pacific Plus. Sie ist ca. 20 Jahre alt und hat uns immerhin st\u00f6rungsfrei von Europa bis nach Thailand gebracht. Jetzt war sie aber sehr schwerg\u00e4ngig. Es hatte sich Salz zwischen 360 und 332 \/ 333 abgesetzt. Dadurch wurde das Teflon ca. 3 mm aus der Buchse gedr\u00fcckt und ist dadurch nun d\u00fcnner. Jetzt, nachdem ich das Salz entfernt habe, ist das Spiel zwischen 360 und 370 ziemlich gro\u00df und ich m\u00f6chte 332 und 333 erneuern. Deshalb meine zwei Fragen:<br \/>\n1) Welche St\u00e4rke hatte das Teflon urspr\u00fcnglich?<br \/>\n2) Haben im Hilfsruder die Teflonl\u00e4ger die gleiche St\u00e4rke?<br \/>\nDanke und Gru\u00df<br \/>\nKlaus Schroeter <a href=\"https:\/\/barbaco-unterwegs.com\/2020\/12\/27\/weihnachten-2020\/\">SV Barbaco<\/a><br \/>\n<img loading=\"lazy\" decoding=\"async\" src=\"https:\/\/windpilot.com\/blog\/wp-content\/uploads\/2021\/03\/ko\u0308pfe.jpg\" alt=\"\" width=\"1924\" height=\"1584\" class=\"aligncenter size-full wp-image-24549\" srcset=\"https:\/\/windpilot.com\/blog\/wp-content\/uploads\/2021\/03\/ko\u0308pfe.jpg 1924w, https:\/\/windpilot.com\/blog\/wp-content\/uploads\/2021\/03\/ko\u0308pfe-300x247.jpg 300w, https:\/\/windpilot.com\/blog\/wp-content\/uploads\/2021\/03\/ko\u0308pfe-1024x843.jpg 1024w, https:\/\/windpilot.com\/blog\/wp-content\/uploads\/2021\/03\/ko\u0308pfe-768x632.jpg 768w, https:\/\/windpilot.com\/blog\/wp-content\/uploads\/2021\/03\/ko\u0308pfe-1536x1265.jpg 1536w\" sizes=\"auto, (max-width: 1924px) 100vw, 1924px\" \/><\/p>\n<p>Guten Tag Klaus,<br \/>\nvermutlich sollte das Hilfsruder einmal komplett demontiert werden, um sodann alle Ablagerungen zu entfernen. Im Kopf 500 befinden sich 1 mm Teflon lager, die recht einfach aus 1 mm Teflon material zu schneiden sind, das gleiche gilt fuer den Ring obendrauf &#8230;<\/p>\n<p>Wichtig am Ende: vollkommen Leichtgaengig sollte es schon sein &#8230; und am Ende dann die Kupplung nachgespannt werden, was am Bronce Ring unten am Ruder sowie am Bolzen 501 zu machen ist.Hier die Vorgehensweise, falls nicht komplette ausgebaut werden sollte:<br \/>\nKurze Demontage Reihenfolge:<br \/>\nhttps:\/\/www.windpilot.com\/n\/wind\/de\/serv\/manu\/zeiplus<br \/>\n&#8211; komplettes Pacific Pendelruderteil abnhmen beide Bolzen 504<br \/>\n&#8211; komplettes Hilfsuderteil abnehmen beide Bolzen 950<br \/>\n&#8211; dann Bolzen 501 l\u00f6sen<br \/>\n&#8211; Gussteil 500 auf dem Rohr 600 nach unten schieben<br \/>\n&#8211; Kupplungsbauteil 510 \/ 530 \/ 540 nach oben aus dem Gussteil 500 ziehen<br \/>\n&#8211; alle Klemmschrauben 512 \/ 513 loesen, rausziehen<br \/>\n&#8211; Kupplungskopf abnehmen<br \/>\n&#8211; Ruderschaft nach unten abziehen<br \/>\nFotos aller Details senden, dann gehts weiter<br \/>\ngruss<br \/>\nPeter Foerthmann<\/p>\n","protected":false},"excerpt":{"rendered":"<p>ZWISCHENFRAGE AUS THAILAND &#8211; SERVICE AN PACIFIC PLUS Hallo Peter, Ich bin zufriedener Nutzer einer Pacific Plus. Sie ist ca. 20 Jahre alt und hat uns immerhin st\u00f6rungsfrei von Europa bis nach Thailand gebracht. Jetzt war sie aber sehr schwerg\u00e4ngig. &hellip; <a href=\"https:\/\/windpilot.com\/blog\/press-tv\/service-tipps\/pacific-plus-service\/\">Weiterlesen <span class=\"meta-nav\">&rarr;<\/span><\/a><\/p>\n","protected":false},"author":1,"featured_media":0,"parent":17838,"menu_order":-2,"comment_status":"open","ping_status":"closed","template":"","meta":{"footnotes":""},"class_list":["post-24548","page","type-page","status-publish","hentry"],"_links":{"self":[{"href":"https:\/\/windpilot.com\/blog\/wp-json\/wp\/v2\/pages\/24548","targetHints":{"allow":["GET"]}}],"collection":[{"href":"https:\/\/windpilot.com\/blog\/wp-json\/wp\/v2\/pages"}],"about":[{"href":"https:\/\/windpilot.com\/blog\/wp-json\/wp\/v2\/types\/page"}],"author":[{"embeddable":true,"href":"https:\/\/windpilot.com\/blog\/wp-json\/wp\/v2\/users\/1"}],"replies":[{"embeddable":true,"href":"https:\/\/windpilot.com\/blog\/wp-json\/wp\/v2\/comments?post=24548"}],"version-history":[{"count":2,"href":"https:\/\/windpilot.com\/blog\/wp-json\/wp\/v2\/pages\/24548\/revisions"}],"predecessor-version":[{"id":24553,"href":"https:\/\/windpilot.com\/blog\/wp-json\/wp\/v2\/pages\/24548\/revisions\/24553"}],"up":[{"embeddable":true,"href":"https:\/\/windpilot.com\/blog\/wp-json\/wp\/v2\/pages\/17838"}],"wp:attachment":[{"href":"https:\/\/windpilot.com\/blog\/wp-json\/wp\/v2\/media?parent=24548"}],"curies":[{"name":"wp","href":"https:\/\/api.w.org\/{rel}","templated":true}]}}