{"id":24931,"date":"2021-05-16T10:26:57","date_gmt":"2021-05-16T17:26:57","guid":{"rendered":"https:\/\/windpilot.com\/blog\/?page_id=24931"},"modified":"2021-05-16T11:32:50","modified_gmt":"2021-05-16T18:32:50","slug":"windvane-report","status":"publish","type":"page","link":"https:\/\/windpilot.com\/blog\/windpilot-books-2\/windvane-report\/","title":{"rendered":"Windvane Report"},"content":{"rendered":"<p><strong>WINDVANE REPORT -EINE ZEITREISE<\/strong><br \/>\n<img loading=\"lazy\" decoding=\"async\" src=\"https:\/\/windpilot.com\/blog\/wp-content\/uploads\/2021\/05\/WV-Report-DE-CoverBackc.-scaled.jpg\" alt=\"\" width=\"2560\" height=\"1882\" class=\"aligncenter size-full wp-image-24933\" srcset=\"https:\/\/windpilot.com\/blog\/wp-content\/uploads\/2021\/05\/WV-Report-DE-CoverBackc.-scaled.jpg 2560w, https:\/\/windpilot.com\/blog\/wp-content\/uploads\/2021\/05\/WV-Report-DE-CoverBackc.-300x221.jpg 300w, https:\/\/windpilot.com\/blog\/wp-content\/uploads\/2021\/05\/WV-Report-DE-CoverBackc.-1024x753.jpg 1024w, https:\/\/windpilot.com\/blog\/wp-content\/uploads\/2021\/05\/WV-Report-DE-CoverBackc.-768x565.jpg 768w, https:\/\/windpilot.com\/blog\/wp-content\/uploads\/2021\/05\/WV-Report-DE-CoverBackc.-1536x1129.jpg 1536w, https:\/\/windpilot.com\/blog\/wp-content\/uploads\/2021\/05\/WV-Report-DE-CoverBackc.-2048x1506.jpg 2048w\" sizes=\"auto, (max-width: 2560px) 100vw, 2560px\" \/>Ein Titel, der unscheinbar daherkommt, weil ihm nicht auf ersten Blick zu entnehmen ist, dass hier nahezu ein halbes Jahrhundert beruflicher T\u00e4tigkeit umfasst wird, die einen Mann und sein Leben gepr\u00e4gt haben, in dem es stets und immerdar um Heckverzierungen gegangen ist. Auf eine Buchr\u00fcckseite verdichtet, klingt das dann so:<\/p>\n<blockquote><p>In der Welt der Blauwassersegler wird Peter Foerthmann seit Jahrzehnten zurate gezogen, wenn es um Steuerfragen geht. Als Entwickler, Produzent sowie weltweiter Ansprechpartner in der komplexen Materie von Windsteuersystemen ist seine Expertise international gefragt. Seine Fachb\u00fccher sind in 6 Sprachen verf\u00fcgbar und markieren heute den Stand der Technik, zeigen auf, dass die einfachen Gesetzm\u00e4\u00dfigkeiten der Physik auch in einer Zeit der Bits und Bytes immer noch G\u00fcltigkeit besitzen. <\/p>\n<p>Der Autor schildert in diesem Buch seine ganz pers\u00f6nliche Zeitreise im Verlauf von nun bald einem halben Jahrhundert. Aus seinem anf\u00e4nglichen Manufakturbetrieb ist heute ein industriell produzierendes Unternehmen geworden ist \u2013 das vermutlich kleinste in Deutschland!<\/p>\n<p>Dieses Buch markiert die Lebensstationen des Autors durch die Jahrzehnte, adressiert und vergleicht technische Entwicklungen und schildert Marktauseinandersetzungen im internationalen Wettbewerbsumfeld. Der Leser wird auf eine spannenden Reise durch H\u00f6hen und Tiefen des Autors mitgenommen und erf\u00e4hrt von den Schl\u00fcsselerfahrungen, die letztlich den Entschluss haben reifen lassen, diesem Buch seinen Titel zu geben. <\/p><\/blockquote>\n<p>F\u00fcr mich eine Zeitreise und Ringschluss, weil sich die Dinge \u2013 vor allem die K\u00e4mpfe \u2013 in einer Form gef\u00fcgt, die eine Logik zum Inhalt haben, weil es in Bezug auf die Thematik von Heckverzierungen immer noch keine Zauberei gibt, hingegen die Gesetze der Physik stoisch den immer gleichen Regeln folgen.<\/p>\n<p>Nicht jeder meiner Wettbewerber hat das bislang begriffen \u2026 zum Gl\u00fcck allerdings scheinen die wichtigsten Grunds\u00e4tze nun ein wenig klarer vor den Augen der Segler zu liegen \u2026 weshalb ich diese <a href=\"https:\/\/windpilot.com\/books\/\">mein Fleissarbeit<\/a> niedergeschrieben habe.<\/p>\n<p>Mit Vergn\u00fcgen!<br \/>\n17.05.2021<\/p>\n<p>Peter Foerthmann<br \/>\n<img loading=\"lazy\" decoding=\"async\" src=\"https:\/\/windpilot.com\/blog\/wp-content\/uploads\/2021\/05\/A.-Peter-Lions-150x150.jpg\" alt=\"\" width=\"150\" height=\"150\" class=\"alignleft size-thumbnail wp-image-24937\" srcset=\"https:\/\/windpilot.com\/blog\/wp-content\/uploads\/2021\/05\/A.-Peter-Lions-150x150.jpg 150w, https:\/\/windpilot.com\/blog\/wp-content\/uploads\/2021\/05\/A.-Peter-Lions-300x300.jpg 300w, https:\/\/windpilot.com\/blog\/wp-content\/uploads\/2021\/05\/A.-Peter-Lions-1024x1020.jpg 1024w, https:\/\/windpilot.com\/blog\/wp-content\/uploads\/2021\/05\/A.-Peter-Lions-768x765.jpg 768w, https:\/\/windpilot.com\/blog\/wp-content\/uploads\/2021\/05\/A.-Peter-Lions-1536x1531.jpg 1536w, https:\/\/windpilot.com\/blog\/wp-content\/uploads\/2021\/05\/A.-Peter-Lions.jpg 1700w\" sizes=\"auto, (max-width: 150px) 100vw, 150px\" \/><\/p>\n","protected":false},"excerpt":{"rendered":"<p>WINDVANE REPORT -EINE ZEITREISE Ein Titel, der unscheinbar daherkommt, weil ihm nicht auf ersten Blick zu entnehmen ist, dass hier nahezu ein halbes Jahrhundert beruflicher T\u00e4tigkeit umfasst wird, die einen Mann und sein Leben gepr\u00e4gt haben, in dem es stets &hellip; <a href=\"https:\/\/windpilot.com\/blog\/windpilot-books-2\/windvane-report\/\">Weiterlesen <span class=\"meta-nav\">&rarr;<\/span><\/a><\/p>\n","protected":false},"author":1,"featured_media":0,"parent":23743,"menu_order":-3,"comment_status":"open","ping_status":"closed","template":"","meta":{"footnotes":""},"class_list":["post-24931","page","type-page","status-publish","hentry"],"_links":{"self":[{"href":"https:\/\/windpilot.com\/blog\/wp-json\/wp\/v2\/pages\/24931","targetHints":{"allow":["GET"]}}],"collection":[{"href":"https:\/\/windpilot.com\/blog\/wp-json\/wp\/v2\/pages"}],"about":[{"href":"https:\/\/windpilot.com\/blog\/wp-json\/wp\/v2\/types\/page"}],"author":[{"embeddable":true,"href":"https:\/\/windpilot.com\/blog\/wp-json\/wp\/v2\/users\/1"}],"replies":[{"embeddable":true,"href":"https:\/\/windpilot.com\/blog\/wp-json\/wp\/v2\/comments?post=24931"}],"version-history":[{"count":5,"href":"https:\/\/windpilot.com\/blog\/wp-json\/wp\/v2\/pages\/24931\/revisions"}],"predecessor-version":[{"id":24940,"href":"https:\/\/windpilot.com\/blog\/wp-json\/wp\/v2\/pages\/24931\/revisions\/24940"}],"up":[{"embeddable":true,"href":"https:\/\/windpilot.com\/blog\/wp-json\/wp\/v2\/pages\/23743"}],"wp:attachment":[{"href":"https:\/\/windpilot.com\/blog\/wp-json\/wp\/v2\/media?parent=24931"}],"curies":[{"name":"wp","href":"https:\/\/api.w.org\/{rel}","templated":true}]}}