{"id":25548,"date":"2021-09-19T04:20:35","date_gmt":"2021-09-19T11:20:35","guid":{"rendered":"https:\/\/windpilot.com\/blog\/?page_id=25548"},"modified":"2022-08-14T09:12:20","modified_gmt":"2022-08-14T16:12:20","slug":"sv-thula","status":"publish","type":"page","link":"https:\/\/windpilot.com\/blog\/morphy-blitz\/sv-thula\/","title":{"rendered":"SV Thula"},"content":{"rendered":"<p><strong>KIEL \u2013 S\u00dcDSEE \u2013 KIEL \u2013 ANDERS ALS GEDACHT<\/strong><br \/>\n<img loading=\"lazy\" decoding=\"async\" src=\"https:\/\/windpilot.com\/blog\/wp-content\/uploads\/2021\/09\/image2.jpeg\" alt=\"\" width=\"1194\" height=\"960\" class=\"aligncenter size-full wp-image-25550\" srcset=\"https:\/\/windpilot.com\/blog\/wp-content\/uploads\/2021\/09\/image2.jpeg 1194w, https:\/\/windpilot.com\/blog\/wp-content\/uploads\/2021\/09\/image2-300x241.jpeg 300w, https:\/\/windpilot.com\/blog\/wp-content\/uploads\/2021\/09\/image2-1024x823.jpeg 1024w, https:\/\/windpilot.com\/blog\/wp-content\/uploads\/2021\/09\/image2-768x617.jpeg 768w\" sizes=\"auto, (max-width: 1194px) 100vw, 1194px\" \/>Denn Corona hat den Plan einer Weltumsegelung mit Wind vom achtern kaputtgemacht. Im Juli 2019 war die Thula von Kiel nach Westen aufgebrochen, hat eine wundersch\u00f6ne Reise zu den M\u00e4dchen mit den Hula R\u00f6cken in K\u00f6pfen, Festplatten f\u00fcr die Nachwelt sowie Vlog Verfolger absolviert und aufgezeichnet. Bilder zum tr\u00e4umen und sattsehen, auch wenn deutsche Mausverfolger hie und dort die Sprache nicht haben verstehen k\u00f6nnen, weil die Protagonisten ihre Erlebnisse und Lehrstunden gelenkig in Englisch aufgezeichnet haben. Aber wir wissen, Bilder haben im Kopf einen bevorzugten Speicherplatz, derweil Sprache eher nur pers\u00f6nliche Stimmungslagen transportiert bzw. wiederzugeben pflegt. Ergo f\u00fcr manchen sogar doppelter Genuss, wenn er die Schnacks nicht ganz verstanden hat!<br \/>\n<img loading=\"lazy\" decoding=\"async\" src=\"https:\/\/windpilot.com\/blog\/wp-content\/uploads\/2021\/09\/Hula-Kiff-klein.jpg\" alt=\"\" width=\"1200\" height=\"926\" class=\"aligncenter size-full wp-image-25549\" srcset=\"https:\/\/windpilot.com\/blog\/wp-content\/uploads\/2021\/09\/Hula-Kiff-klein.jpg 1200w, https:\/\/windpilot.com\/blog\/wp-content\/uploads\/2021\/09\/Hula-Kiff-klein-300x232.jpg 300w, https:\/\/windpilot.com\/blog\/wp-content\/uploads\/2021\/09\/Hula-Kiff-klein-1024x790.jpg 1024w, https:\/\/windpilot.com\/blog\/wp-content\/uploads\/2021\/09\/Hula-Kiff-klein-768x593.jpg 768w\" sizes=\"auto, (max-width: 1200px) 100vw, 1200px\" \/>Jedenfalls bin ich erst Monate sp\u00e4ter zum <a href=\"https:\/\/www.youtube.com\/c\/ThulaSailing\/videos\">treuen Klickvieh<\/a> avanciert, bzw. hinzugestossen, denn ich hatte nicht sofort realisiert, die Beiden einem Mailverkehr aus dem Jahre 2019 zuzuordnen, weil nur Iljas Name in meiner Datenbank vermerkt.<\/p>\n<p>Mir standen jedenfalls die Haare zu Berge, nachdem ich ein paar Videos von der Thula gesehen hatte: Das Pendelruder aus der ersten Serie der Pacific 1984 &#8211; 1988, war abenteuerlich falsch positioniert, zudem mit der Ruderblatt Achterkante nach vorne in die Rudergabel eingesteckt. Nahezu ausgeschlossen, dass die Pacific auf diese Weise w\u00fcrde vern\u00fcnftig steuern k\u00f6nnen. Alarm in meinem Kopf! Anfang Februar 2021 endlich die Erl\u00f6sung: Janna\u00b4s Vater hatte mich in meiner Werkstatt aufgesucht, womit kollateral deutlich geworden ist, wann und von wem die Tochter mit dem Segelvirus infiziert worden ist. Jedenfalls l\u00f6sten sich Ruckzuck s\u00e4mtliche Probleme auf dem ansonsten stillen Ocean \u2026 und auch in meinem Kopfe auf. <\/p>\n<blockquote class=\"wp-embedded-content\" data-secret=\"F82jU6EWKp\"><p><a href=\"https:\/\/windpilot.com\/blog\/blog\/youtube\/sv-thula-janna-hars-ilja-bode-ger\/\">SV Thula &#8211; Janna Hars + Ilja Bode GER<\/a><\/p><\/blockquote>\n<p><iframe loading=\"lazy\" class=\"wp-embedded-content\" sandbox=\"allow-scripts\" security=\"restricted\" style=\"position: absolute; clip: rect(1px, 1px, 1px, 1px);\" title=\"&#8222;SV Thula &#8211; Janna Hars + Ilja Bode GER&#8220; &#8212; Windpilot Blog\" src=\"https:\/\/windpilot.com\/blog\/blog\/youtube\/sv-thula-janna-hars-ilja-bode-ger\/embed\/#?secret=XETU4nLkhp#?secret=F82jU6EWKp\" data-secret=\"F82jU6EWKp\" width=\"600\" height=\"338\" frameborder=\"0\" marginwidth=\"0\" marginheight=\"0\" scrolling=\"no\"><\/iframe><\/p>\n<p><img loading=\"lazy\" decoding=\"async\" src=\"https:\/\/windpilot.com\/blog\/wp-content\/uploads\/2021\/09\/IMG_8249D.jpeg\" alt=\"\" width=\"1280\" height=\"960\" class=\"aligncenter size-full wp-image-25552\" srcset=\"https:\/\/windpilot.com\/blog\/wp-content\/uploads\/2021\/09\/IMG_8249D.jpeg 1280w, https:\/\/windpilot.com\/blog\/wp-content\/uploads\/2021\/09\/IMG_8249D-300x225.jpeg 300w, https:\/\/windpilot.com\/blog\/wp-content\/uploads\/2021\/09\/IMG_8249D-1024x768.jpeg 1024w, https:\/\/windpilot.com\/blog\/wp-content\/uploads\/2021\/09\/IMG_8249D-768x576.jpeg 768w\" sizes=\"auto, (max-width: 1280px) 100vw, 1280px\" \/>Die Panama Passage vor- und r\u00fcckw\u00e4rts, hat nahezu 20% des gesamten Budgets in Luft aufgel\u00f6st, wobei auf der R\u00fcckreise nicht einmal Leinh\u00e4nder zu bezahlen waren, weil Yachties von West nach Ost fast wie Aliens unbekannt, weshalb auf der Pacific Seite dieser Service vermutlich garnicht angeboten wurde. Ein sch\u00f6ner Grund, einmal das Botschaftspersonal zu einem Ausflug an Bord zu bitten, um sich sodann \u2013 Kaffee und Kuchen sowie das Panorama geniessend &#8211; angelegentlich an langen Leinen festzuhalten. Man muss sich nur zu helfen wissen!<br \/>\n<img loading=\"lazy\" decoding=\"async\" src=\"https:\/\/windpilot.com\/blog\/wp-content\/uploads\/2021\/09\/Ohne-Titel-3.jpg\" alt=\"\" width=\"1896\" height=\"1530\" class=\"aligncenter size-full wp-image-25553\" srcset=\"https:\/\/windpilot.com\/blog\/wp-content\/uploads\/2021\/09\/Ohne-Titel-3.jpg 1896w, https:\/\/windpilot.com\/blog\/wp-content\/uploads\/2021\/09\/Ohne-Titel-3-300x242.jpg 300w, https:\/\/windpilot.com\/blog\/wp-content\/uploads\/2021\/09\/Ohne-Titel-3-1024x826.jpg 1024w, https:\/\/windpilot.com\/blog\/wp-content\/uploads\/2021\/09\/Ohne-Titel-3-768x620.jpg 768w, https:\/\/windpilot.com\/blog\/wp-content\/uploads\/2021\/09\/Ohne-Titel-3-1536x1239.jpg 1536w\" sizes=\"auto, (max-width: 1896px) 100vw, 1896px\" \/>Jedenfalls konnte ich fortan wieder ruhig schlafen, habe den weiteren Verlauf einer ungew\u00f6hnliche R\u00fcckreise interessiert verfolgt, einen langen Schlag von 5.000 sm von Panama bis in die Heimat, wo die Thula gestern vor der Schleuse von Holtenau von einer Schiffstraube empfangen und zum Liegeplatz geleitet wurde &#8230; gleich um die Ecke. Ein Zeitzeuge, der um die Ecke wohnt, hat die Ankunft akkurat verifiziert und dokumentiert, womit sich nun allseits die Spannung in Wohlgefallen aufl\u00f6sen kann, weil die Thula samt Personal wieder zuhause angekommen sind.<br \/>\n<img loading=\"lazy\" decoding=\"async\" src=\"https:\/\/windpilot.com\/blog\/wp-content\/uploads\/2021\/09\/Kotzen.jpg\" alt=\"\" width=\"1187\" height=\"890\" class=\"aligncenter size-full wp-image-25554\" srcset=\"https:\/\/windpilot.com\/blog\/wp-content\/uploads\/2021\/09\/Kotzen.jpg 1187w, https:\/\/windpilot.com\/blog\/wp-content\/uploads\/2021\/09\/Kotzen-300x225.jpg 300w, https:\/\/windpilot.com\/blog\/wp-content\/uploads\/2021\/09\/Kotzen-1024x768.jpg 1024w, https:\/\/windpilot.com\/blog\/wp-content\/uploads\/2021\/09\/Kotzen-768x576.jpg 768w\" sizes=\"auto, (max-width: 1187px) 100vw, 1187px\" \/>Vermutlich wird die endlos lange R\u00fcckreise aus dem Paradies gegen Flauten und Gegenstr\u00f6me gen Osten, nicht nur diesen beiden tapferen Seglern unvergessen bleiben, sie wird auch potentiellen Nachahmern als Menetekel eine Warnung sein, dass die Barfussroute keinesfalls r\u00fcckw\u00e4rts funktioniert.<\/p>\n<p>Den beiden Seglern w\u00fcnsche ich eine geruhsame Zeit an Land &#8230; und hoffe, dass sie ihre Heimatsprache noch nicht verlernt haben.<\/p>\n<p>Sonntag 19.09.2021<br \/>\nPeter Foerthmann<br \/>\n<img loading=\"lazy\" decoding=\"async\" src=\"https:\/\/windpilot.com\/blog\/wp-content\/uploads\/2021\/09\/A.-Peter-Lions-150x150.jpg\" alt=\"\" width=\"150\" height=\"150\" class=\"alignleft size-thumbnail wp-image-25471\" srcset=\"https:\/\/windpilot.com\/blog\/wp-content\/uploads\/2021\/09\/A.-Peter-Lions-150x150.jpg 150w, https:\/\/windpilot.com\/blog\/wp-content\/uploads\/2021\/09\/A.-Peter-Lions-300x300.jpg 300w, https:\/\/windpilot.com\/blog\/wp-content\/uploads\/2021\/09\/A.-Peter-Lions-1024x1020.jpg 1024w, https:\/\/windpilot.com\/blog\/wp-content\/uploads\/2021\/09\/A.-Peter-Lions-768x765.jpg 768w, https:\/\/windpilot.com\/blog\/wp-content\/uploads\/2021\/09\/A.-Peter-Lions-1536x1531.jpg 1536w, https:\/\/windpilot.com\/blog\/wp-content\/uploads\/2021\/09\/A.-Peter-Lions.jpg 1700w\" sizes=\"auto, (max-width: 150px) 100vw, 150px\" \/><\/p>\n","protected":false},"excerpt":{"rendered":"<p>KIEL \u2013 S\u00dcDSEE \u2013 KIEL \u2013 ANDERS ALS GEDACHT Denn Corona hat den Plan einer Weltumsegelung mit Wind vom achtern kaputtgemacht. Im Juli 2019 war die Thula von Kiel nach Westen aufgebrochen, hat eine wundersch\u00f6ne Reise zu den M\u00e4dchen mit &hellip; <a href=\"https:\/\/windpilot.com\/blog\/morphy-blitz\/sv-thula\/\">Weiterlesen <span class=\"meta-nav\">&rarr;<\/span><\/a><\/p>\n","protected":false},"author":1,"featured_media":0,"parent":10453,"menu_order":-18,"comment_status":"open","ping_status":"closed","template":"","meta":{"footnotes":""},"class_list":["post-25548","page","type-page","status-publish","hentry"],"_links":{"self":[{"href":"https:\/\/windpilot.com\/blog\/wp-json\/wp\/v2\/pages\/25548","targetHints":{"allow":["GET"]}}],"collection":[{"href":"https:\/\/windpilot.com\/blog\/wp-json\/wp\/v2\/pages"}],"about":[{"href":"https:\/\/windpilot.com\/blog\/wp-json\/wp\/v2\/types\/page"}],"author":[{"embeddable":true,"href":"https:\/\/windpilot.com\/blog\/wp-json\/wp\/v2\/users\/1"}],"replies":[{"embeddable":true,"href":"https:\/\/windpilot.com\/blog\/wp-json\/wp\/v2\/comments?post=25548"}],"version-history":[{"count":9,"href":"https:\/\/windpilot.com\/blog\/wp-json\/wp\/v2\/pages\/25548\/revisions"}],"predecessor-version":[{"id":27246,"href":"https:\/\/windpilot.com\/blog\/wp-json\/wp\/v2\/pages\/25548\/revisions\/27246"}],"up":[{"embeddable":true,"href":"https:\/\/windpilot.com\/blog\/wp-json\/wp\/v2\/pages\/10453"}],"wp:attachment":[{"href":"https:\/\/windpilot.com\/blog\/wp-json\/wp\/v2\/media?parent=25548"}],"curies":[{"name":"wp","href":"https:\/\/api.w.org\/{rel}","templated":true}]}}