{"id":28012,"date":"2022-12-03T05:26:28","date_gmt":"2022-12-03T12:26:28","guid":{"rendered":"https:\/\/windpilot.com\/blog\/?page_id=28012"},"modified":"2024-12-05T10:53:48","modified_gmt":"2024-12-05T17:53:48","slug":"pacific-pacific-plus","status":"publish","type":"page","link":"https:\/\/windpilot.com\/blog\/press-tv\/kaufberatung\/pacific-pacific-plus\/","title":{"rendered":"Pacific &#8211; Pacific Plus"},"content":{"rendered":"<p><strong>DIE QUAL DER WAHL &#8211; ABOUT CHOICES &#8211; FORTSETZUNG<\/strong><br \/>\n<img loading=\"lazy\" decoding=\"async\" src=\"https:\/\/windpilot.com\/blog\/wp-content\/uploads\/2022\/12\/aufdemkopf-low.jpg\" alt=\"\" width=\"2440\" height=\"2182\" class=\"aligncenter size-full wp-image-28015\" srcset=\"https:\/\/windpilot.com\/blog\/wp-content\/uploads\/2022\/12\/aufdemkopf-low.jpg 2440w, https:\/\/windpilot.com\/blog\/wp-content\/uploads\/2022\/12\/aufdemkopf-low-300x268.jpg 300w, https:\/\/windpilot.com\/blog\/wp-content\/uploads\/2022\/12\/aufdemkopf-low-1024x916.jpg 1024w, https:\/\/windpilot.com\/blog\/wp-content\/uploads\/2022\/12\/aufdemkopf-low-768x687.jpg 768w, https:\/\/windpilot.com\/blog\/wp-content\/uploads\/2022\/12\/aufdemkopf-low-1536x1374.jpg 1536w, https:\/\/windpilot.com\/blog\/wp-content\/uploads\/2022\/12\/aufdemkopf-low-2048x1831.jpg 2048w\" sizes=\"auto, (max-width: 2440px) 100vw, 2440px\" \/><\/p>\n<p><strong>EIN FALL, DER F\u00dcR VIELE STEHT, DIE AUF DER SUCHE NACH STEUERFREIHEIT SIND<\/strong><\/p>\n<p>Nat\u00fcrlich k\u00f6nnte ich es mir einfach machen und Ihnen die PACIFIC PLUS Anlage anbieten, ans Herz legen &#8230; und verkaufen, immerhin ist dies System mein bestes und teuerstes!- Pferd im Stall.<\/p>\n<p>Ich will aber nicht vers\u00e4umen, Ihnen Konsequenzen und Kompromisse zu benennen, die zeitgleich um die Ecke kommen.<\/p>\n<p><strong>Zun\u00e4chst dies<\/strong>: die PP ist keinesfalls die st\u00e4rkste Anlage, wenn es darum geht ein schweres gro\u00dfes Schiff zu steuern, da sie ihre nat\u00fcrliche Grenze in den Proportionen zwischen Hauptruder und Hilfsruder hat, die, wenn zunehmend ung\u00fcnstiger, am Ende dann schl\u00fcssig beweisen, das <strong>die PACIFIC bei weitem die \u201est\u00e4rkere Anlage ist\u201c<\/strong> weil sie unbegrenzt grosse Hauptruder zu steuern in der Lage ist, derzeit sind wir dabei auch 40t schwere Schiffe um die Welt zu steuern &#8230;. Ein Blick auf die Schiffe samt Erfahrungen ist hier zu sehen:<\/p>\n<blockquote class=\"wp-embedded-content\" data-secret=\"O1BzPrZj5G\"><p><a href=\"https:\/\/windpilot.com\/blog\/press-tv\/reference-links\/\">Reference links<\/a><\/p><\/blockquote>\n<p><iframe loading=\"lazy\" class=\"wp-embedded-content\" sandbox=\"allow-scripts\" security=\"restricted\" style=\"position: absolute; visibility: hidden;\" title=\"&#8222;Reference links&#8220; &#8212; Windpilot Blog\" src=\"https:\/\/windpilot.com\/blog\/press-tv\/reference-links\/embed\/#?secret=yeDcIH1FmZ#?secret=O1BzPrZj5G\" data-secret=\"O1BzPrZj5G\" width=\"600\" height=\"338\" frameborder=\"0\" marginwidth=\"0\" marginheight=\"0\" scrolling=\"no\"><\/iframe><\/p>\n<p>Heute zunehmend wichtig: ein Hilfssruder am achteren Ende des Schiffes wird zur Stolperfalle f\u00fcr Treibgut jeder Art, auch ein n<strong>etter Happen f\u00fcr die schwarz weissen Superfische<\/strong>:<\/p>\n<blockquote class=\"wp-embedded-content\" data-secret=\"FCkAuHCrfZ\"><p><a href=\"https:\/\/windpilot.com\/blog\/windpilot-cartoons\/orca-tuev\/\">Orca &#8211; T\u00fcv<\/a><\/p><\/blockquote>\n<p><iframe loading=\"lazy\" class=\"wp-embedded-content\" sandbox=\"allow-scripts\" security=\"restricted\" style=\"position: absolute; visibility: hidden;\" title=\"&#8222;Orca &#8211; T\u00fcv&#8220; &#8212; Windpilot Blog\" src=\"https:\/\/windpilot.com\/blog\/windpilot-cartoons\/orca-tuev\/embed\/#?secret=a3VqkRzgZj#?secret=FCkAuHCrfZ\" data-secret=\"FCkAuHCrfZ\" width=\"600\" height=\"338\" frameborder=\"0\" marginwidth=\"0\" marginheight=\"0\" scrolling=\"no\"><\/iframe><\/p>\n<blockquote class=\"wp-embedded-content\" data-secret=\"M6a4VOkYvi\"><p><a href=\"https:\/\/windpilot.com\/blog\/schiffe\/suendenfall-ruder\/ruderbruch-geschichten\/\">Orca &#8211; Havarien<\/a><\/p><\/blockquote>\n<p><iframe loading=\"lazy\" class=\"wp-embedded-content\" sandbox=\"allow-scripts\" security=\"restricted\" style=\"position: absolute; visibility: hidden;\" title=\"&#8222;Orca &#8211; Havarien&#8220; &#8212; Windpilot Blog\" src=\"https:\/\/windpilot.com\/blog\/schiffe\/suendenfall-ruder\/ruderbruch-geschichten\/embed\/#?secret=p6Qs7KN4BF#?secret=M6a4VOkYvi\" data-secret=\"M6a4VOkYvi\" width=\"600\" height=\"338\" frameborder=\"0\" marginwidth=\"0\" marginheight=\"0\" scrolling=\"no\"><\/iframe><\/p>\n<p><strong>weitere G\u00e4nsehaut Lekt\u00fcre<\/strong>:<\/p>\n<blockquote class=\"wp-embedded-content\" data-secret=\"YNtkqzP7Pm\"><p><a href=\"https:\/\/windpilot.com\/blog\/schiffe\/oyster-daemmerung\/achillesfersen\/\">Achillesfersen<\/a><\/p><\/blockquote>\n<p><iframe loading=\"lazy\" class=\"wp-embedded-content\" sandbox=\"allow-scripts\" security=\"restricted\" style=\"position: absolute; visibility: hidden;\" title=\"&#8222;Achillesfersen&#8220; &#8212; Windpilot Blog\" src=\"https:\/\/windpilot.com\/blog\/schiffe\/oyster-daemmerung\/achillesfersen\/embed\/#?secret=BzUdy9b7Ou#?secret=YNtkqzP7Pm\" data-secret=\"YNtkqzP7Pm\" width=\"600\" height=\"338\" frameborder=\"0\" marginwidth=\"0\" marginheight=\"0\" scrolling=\"no\"><\/iframe><\/p>\n<blockquote class=\"wp-embedded-content\" data-secret=\"PkfK9Kr9kW\"><p><a href=\"https:\/\/windpilot.com\/blog\/schiffe\/oyster-daemmerung\/wasserbremsen\/\">Wasserbremsen<\/a><\/p><\/blockquote>\n<p><iframe loading=\"lazy\" class=\"wp-embedded-content\" sandbox=\"allow-scripts\" security=\"restricted\" style=\"position: absolute; visibility: hidden;\" title=\"&#8222;Wasserbremsen&#8220; &#8212; Windpilot Blog\" src=\"https:\/\/windpilot.com\/blog\/schiffe\/oyster-daemmerung\/wasserbremsen\/embed\/#?secret=t3U1ah6gk8#?secret=PkfK9Kr9kW\" data-secret=\"PkfK9Kr9kW\" width=\"600\" height=\"338\" frameborder=\"0\" marginwidth=\"0\" marginheight=\"0\" scrolling=\"no\"><\/iframe><\/p>\n<blockquote class=\"wp-embedded-content\" data-secret=\"8XQoXBSEJj\"><p><a href=\"https:\/\/windpilot.com\/blog\/schiffe\/suendenfall-ruder\/suendenfall-ruder\/\">S\u00fcnden<\/a><\/p><\/blockquote>\n<p><iframe loading=\"lazy\" class=\"wp-embedded-content\" sandbox=\"allow-scripts\" security=\"restricted\" style=\"position: absolute; visibility: hidden;\" title=\"&#8222;S\u00fcnden&#8220; &#8212; Windpilot Blog\" src=\"https:\/\/windpilot.com\/blog\/schiffe\/suendenfall-ruder\/suendenfall-ruder\/embed\/#?secret=CXjJBKovSL#?secret=8XQoXBSEJj\" data-secret=\"8XQoXBSEJj\" width=\"600\" height=\"338\" frameborder=\"0\" marginwidth=\"0\" marginheight=\"0\" scrolling=\"no\"><\/iframe><\/p>\n<p><strong>Zur Thematik STOLPERFALLEN ein paar schnelle Gedankenspritzer:<\/strong><\/p>\n<blockquote class=\"wp-embedded-content\" data-secret=\"CvsFwyoVS5\"><p><a href=\"https:\/\/windpilot.com\/blog\/press-tv\/pacific\/line-transfer\/centre-cockpit\/\">Centre Cockpit<\/a><\/p><\/blockquote>\n<p><iframe loading=\"lazy\" class=\"wp-embedded-content\" sandbox=\"allow-scripts\" security=\"restricted\" style=\"position: absolute; visibility: hidden;\" title=\"&#8222;Centre Cockpit&#8220; &#8212; Windpilot Blog\" src=\"https:\/\/windpilot.com\/blog\/press-tv\/pacific\/line-transfer\/centre-cockpit\/embed\/#?secret=KbYCsM6bmZ#?secret=CvsFwyoVS5\" data-secret=\"CvsFwyoVS5\" width=\"600\" height=\"338\" frameborder=\"0\" marginwidth=\"0\" marginheight=\"0\" scrolling=\"no\"><\/iframe><\/p>\n<p><strong>selbst \u201edicke\u201c Schiff werden wunderbar mit der PACIFIC gesteuert<\/strong><br \/>\n<img loading=\"lazy\" decoding=\"async\" src=\"https:\/\/windpilot.com\/blog\/wp-content\/uploads\/2024\/12\/IMG_8586-1024x768.jpeg\" alt=\"\" width=\"640\" height=\"480\" class=\"aligncenter size-large wp-image-32082\" srcset=\"https:\/\/windpilot.com\/blog\/wp-content\/uploads\/2024\/12\/IMG_8586-1024x768.jpeg 1024w, https:\/\/windpilot.com\/blog\/wp-content\/uploads\/2024\/12\/IMG_8586-300x225.jpeg 300w, https:\/\/windpilot.com\/blog\/wp-content\/uploads\/2024\/12\/IMG_8586-768x576.jpeg 768w, https:\/\/windpilot.com\/blog\/wp-content\/uploads\/2024\/12\/IMG_8586.jpeg 1280w\" sizes=\"auto, (max-width: 640px) 100vw, 640px\" \/><\/p>\n<blockquote class=\"wp-embedded-content\" data-secret=\"zFw7Vom5c5\"><p><a href=\"https:\/\/windpilot.com\/blog\/blog\/youtube\/sv-cocon-andreas-kyanowski-ger\/\">SV Cocon  &#8211; Andreas Kyanowski GER<\/a><\/p><\/blockquote>\n<p><iframe loading=\"lazy\" class=\"wp-embedded-content\" sandbox=\"allow-scripts\" security=\"restricted\" style=\"position: absolute; visibility: hidden;\" title=\"&#8222;SV Cocon  &#8211; Andreas Kyanowski GER&#8220; &#8212; Windpilot Blog\" src=\"https:\/\/windpilot.com\/blog\/blog\/youtube\/sv-cocon-andreas-kyanowski-ger\/embed\/#?secret=1TAQMPlvIF#?secret=zFw7Vom5c5\" data-secret=\"zFw7Vom5c5\" width=\"600\" height=\"338\" frameborder=\"0\" marginwidth=\"0\" marginheight=\"0\" scrolling=\"no\"><\/iframe><\/p>\n<p>Wenn mein Mundwerk mich rechts \u00fcberholt, habe ich immer diesen Spruch auf Lager: <strong>wenn an Bord zwei Leinen als st\u00f6rend empfunden werden &#8230; dann w\u00e4re ein Motorboot sicher eine schicke Alternative &#8230;.<\/strong><\/p>\n<p><strong>Nun zu den harten Fakten:<\/strong><br \/>\nGewicht: PP 85 kg    P  20 &#8211; 25 kg<br \/>\nPreis: PP \u20ac 9.500,00   P f\u00fcr Radsteuerung \u20ac 5.500.00<br \/>\nBefestigung: PP 8 Bolzen   P 4 Bolzen <\/p>\n<p><strong>Zu guter letzt:<\/strong> durch ein zus\u00e4tzliches Ruder am grossen Hebelarm am Heck, werden Ihre Maschinenman\u00f6ver keinesfalls besser &#8230;<\/p>\n<p>Habe die Ehre<br \/>\nPeter Foerthmann <\/p>\n<p>Antwort <\/p>\n<blockquote><p>Moin Herr Foerthmann<br \/>\nvielen Dank f\u00fcr die Links, ich habe mir alle angesehen und Sie haben mich \u00fcberzeugt was Gewicht und zus\u00e4tzlicher Nutzen der PP angeht. Mit den &#8222;Stolperfallen&#8220; habe ich die Fotos der Mittelcockpit Yachten gesehen, und die vielen Varianten der Leinenf\u00fchrung, das hat mich beruhigt. Meine Gedanken waren wegen des Achterschiffs, was doch etwas l\u00e4nger ist, als bei einer klassischen Mittelcockpit, und das Cockpit ist sehr tief, was gut f\u00fcr die Sicherheit ist, aber etwas mehr Gedanken in die Leinenf\u00fchrung bringen wird.\u00a0<br \/>\n\u00a0<br \/>\nMeine Steuerstand ist eng, wie es sein soll, wenn ich dort noch ein Radadapter draufschraube muss ich mich nochmals halbieren, w\u00e4re aber machbar. Als Alternative w\u00fcrde sich dann die Notpinne anbieten, dort geht es dann direkt auf den Quadranten, somit h\u00e4tte ich dann eine Pinnensteuerung mit dem Adapter. Oder ist das eher sinnbefreit?<br \/>\n\u00a0<br \/>\nDas w\u00fcrde ich dann nochmal an Bord genauer pr\u00fcfen.<br \/>\n\u00a0<br \/>\nAuch hat mich das Gewicht der PP doch etwas abgeschreckt. 85 Kg + das ist schon ne Menge &#8230; da ist die P schon wesentlich schlanker, auch was die Befestigung angeht.<br \/>\n\u00a0<br \/>\nW\u00fcnsche Ihnen einen sch\u00f6nen Tag und verbleibe mit vielen Gr\u00fc\u00dfen aus dem klassischen Ruhrgebiet.<\/p>\n<p>Eine wichtige Sache die ich noch erw\u00e4hnen wollte,<br \/>\nvielen Dank f\u00fcr Ihre ehrlichen Worte! Das eben heutzutage keine Selbstverst\u00e4ndlichkeit ist &#8230;<br \/>\nGr\u00fc\u00dfe<br \/>\nAndreas B.<\/p><\/blockquote>\n<p>Minuten sp\u00e4ter:<br \/>\nBesten Dank,<br \/>\nnur so funzt ein sauberer Dialog &#8230; mein Lebenselixier seit bald 50 Jahren &#8230; denn: anner\u00b4s geiht dat nich.<\/p>\n<p>Jetzt fehlen noch ein paar Fotos, dann wird die L\u00f6sung noch klarer &#8230; und mein Rat zur Steuerfreiheit, wenigstens auf See DEUTLICH.<\/p>\n<p>Und ob nun F\u00f6rthmann oder das \u00d6 mit oe, geht mir am Hinterteil vorbei, vereinfacht den Umgang mit Seglern jenseits unserer engen Grenzen &#8230; wo ich  allermeistens unterwegs bin&#8230;. zumindest virtuell.<\/p>\n<p>Allerbest<br \/>\nPeter Foerthmann<\/p>\n<p><img loading=\"lazy\" decoding=\"async\" src=\"https:\/\/windpilot.com\/blog\/wp-content\/uploads\/2024\/12\/Windpilot-Books-red.jpg\" alt=\"\" width=\"613\" height=\"109\" class=\"aligncenter size-full wp-image-32080\" srcset=\"https:\/\/windpilot.com\/blog\/wp-content\/uploads\/2024\/12\/Windpilot-Books-red.jpg 613w, https:\/\/windpilot.com\/blog\/wp-content\/uploads\/2024\/12\/Windpilot-Books-red-300x53.jpg 300w\" sizes=\"auto, (max-width: 613px) 100vw, 613px\" \/><\/p>\n<blockquote><p>Hi Peter, I am looking for a windvane\u00a0selfsteer for my Phantom 35 (tiller). Once had one, but sold it to a harbour neighbour &#8211; now cruiser who wanted to leave, still regret it.<\/p>\n<p>Now choosing between a used Aries, used windpilot pacific, used windpilot pacific plus or a new pacific, thinking it should be a new pacific.<br \/>\nWhat would be the total price for a new pacific for a phantom 35 with tiller? Are there any options to use the windpilot as an emergency rudder?<\/p><\/blockquote>\n<p>Quite a few questions compressed in a short mail. Here some answers to help you to get out of this labyrinth:<\/p>\n<p>ARIES no complaints but perhaps you should get some info to understand a bit about the differences between units of yesterday and today:<\/p>\n<blockquote class=\"wp-embedded-content\" data-secret=\"0lDc8UCZQK\"><p><a href=\"https:\/\/windpilot.com\/blog\/en\/columns\/peter-the-market\/aries\/aries-to-windpilot\/\">Aries to Windpilot<\/a><\/p><\/blockquote>\n<p><iframe loading=\"lazy\" class=\"wp-embedded-content\" sandbox=\"allow-scripts\" security=\"restricted\" style=\"position: absolute; visibility: hidden;\" title=\"&#8220;Aries to Windpilot&#8221; &#8212; Windpilot Blog EN\" src=\"https:\/\/windpilot.com\/blog\/en\/columns\/peter-the-market\/aries\/aries-to-windpilot\/embed\/#?secret=sARfftJjDy#?secret=0lDc8UCZQK\" data-secret=\"0lDc8UCZQK\" width=\"600\" height=\"338\" frameborder=\"0\" marginwidth=\"0\" marginheight=\"0\" scrolling=\"no\"><\/iframe><\/p>\n<blockquote class=\"wp-embedded-content\" data-secret=\"So4DRn4T8k\"><p><a href=\"https:\/\/windpilot.com\/blog\/en\/columns\/peter-the-market\/aries\/peter-matthiesen-2019\/\">Peter Matthiesen 2019<\/a><\/p><\/blockquote>\n<p><iframe loading=\"lazy\" class=\"wp-embedded-content\" sandbox=\"allow-scripts\" security=\"restricted\" style=\"position: absolute; visibility: hidden;\" title=\"&#8220;Peter Matthiesen 2019&#8221; &#8212; Windpilot Blog EN\" src=\"https:\/\/windpilot.com\/blog\/en\/columns\/peter-the-market\/aries\/peter-matthiesen-2019\/embed\/#?secret=WLCuIKpagG#?secret=So4DRn4T8k\" data-secret=\"So4DRn4T8k\" width=\"600\" height=\"338\" frameborder=\"0\" marginwidth=\"0\" marginheight=\"0\" scrolling=\"no\"><\/iframe><\/p>\n<blockquote class=\"wp-embedded-content\" data-secret=\"vD7BvBxAYm\"><p><a href=\"https:\/\/windpilot.com\/blog\/en\/columns\/peter-the-market\/aries\/aries-the-bad-weather-problem-no-basis-in-fact\/\">Bad weather problem<\/a><\/p><\/blockquote>\n<p><iframe loading=\"lazy\" class=\"wp-embedded-content\" sandbox=\"allow-scripts\" security=\"restricted\" style=\"position: absolute; visibility: hidden;\" title=\"&#8220;Bad weather problem&#8221; &#8212; Windpilot Blog EN\" src=\"https:\/\/windpilot.com\/blog\/en\/columns\/peter-the-market\/aries\/aries-the-bad-weather-problem-no-basis-in-fact\/embed\/#?secret=MwnElXu4Q4#?secret=vD7BvBxAYm\" data-secret=\"vD7BvBxAYm\" width=\"600\" height=\"338\" frameborder=\"0\" marginwidth=\"0\" marginheight=\"0\" scrolling=\"no\"><\/iframe><\/p>\n<p>If you want to read about the experiences in the Golden Globe Race, here is the lesson:<\/p>\n<blockquote class=\"wp-embedded-content\" data-secret=\"SdrTBW5WiD\"><p><a href=\"https:\/\/windpilot.com\/blog\/en\/golden-globe-race\/windvane-report\/\">Windvane report<\/a><\/p><\/blockquote>\n<p><iframe loading=\"lazy\" class=\"wp-embedded-content\" sandbox=\"allow-scripts\" security=\"restricted\" style=\"position: absolute; visibility: hidden;\" title=\"&#8220;Windvane report&#8221; &#8212; Windpilot Blog EN\" src=\"https:\/\/windpilot.com\/blog\/en\/golden-globe-race\/windvane-report\/embed\/#?secret=caYdDOVVHD#?secret=SdrTBW5WiD\" data-secret=\"SdrTBW5WiD\" width=\"600\" height=\"338\" frameborder=\"0\" marginwidth=\"0\" marginheight=\"0\" scrolling=\"no\"><\/iframe><\/p>\n<p><strong>PACIFIC or PACIFIC PLUS<\/strong><br \/>\n<img loading=\"lazy\" decoding=\"async\" src=\"https:\/\/windpilot.com\/blog\/wp-content\/uploads\/2022\/12\/Randlos.jpg\" alt=\"\" width=\"2410\" height=\"2142\" class=\"aligncenter size-full wp-image-28017\" srcset=\"https:\/\/windpilot.com\/blog\/wp-content\/uploads\/2022\/12\/Randlos.jpg 2410w, https:\/\/windpilot.com\/blog\/wp-content\/uploads\/2022\/12\/Randlos-300x267.jpg 300w, https:\/\/windpilot.com\/blog\/wp-content\/uploads\/2022\/12\/Randlos-1024x910.jpg 1024w, https:\/\/windpilot.com\/blog\/wp-content\/uploads\/2022\/12\/Randlos-768x683.jpg 768w, https:\/\/windpilot.com\/blog\/wp-content\/uploads\/2022\/12\/Randlos-1536x1365.jpg 1536w, https:\/\/windpilot.com\/blog\/wp-content\/uploads\/2022\/12\/Randlos-2048x1820.jpg 2048w\" sizes=\"auto, (max-width: 2410px) 100vw, 2410px\" \/>The PP unit would be perfect for my Windpilot balances \u2013 but might not be the perfect choice for you due to some serious considerations: <\/p>\n<p>&#8211; proxinity to the main rudder with interfering turbulent zone<br \/>\n&#8211; heavy weight 75 kg against 20 kg of the Pacific<br \/>\n&#8211; price<\/p>\n<p><strong>PRO-LOVED UNIT<\/strong><\/p>\n<blockquote class=\"wp-embedded-content\" data-secret=\"hCMJBzE0rx\"><p><a href=\"https:\/\/windpilot.com\/blog\/en\/tec-news\/pre-loved\/\">Pre-loved<\/a><\/p><\/blockquote>\n<p><iframe loading=\"lazy\" class=\"wp-embedded-content\" sandbox=\"allow-scripts\" security=\"restricted\" style=\"position: absolute; visibility: hidden;\" title=\"&#8220;Pre-loved&#8221; &#8212; Windpilot Blog EN\" src=\"https:\/\/windpilot.com\/blog\/en\/tec-news\/pre-loved\/embed\/#?secret=8KoWxnqBxC#?secret=hCMJBzE0rx\" data-secret=\"hCMJBzE0rx\" width=\"600\" height=\"338\" frameborder=\"0\" marginwidth=\"0\" marginheight=\"0\" scrolling=\"no\"><\/iframe><\/p>\n<p><strong>EMERGENCY RUDDER<\/strong><br \/>\n<img loading=\"lazy\" decoding=\"async\" src=\"https:\/\/windpilot.com\/blog\/wp-content\/uploads\/2022\/12\/Fuetterung.jpg\" alt=\"\" width=\"2200\" height=\"1744\" class=\"aligncenter size-full wp-image-28019\" srcset=\"https:\/\/windpilot.com\/blog\/wp-content\/uploads\/2022\/12\/Fuetterung.jpg 2200w, https:\/\/windpilot.com\/blog\/wp-content\/uploads\/2022\/12\/Fuetterung-300x238.jpg 300w, https:\/\/windpilot.com\/blog\/wp-content\/uploads\/2022\/12\/Fuetterung-1024x812.jpg 1024w, https:\/\/windpilot.com\/blog\/wp-content\/uploads\/2022\/12\/Fuetterung-768x609.jpg 768w, https:\/\/windpilot.com\/blog\/wp-content\/uploads\/2022\/12\/Fuetterung-1536x1218.jpg 1536w, https:\/\/windpilot.com\/blog\/wp-content\/uploads\/2022\/12\/Fuetterung-2048x1624.jpg 2048w\" sizes=\"auto, (max-width: 2200px) 100vw, 2200px\" \/><\/p>\n<blockquote class=\"wp-embedded-content\" data-secret=\"VMC2v7WRgo\"><p><a href=\"https:\/\/windpilot.com\/blog\/en\/tec-news\/sos-rudderless\/\">SOS &#8211; Rudderless<\/a><\/p><\/blockquote>\n<p><iframe loading=\"lazy\" class=\"wp-embedded-content\" sandbox=\"allow-scripts\" security=\"restricted\" style=\"position: absolute; visibility: hidden;\" title=\"&#8220;SOS &#8211; Rudderless&#8221; &#8212; Windpilot Blog EN\" src=\"https:\/\/windpilot.com\/blog\/en\/tec-news\/sos-rudderless\/embed\/#?secret=O0GKpWlDfq#?secret=VMC2v7WRgo\" data-secret=\"VMC2v7WRgo\" width=\"600\" height=\"338\" frameborder=\"0\" marginwidth=\"0\" marginheight=\"0\" scrolling=\"no\"><\/iframe><\/p>\n<p><strong>WORD OF MOUTH<\/strong><\/p>\n<blockquote class=\"wp-embedded-content\" data-secret=\"s2EVHcfWMI\"><p><a href=\"https:\/\/windpilot.com\/blog\/en\/tec-news\/word-of-mouth\/\">Word of Mouth<\/a><\/p><\/blockquote>\n<p><iframe loading=\"lazy\" class=\"wp-embedded-content\" sandbox=\"allow-scripts\" security=\"restricted\" style=\"position: absolute; visibility: hidden;\" title=\"&#8220;Word of Mouth&#8221; &#8212; Windpilot Blog EN\" src=\"https:\/\/windpilot.com\/blog\/en\/tec-news\/word-of-mouth\/embed\/#?secret=1sHv7SMfDR#?secret=s2EVHcfWMI\" data-secret=\"s2EVHcfWMI\" width=\"600\" height=\"338\" frameborder=\"0\" marginwidth=\"0\" marginheight=\"0\" scrolling=\"no\"><\/iframe><\/p>\n<p>To be straight: your PHANTOM 35 is extremely strongly built as the GENZEL BOATYARD did not even had a slight idea about how thin one could built a yacht in the earlier times &#8211; and glassfibre has been cheap at that times.<\/p>\n<p>Several Phantom 35 have gone around the playball.<\/p>\n<p>Most importantly: Your boat has a strong skeg hunged main rudder with 3 bearings = even after grounding the part above the skeg might last for further steering.<\/p>\n<p><strong>ORCAS<\/strong>  will damage \/ eat  \/ or playing punching ball with an auxiliary rudder unit <strong>FIRST<\/strong>, before they will discover: hej, there is another rudder to eat just in front.<\/p>\n<blockquote class=\"wp-embedded-content\" data-secret=\"MTgB4vfESQ\"><p><a href=\"https:\/\/windpilot.com\/blog\/en\/news\/the-riddle-of-the-orcas\/\">The riddle of the Orcas<\/a><\/p><\/blockquote>\n<p><iframe loading=\"lazy\" class=\"wp-embedded-content\" sandbox=\"allow-scripts\" security=\"restricted\" style=\"position: absolute; visibility: hidden;\" title=\"&#8220;The riddle of the Orcas&#8221; &#8212; Windpilot Blog EN\" src=\"https:\/\/windpilot.com\/blog\/en\/news\/the-riddle-of-the-orcas\/embed\/#?secret=UYU0mFaDYs#?secret=MTgB4vfESQ\" data-secret=\"MTgB4vfESQ\" width=\"600\" height=\"338\" frameborder=\"0\" marginwidth=\"0\" marginheight=\"0\" scrolling=\"no\"><\/iframe><\/p>\n<p>Sailing will be balance of risks and compromises &#8230; its the skipper who will have to take decisions.<\/p>\n<blockquote class=\"wp-embedded-content\" data-secret=\"x8chekMUVr\"><p><a href=\"https:\/\/windpilot.com\/blog\/en\/tec-news\/production-2\/factory-insight\/\">Factory insight<\/a><\/p><\/blockquote>\n<p><iframe loading=\"lazy\" class=\"wp-embedded-content\" sandbox=\"allow-scripts\" security=\"restricted\" style=\"position: absolute; visibility: hidden;\" title=\"&#8220;Factory insight&#8221; &#8212; Windpilot Blog EN\" src=\"https:\/\/windpilot.com\/blog\/en\/tec-news\/production-2\/factory-insight\/embed\/#?secret=ioC7a4aJXx#?secret=x8chekMUVr\" data-secret=\"x8chekMUVr\" width=\"600\" height=\"338\" frameborder=\"0\" marginwidth=\"0\" marginheight=\"0\" scrolling=\"no\"><\/iframe><\/p>\n<p>For further queries you will realize that I am almost always just a mouseclick away from you<\/p>\n<p><a href=\"https:\/\/windpilot.com\/books\/\">WINDPILOT BOOKS<\/a><\/p>\n<p>best from Hamburg<br \/>\nPeter Foerthmann<br \/>\n<img loading=\"lazy\" decoding=\"async\" src=\"https:\/\/windpilot.com\/blog\/wp-content\/uploads\/2022\/12\/Peter-Lions--150x150.jpg\" alt=\"\" width=\"150\" height=\"150\" class=\"alignleft size-thumbnail wp-image-28023\" srcset=\"https:\/\/windpilot.com\/blog\/wp-content\/uploads\/2022\/12\/Peter-Lions--150x150.jpg 150w, https:\/\/windpilot.com\/blog\/wp-content\/uploads\/2022\/12\/Peter-Lions--300x300.jpg 300w, https:\/\/windpilot.com\/blog\/wp-content\/uploads\/2022\/12\/Peter-Lions--1024x1020.jpg 1024w, https:\/\/windpilot.com\/blog\/wp-content\/uploads\/2022\/12\/Peter-Lions--768x765.jpg 768w, https:\/\/windpilot.com\/blog\/wp-content\/uploads\/2022\/12\/Peter-Lions--1536x1531.jpg 1536w, https:\/\/windpilot.com\/blog\/wp-content\/uploads\/2022\/12\/Peter-Lions-.jpg 1700w\" sizes=\"auto, (max-width: 150px) 100vw, 150px\" \/><\/p>\n","protected":false},"excerpt":{"rendered":"<p>DIE QUAL DER WAHL &#8211; ABOUT CHOICES &#8211; FORTSETZUNG EIN FALL, DER F\u00dcR VIELE STEHT, DIE AUF DER SUCHE NACH STEUERFREIHEIT SIND Nat\u00fcrlich k\u00f6nnte ich es mir einfach machen und Ihnen die PACIFIC PLUS Anlage anbieten, ans Herz legen &#8230; &hellip; <a href=\"https:\/\/windpilot.com\/blog\/press-tv\/kaufberatung\/pacific-pacific-plus\/\">Weiterlesen <span class=\"meta-nav\">&rarr;<\/span><\/a><\/p>\n","protected":false},"author":1,"featured_media":0,"parent":23567,"menu_order":-8,"comment_status":"open","ping_status":"closed","template":"","meta":{"footnotes":""},"class_list":["post-28012","page","type-page","status-publish","hentry"],"_links":{"self":[{"href":"https:\/\/windpilot.com\/blog\/wp-json\/wp\/v2\/pages\/28012","targetHints":{"allow":["GET"]}}],"collection":[{"href":"https:\/\/windpilot.com\/blog\/wp-json\/wp\/v2\/pages"}],"about":[{"href":"https:\/\/windpilot.com\/blog\/wp-json\/wp\/v2\/types\/page"}],"author":[{"embeddable":true,"href":"https:\/\/windpilot.com\/blog\/wp-json\/wp\/v2\/users\/1"}],"replies":[{"embeddable":true,"href":"https:\/\/windpilot.com\/blog\/wp-json\/wp\/v2\/comments?post=28012"}],"version-history":[{"count":10,"href":"https:\/\/windpilot.com\/blog\/wp-json\/wp\/v2\/pages\/28012\/revisions"}],"predecessor-version":[{"id":32083,"href":"https:\/\/windpilot.com\/blog\/wp-json\/wp\/v2\/pages\/28012\/revisions\/32083"}],"up":[{"embeddable":true,"href":"https:\/\/windpilot.com\/blog\/wp-json\/wp\/v2\/pages\/23567"}],"wp:attachment":[{"href":"https:\/\/windpilot.com\/blog\/wp-json\/wp\/v2\/media?parent=28012"}],"curies":[{"name":"wp","href":"https:\/\/api.w.org\/{rel}","templated":true}]}}