{"id":29738,"date":"2023-07-09T10:54:50","date_gmt":"2023-07-09T17:54:50","guid":{"rendered":"https:\/\/windpilot.com\/blog\/?page_id=29738"},"modified":"2023-07-09T10:59:52","modified_gmt":"2023-07-09T17:59:52","slug":"sv-bajka-ela-lukas-emi-ch","status":"publish","type":"page","link":"https:\/\/windpilot.com\/blog\/ausruestung\/sv-bajka-ela-lukas-emi-ch\/","title":{"rendered":"Energiemanagement"},"content":{"rendered":"<p><strong>OVNI 435 AUF WELTUMSEGELUNG<\/strong><br \/>\n<img loading=\"lazy\" decoding=\"async\" src=\"https:\/\/windpilot.com\/blog\/wp-content\/uploads\/2023\/07\/Ohne-Titel-1-1024x668.jpg\" alt=\"\" width=\"640\" height=\"418\" class=\"aligncenter size-large wp-image-29739\" srcset=\"https:\/\/windpilot.com\/blog\/wp-content\/uploads\/2023\/07\/Ohne-Titel-1-1024x668.jpg 1024w, https:\/\/windpilot.com\/blog\/wp-content\/uploads\/2023\/07\/Ohne-Titel-1-300x196.jpg 300w, https:\/\/windpilot.com\/blog\/wp-content\/uploads\/2023\/07\/Ohne-Titel-1-768x501.jpg 768w, https:\/\/windpilot.com\/blog\/wp-content\/uploads\/2023\/07\/Ohne-Titel-1-1536x1002.jpg 1536w, https:\/\/windpilot.com\/blog\/wp-content\/uploads\/2023\/07\/Ohne-Titel-1-2048x1336.jpg 2048w\" sizes=\"auto, (max-width: 640px) 100vw, 640px\" \/><img loading=\"lazy\" decoding=\"async\" src=\"https:\/\/windpilot.com\/blog\/wp-content\/uploads\/2023\/07\/Bajka-von-hinten-wp-300x200.jpg\" alt=\"\" width=\"300\" height=\"200\" class=\"alignleft size-medium wp-image-29740\" srcset=\"https:\/\/windpilot.com\/blog\/wp-content\/uploads\/2023\/07\/Bajka-von-hinten-wp-300x200.jpg 300w, https:\/\/windpilot.com\/blog\/wp-content\/uploads\/2023\/07\/Bajka-von-hinten-wp-1024x683.jpg 1024w, https:\/\/windpilot.com\/blog\/wp-content\/uploads\/2023\/07\/Bajka-von-hinten-wp-768x512.jpg 768w, https:\/\/windpilot.com\/blog\/wp-content\/uploads\/2023\/07\/Bajka-von-hinten-wp.jpg 1200w\" sizes=\"auto, (max-width: 300px) 100vw, 300px\" \/>Es gibt viele Anleitungen, wie man die Komponenten dimensioniert, um dem eigenen Energieverbrauch gerecht zu werden. Wir haben einen iterativen Ansatz gew\u00e4hlt und mal gestartet so wie unser Boot ausger\u00fcstet war. Der Vorg\u00e4nger hatte das Boot mit standard Ausr\u00fcstungen von Alubat gekauft und f\u00fcr Tagesreisen gebraucht. Damit machten wir unsere ersten Erfahrungen ein Jahr vor unserer Abreise.<br \/>\n<strong>Guidelines<\/strong><br \/>\n&#8211; Erneuerbare Energien<br \/>\n&#8211; Tiefer Energieverbrauch<br \/>\n&#8211; Wenig Motorstunden<br \/>\n&#8211; Windpilot statt elektrischer Autopilot<\/p>\n<p><a href=\"https:\/\/sailing-bajka.ch\/blog\/energie-management\/\">WEITERLESEN<\/a><\/p>\n","protected":false},"excerpt":{"rendered":"<p>OVNI 435 AUF WELTUMSEGELUNG Es gibt viele Anleitungen, wie man die Komponenten dimensioniert, um dem eigenen Energieverbrauch gerecht zu werden. Wir haben einen iterativen Ansatz gew\u00e4hlt und mal gestartet so wie unser Boot ausger\u00fcstet war. Der Vorg\u00e4nger hatte das Boot &hellip; <a href=\"https:\/\/windpilot.com\/blog\/ausruestung\/sv-bajka-ela-lukas-emi-ch\/\">Weiterlesen <span class=\"meta-nav\">&rarr;<\/span><\/a><\/p>\n","protected":false},"author":1,"featured_media":0,"parent":16900,"menu_order":-16,"comment_status":"open","ping_status":"closed","template":"","meta":{"footnotes":""},"class_list":["post-29738","page","type-page","status-publish","hentry"],"_links":{"self":[{"href":"https:\/\/windpilot.com\/blog\/wp-json\/wp\/v2\/pages\/29738","targetHints":{"allow":["GET"]}}],"collection":[{"href":"https:\/\/windpilot.com\/blog\/wp-json\/wp\/v2\/pages"}],"about":[{"href":"https:\/\/windpilot.com\/blog\/wp-json\/wp\/v2\/types\/page"}],"author":[{"embeddable":true,"href":"https:\/\/windpilot.com\/blog\/wp-json\/wp\/v2\/users\/1"}],"replies":[{"embeddable":true,"href":"https:\/\/windpilot.com\/blog\/wp-json\/wp\/v2\/comments?post=29738"}],"version-history":[{"count":2,"href":"https:\/\/windpilot.com\/blog\/wp-json\/wp\/v2\/pages\/29738\/revisions"}],"predecessor-version":[{"id":29744,"href":"https:\/\/windpilot.com\/blog\/wp-json\/wp\/v2\/pages\/29738\/revisions\/29744"}],"up":[{"embeddable":true,"href":"https:\/\/windpilot.com\/blog\/wp-json\/wp\/v2\/pages\/16900"}],"wp:attachment":[{"href":"https:\/\/windpilot.com\/blog\/wp-json\/wp\/v2\/media?parent=29738"}],"curies":[{"name":"wp","href":"https:\/\/api.w.org\/{rel}","templated":true}]}}