{"id":31052,"date":"2024-04-12T02:43:41","date_gmt":"2024-04-12T09:43:41","guid":{"rendered":"https:\/\/windpilot.com\/blog\/?page_id=31052"},"modified":"2024-04-14T11:17:49","modified_gmt":"2024-04-14T18:17:49","slug":"loss-of-sv-idalina","status":"publish","type":"page","link":"https:\/\/windpilot.com\/blog\/schiffe\/suendenfall-ruder\/loss-of-sv-idalina\/","title":{"rendered":"Loss of SV IdaLina"},"content":{"rendered":"<p><strong>UPDATE 48 HOURS LATER<\/strong><br \/>\nHier ein posting, das vom Skipper Ingmar Ravudd k\u00fcrzlich gepostet wurde:<\/p>\n<blockquote><p>IdaLina har tyv\u00e4rr f\u00f6rlist ig\u00e5r.<br \/>\nV\u00e5r hj\u00e4rtstock gick av och vi k\u00e4mpade tv\u00e5 timmar med att f\u00f6rs\u00f6ka stabilisera hj\u00e4rtstocken, det slutade med att vi fick skruva bort de tv\u00e5 kvadranterna f\u00f6r wire och autopilot och s\u00e4nka rodret. Tyv\u00e4rr var nedre lagret redan avslaget och ett 15 centimeter h\u00e5l fyller b\u00e5ten med vatten. Vi f\u00f6rs\u00f6ker t\u00e4ta h\u00e5let med all utrustning f\u00f6r detta vi hade med ombord, en extra l\u00e4nspump 220V jobbade h\u00e5rt, men det var redan vatten 2 dm ovan durkarna hela b\u00e5ten. De pumpar vi hade r\u00e4ckte inte till s\u00e5 vi fick planerande att l\u00e4mna b\u00e5ten och packade allt vi hann ta med oss i vattent\u00e4ta s\u00e4ckar. Nu \u00e4r vi i s\u00e4kerhet p\u00e5 svenska b\u00e5ten Pacific Wind som kom fram till oss precis n\u00e4r IdaLina f\u00f6rsvann i djupet. Vi \u00e4r s\u00e5 tacksamma att tv\u00e5 av v\u00e5ra svenska v\u00e4n-b\u00e5tar v\u00e4nde f\u00f6r att komma oss till unds\u00e4ttning. Vi var i v\u00e5r livflotte n\u00e4r de kom fram till oss.<\/p><\/blockquote>\n<p>DeepL \u00dcbersetzung:<br \/>\nIdaLina wurde gestern leider zum Wrack.<br \/>\nUnser Ruderschaft ist gebrochen und wir haben zwei Stunden lang versucht, den Schaft zu stabilisieren. Am Ende mussten wir die <strong>beiden Quadranten f\u00fcr Draht und Autopilot abschrauben und das Ruder ablassen<\/strong>. Leider war die untere Schicht bereits abgeflacht und ein 15 Zentimeter gro\u00dfes Loch f\u00fcllt das Boot mit Wasser. Wir versuchten, das Loch mit allem, was wir an Bord hatten, abzudichten. Eine zus\u00e4tzliche 220-Volt-Bilgepumpe leistete ganze Arbeit, aber das Wasser stand bereits 2 dm \u00fcber den Schl\u00e4uchen im ganzen Boot. Die Pumpen, die wir hatten, reichten nicht aus, also mussten wir planen, das Boot zu verlassen und packten alles, was wir mitnehmen konnten, in wasserdichte S\u00e4cke. Wir sind jetzt auf dem schwedischen Boot Pacific Wind in Sicherheit, das gerade zu uns kam, als IdaLina in den Fluten verschwand. Wir sind so dankbar, dass zwei befreundete schwedische Boote umgedreht sind, um uns zu retten. Wir befanden uns in unserer Rettungsinsel, als sie zu uns kamen.<br \/>\n<img loading=\"lazy\" decoding=\"async\" src=\"https:\/\/windpilot.com\/blog\/wp-content\/uploads\/2024\/04\/Ohne-Titel-2-1024x721.jpg\" alt=\"\" width=\"640\" height=\"451\" class=\"size-large wp-image-31064\" srcset=\"https:\/\/windpilot.com\/blog\/wp-content\/uploads\/2024\/04\/Ohne-Titel-2-1024x721.jpg 1024w, https:\/\/windpilot.com\/blog\/wp-content\/uploads\/2024\/04\/Ohne-Titel-2-300x211.jpg 300w, https:\/\/windpilot.com\/blog\/wp-content\/uploads\/2024\/04\/Ohne-Titel-2-768x540.jpg 768w, https:\/\/windpilot.com\/blog\/wp-content\/uploads\/2024\/04\/Ohne-Titel-2-1536x1081.jpg 1536w, https:\/\/windpilot.com\/blog\/wp-content\/uploads\/2024\/04\/Ohne-Titel-2-2048x1441.jpg 2048w\" sizes=\"auto, (max-width: 640px) 100vw, 640px\" \/><br \/>\nGem\u00e4ss Jefa Spezifikation f\u00fcr das Ruder der Arcona 460 sind also zwei Quadranten zur \u00dcbertragung von Radsteuer und Autopilot am oberen Schaftende dicht unterhalb des oberen Lagers korrekt befestigt gewesen.<br \/>\nDie im ersten Posting ge\u00e4usserte Vermutung eines Wartungsfehlers ( Sicherung \/ Nachspannen der Seitz\u00fcge der Radsteuerung ) ist zu revidieren, weil der Skipper die beiden Muttern selbst entfernt hat.<\/p>\n<p>Was zum Nachdenken Anlass gibt, ist die Frage von Materialerm\u00fcdung durch Vibrationen, die durch staendige Lastwechsel im Langzeitbetrieb ( das Schiff ist 20 Jahre alt! ) haben eintreten k\u00f6nnen. Hier muss bedacht werden, dass im Betrieb des Autopiloten die Verbidnung zum Ruder starr ist und keinerlei Nachgiebigkeit wie z.B. bei manuellem Steuern durch die Crew, das Material also ungleich h\u00f6her belastet wird.<\/p>\n<p><a href=\"https:\/\/www.instagram.com\/idalina_sailing\/\">IdaLina Sailing p\u00e5 Instagram<\/a><\/p>\n<p><a href=\"https:\/\/www.facebook.com\/windysailing.se\">B\u00e5ten de \u00e4r p\u00e5 just nu som r\u00e4ddade dem<\/a><\/p>\n<p><a href=\"https:\/\/arconayachts.se\/arcona-460-pacific\/\">Nyhet fr\u00e5n Arcona<\/a><\/p>\n<p><a href=\"https:\/\/www.facebook.com\/ravudd\">Ingmar p\u00e5 facebook<\/a><br \/>\n<a href=\"https:\/\/arconayachts.se\/success-in-the-arc-2021-for-arcona-460-idalina\/\">V\u00e5r resa \u00f6ver Atlanten 2022<\/a><\/p>\n<p><img loading=\"lazy\" decoding=\"async\" src=\"https:\/\/windpilot.com\/blog\/wp-content\/uploads\/2024\/04\/Windpilot-Books-red.jpg\" alt=\"\" width=\"613\" height=\"109\" class=\"aligncenter size-full wp-image-31066\" srcset=\"https:\/\/windpilot.com\/blog\/wp-content\/uploads\/2024\/04\/Windpilot-Books-red.jpg 613w, https:\/\/windpilot.com\/blog\/wp-content\/uploads\/2024\/04\/Windpilot-Books-red-300x53.jpg 300w\" sizes=\"auto, (max-width: 613px) 100vw, 613px\" \/><\/p>\n<p><strong>CONSIDERATIONS ABOUT THE LOSS SV IDA LINA IN THE PACIFIC<\/strong><br \/>\n<iframe loading=\"lazy\" width=\"560\" height=\"315\" src=\"https:\/\/www.youtube.com\/embed\/2Rh7piQzpAQ?si=BmOduGnyiUkfhaBG\" title=\"YouTube video player\" frameborder=\"0\" allow=\"accelerometer; autoplay; clipboard-write; encrypted-media; gyroscope; picture-in-picture; web-share\" referrerpolicy=\"strict-origin-when-cross-origin\" allowfullscreen><\/iframe><img loading=\"lazy\" decoding=\"async\" src=\"https:\/\/windpilot.com\/blog\/wp-content\/uploads\/2024\/04\/IMG_1212-300x225.jpeg\" alt=\"\" width=\"300\" height=\"225\" class=\"alignleft size-medium wp-image-31037\" srcset=\"https:\/\/windpilot.com\/blog\/wp-content\/uploads\/2024\/04\/IMG_1212-300x225.jpeg 300w, https:\/\/windpilot.com\/blog\/wp-content\/uploads\/2024\/04\/IMG_1212-1024x768.jpeg 1024w, https:\/\/windpilot.com\/blog\/wp-content\/uploads\/2024\/04\/IMG_1212-768x576.jpeg 768w, https:\/\/windpilot.com\/blog\/wp-content\/uploads\/2024\/04\/IMG_1212.jpeg 1280w\" sizes=\"auto, (max-width: 300px) 100vw, 300px\" \/><img loading=\"lazy\" decoding=\"async\" src=\"https:\/\/windpilot.com\/blog\/wp-content\/uploads\/2024\/04\/IMG_1211-300x225.jpeg\" alt=\"\" width=\"300\" height=\"225\" class=\"alignleft size-medium wp-image-31038\" srcset=\"https:\/\/windpilot.com\/blog\/wp-content\/uploads\/2024\/04\/IMG_1211-300x225.jpeg 300w, https:\/\/windpilot.com\/blog\/wp-content\/uploads\/2024\/04\/IMG_1211-1024x768.jpeg 1024w, https:\/\/windpilot.com\/blog\/wp-content\/uploads\/2024\/04\/IMG_1211-768x576.jpeg 768w, https:\/\/windpilot.com\/blog\/wp-content\/uploads\/2024\/04\/IMG_1211.jpeg 1280w\" sizes=\"auto, (max-width: 300px) 100vw, 300px\" \/><br \/>\nThe ARCONA 460 is designed as a performance cruiser with wheel steering, which has a diameter of + 1.10 m and presumably manages with approx. 1.2 revolutions between the stops, i.e. a very direct power transmission to achieve considerable rudder angles with only small rudder deflections at the wheel.<br \/>\nIn the first few seconds of the video we can see that the countered nuts for tensioning the cable transmission between the wheel and quadrant &#8230; are no longer present, nuts that are still present on the other side. It can be assumed that these nuts were able to work themselves loose over a longer period of time (presumably without being checked!), which could have resulted in the necessary rudder deflections becoming steadily greater. Presumably the autopilot<br \/>\n<img loading=\"lazy\" decoding=\"async\" src=\"https:\/\/windpilot.com\/blog\/wp-content\/uploads\/2024\/04\/IMG_1209-300x225.jpeg\" alt=\"\" width=\"300\" height=\"225\" class=\"alignleft size-medium wp-image-31040\" srcset=\"https:\/\/windpilot.com\/blog\/wp-content\/uploads\/2024\/04\/IMG_1209-300x225.jpeg 300w, https:\/\/windpilot.com\/blog\/wp-content\/uploads\/2024\/04\/IMG_1209-1024x768.jpeg 1024w, https:\/\/windpilot.com\/blog\/wp-content\/uploads\/2024\/04\/IMG_1209-768x576.jpeg 768w, https:\/\/windpilot.com\/blog\/wp-content\/uploads\/2024\/04\/IMG_1209.jpeg 1280w\" sizes=\"auto, (max-width: 300px) 100vw, 300px\" \/>was activated so that the &#8222;slack&#8220; in the cable transmission went unnoticed by the Crew. The cause of the damage could therefore be that the rudder with pre-balance component was increasingly exposed to considerable vibrations because it was no longer limited by clear control signals, but instead deflected uncontrollably.<\/p>\n<p><img loading=\"lazy\" decoding=\"async\" src=\"https:\/\/windpilot.com\/blog\/wp-content\/uploads\/2024\/04\/IMG_1131-Kopie.jpg\" alt=\"\" width=\"1024\" height=\"768\" class=\"aligncenter size-full wp-image-31036\" srcset=\"https:\/\/windpilot.com\/blog\/wp-content\/uploads\/2024\/04\/IMG_1131-Kopie.jpg 1024w, https:\/\/windpilot.com\/blog\/wp-content\/uploads\/2024\/04\/IMG_1131-Kopie-300x225.jpg 300w, https:\/\/windpilot.com\/blog\/wp-content\/uploads\/2024\/04\/IMG_1131-Kopie-768x576.jpg 768w\" sizes=\"auto, (max-width: 1024px) 100vw, 1024px\" \/>The broken rudder stock exhibits the typical characteristics of vibrations: concentric semicircles on both sides of the load centre.<\/p>\n<p>Die ARCONA 460 ist als Performance Cruiser mit Radsteuerung konzipiert, die + 1.10 m Durchmesser besitzt und vermutlich mit ca 1,2 Umdrehungen zwischen den Anschl\u00e4gen auskommt, also einer sehr direkten Kraft\u00fcbertragung um mit nur geringen Ruderausschl\u00e4gen am Rad erhebliche Ruderlagewinkel zu erreichen.<\/p>\n<p>In den ersten Sekunden des Videos ist zu erkennen, dass die gekonterten Muttern zur Spannung der Seilzug\u00fcbertragung zwischen Rad und Quadrant &#8230; nicht mehr vorhanden sind, Muttern, die auf der anderen Seite noch vorhanden sind. Es ist zu vermuten, dass diese Muttern sich \u00fcber einen l\u00e4ngeren Zeitraum haben losarbeiten k\u00f6nnen ( vermutlich ohne \u00dcberpr\u00fcfung! ), was zur Folge gehabt haben k\u00f6nnte, dass die notwendigen Ruderausschl\u00e4ge stetig gr\u00f6sser geworden sind. Vermutlich war der Autopilot aktiviert, sodass die &#8222;Lose&#8220; in der Seilzug\u00fcbertragung von der Crtew unbemerkt geblieben ist. Schadensursache k\u00f6nnte also sein, dass das Ruder mit Vorbalanceanteil zunehmend erheblichen Vibrationen ausgesetzt gewesen sein wird, weil es nicht mehr durch klare Steuerungssignale begrenzt, hingegen unkontrolliert ausgeschlagen ist.<\/p>\n<p>Der gebrochene Ruderschaft weist die f\u00fcr Vibrationen typischen Merkmale auf: konzentrische Halbkreise beidseitig der Lastmitte.<\/p>\n<p>just my 2cent<br \/>\nPeter Foerthmann<\/p>\n<p><a href=\"https:\/\/marineindustrynews.co.uk\/arcona-yachts-sinking\/\">STATEMENT FROM Fredrik Malmqvist, CEO ARCONA YACHTS<\/a><\/p>\n<p><strong>WEITERF\u00dcHRENDE LINKS<\/strong><\/p>\n<blockquote class=\"wp-embedded-content\" data-secret=\"EjAguBtHA3\"><p><a href=\"https:\/\/windpilot.com\/blog\/en\/ships\/sos-rudder\/\">SOS Rudder<\/a><\/p><\/blockquote>\n<p><iframe loading=\"lazy\" class=\"wp-embedded-content\" sandbox=\"allow-scripts\" security=\"restricted\" style=\"position: absolute; clip: rect(1px, 1px, 1px, 1px);\" title=\"&#8220;SOS Rudder&#8221; &#8212; Windpilot Blog EN\" src=\"https:\/\/windpilot.com\/blog\/en\/ships\/sos-rudder\/embed\/#?secret=Z1JUE4WH4q#?secret=EjAguBtHA3\" data-secret=\"EjAguBtHA3\" width=\"600\" height=\"338\" frameborder=\"0\" marginwidth=\"0\" marginheight=\"0\" scrolling=\"no\"><\/iframe><\/p>\n<blockquote class=\"wp-embedded-content\" data-secret=\"HRCitzjr1I\"><p><a href=\"https:\/\/windpilot.com\/blog\/schiffe\/suendenfall-ruder\/ruder-als-herz\/\">Ruder als Herz<\/a><\/p><\/blockquote>\n<p><iframe loading=\"lazy\" class=\"wp-embedded-content\" sandbox=\"allow-scripts\" security=\"restricted\" style=\"position: absolute; clip: rect(1px, 1px, 1px, 1px);\" title=\"&#8222;Ruder als Herz&#8220; &#8212; Windpilot Blog\" src=\"https:\/\/windpilot.com\/blog\/schiffe\/suendenfall-ruder\/ruder-als-herz\/embed\/#?secret=BgyK1LaHla#?secret=HRCitzjr1I\" data-secret=\"HRCitzjr1I\" width=\"600\" height=\"338\" frameborder=\"0\" marginwidth=\"0\" marginheight=\"0\" scrolling=\"no\"><\/iframe><\/p>\n<blockquote class=\"wp-embedded-content\" data-secret=\"tJDVJTuVfq\"><p><a href=\"https:\/\/windpilot.com\/blog\/schiffe\/suendenfall-ruder\/ruder\/\">Pflicht + K\u00fcr<\/a><\/p><\/blockquote>\n<p><iframe loading=\"lazy\" class=\"wp-embedded-content\" sandbox=\"allow-scripts\" security=\"restricted\" style=\"position: absolute; clip: rect(1px, 1px, 1px, 1px);\" title=\"&#8222;Pflicht + K\u00fcr&#8220; &#8212; Windpilot Blog\" src=\"https:\/\/windpilot.com\/blog\/schiffe\/suendenfall-ruder\/ruder\/embed\/#?secret=qVE3WansJI#?secret=tJDVJTuVfq\" data-secret=\"tJDVJTuVfq\" width=\"600\" height=\"338\" frameborder=\"0\" marginwidth=\"0\" marginheight=\"0\" scrolling=\"no\"><\/iframe><\/p>\n<blockquote class=\"wp-embedded-content\" data-secret=\"b2WDuyrAZu\"><p><a href=\"https:\/\/windpilot.com\/blog\/schiffe\/suendenfall-ruder\/suendenfall-ruder\/\">S\u00fcnden<\/a><\/p><\/blockquote>\n<p><iframe loading=\"lazy\" class=\"wp-embedded-content\" sandbox=\"allow-scripts\" security=\"restricted\" style=\"position: absolute; clip: rect(1px, 1px, 1px, 1px);\" title=\"&#8222;S\u00fcnden&#8220; &#8212; Windpilot Blog\" src=\"https:\/\/windpilot.com\/blog\/schiffe\/suendenfall-ruder\/suendenfall-ruder\/embed\/#?secret=OoPFnjoEtt#?secret=b2WDuyrAZu\" data-secret=\"b2WDuyrAZu\" width=\"600\" height=\"338\" frameborder=\"0\" marginwidth=\"0\" marginheight=\"0\" scrolling=\"no\"><\/iframe><\/p>\n<blockquote class=\"wp-embedded-content\" data-secret=\"YcuCnWwyct\"><p><a href=\"https:\/\/windpilot.com\/blog\/schiffe\/suendenfall-ruder\/ruderbruch-geschichten\/\">Orca &#8211; Havarien<\/a><\/p><\/blockquote>\n<p><iframe loading=\"lazy\" class=\"wp-embedded-content\" sandbox=\"allow-scripts\" security=\"restricted\" style=\"position: absolute; clip: rect(1px, 1px, 1px, 1px);\" title=\"&#8222;Orca &#8211; Havarien&#8220; &#8212; Windpilot Blog\" src=\"https:\/\/windpilot.com\/blog\/schiffe\/suendenfall-ruder\/ruderbruch-geschichten\/embed\/#?secret=EaxO5Nbc22#?secret=YcuCnWwyct\" data-secret=\"YcuCnWwyct\" width=\"600\" height=\"338\" frameborder=\"0\" marginwidth=\"0\" marginheight=\"0\" scrolling=\"no\"><\/iframe><\/p>\n","protected":false},"excerpt":{"rendered":"<p>UPDATE 48 HOURS LATER Hier ein posting, das vom Skipper Ingmar Ravudd k\u00fcrzlich gepostet wurde: IdaLina har tyv\u00e4rr f\u00f6rlist ig\u00e5r. V\u00e5r hj\u00e4rtstock gick av och vi k\u00e4mpade tv\u00e5 timmar med att f\u00f6rs\u00f6ka stabilisera hj\u00e4rtstocken, det slutade med att vi fick &hellip; <a href=\"https:\/\/windpilot.com\/blog\/schiffe\/suendenfall-ruder\/loss-of-sv-idalina\/\">Weiterlesen <span class=\"meta-nav\">&rarr;<\/span><\/a><\/p>\n","protected":false},"author":1,"featured_media":0,"parent":23290,"menu_order":-4,"comment_status":"open","ping_status":"open","template":"","meta":{"footnotes":""},"class_list":["post-31052","page","type-page","status-publish","hentry"],"_links":{"self":[{"href":"https:\/\/windpilot.com\/blog\/wp-json\/wp\/v2\/pages\/31052","targetHints":{"allow":["GET"]}}],"collection":[{"href":"https:\/\/windpilot.com\/blog\/wp-json\/wp\/v2\/pages"}],"about":[{"href":"https:\/\/windpilot.com\/blog\/wp-json\/wp\/v2\/types\/page"}],"author":[{"embeddable":true,"href":"https:\/\/windpilot.com\/blog\/wp-json\/wp\/v2\/users\/1"}],"replies":[{"embeddable":true,"href":"https:\/\/windpilot.com\/blog\/wp-json\/wp\/v2\/comments?post=31052"}],"version-history":[{"count":9,"href":"https:\/\/windpilot.com\/blog\/wp-json\/wp\/v2\/pages\/31052\/revisions"}],"predecessor-version":[{"id":31068,"href":"https:\/\/windpilot.com\/blog\/wp-json\/wp\/v2\/pages\/31052\/revisions\/31068"}],"up":[{"embeddable":true,"href":"https:\/\/windpilot.com\/blog\/wp-json\/wp\/v2\/pages\/23290"}],"wp:attachment":[{"href":"https:\/\/windpilot.com\/blog\/wp-json\/wp\/v2\/media?parent=31052"}],"curies":[{"name":"wp","href":"https:\/\/api.w.org\/{rel}","templated":true}]}}