{"id":33815,"date":"2025-11-13T09:22:39","date_gmt":"2025-11-13T16:22:39","guid":{"rendered":"https:\/\/windpilot.com\/blog\/?page_id=33815"},"modified":"2025-11-13T09:40:46","modified_gmt":"2025-11-13T16:40:46","slug":"eine-neue-cd","status":"publish","type":"page","link":"https:\/\/windpilot.com\/blog\/windpilot-cartoons\/eine-neue-cd\/","title":{"rendered":"Eine neue CD"},"content":{"rendered":"<p><strong>WUNDERBARE SYMBIOSE ZWEIER HERZEN, FEDER UND UKULELE<\/strong><br \/>\n<img loading=\"lazy\" decoding=\"async\" src=\"https:\/\/windpilot.com\/blog\/wp-content\/uploads\/2025\/11\/inga_vassil_guadeloupe-1024x768.jpeg\" alt=\"\" width=\"640\" height=\"480\" class=\"aligncenter size-large wp-image-33816\" srcset=\"https:\/\/windpilot.com\/blog\/wp-content\/uploads\/2025\/11\/inga_vassil_guadeloupe-1024x768.jpeg 1024w, https:\/\/windpilot.com\/blog\/wp-content\/uploads\/2025\/11\/inga_vassil_guadeloupe-300x225.jpeg 300w, https:\/\/windpilot.com\/blog\/wp-content\/uploads\/2025\/11\/inga_vassil_guadeloupe-768x576.jpeg 768w, https:\/\/windpilot.com\/blog\/wp-content\/uploads\/2025\/11\/inga_vassil_guadeloupe.jpeg 1280w\" sizes=\"auto, (max-width: 640px) 100vw, 640px\" \/>Lieber Peter,<br \/>\nwir haben uns gefragt, ob du der geheimnisvolle Spender und Unterst\u00fctzer bei unserer <a href=\"https:\/\/whydonate.com\/de\/fundraising\/duo_sturetz_inga_vassil_neue_cd\">Crowdfunding-Aktion<\/a> warst?! Wenn dem so ist hier nochmal ein gro\u00dfes Dankesch\u00f6n auch au\u00dferhalb des offiziellen Wegs!<br \/>\nBeste Gr\u00fc\u00dfe an Marzena, aus dem goldenen Herbst<br \/>\nInga&#038;Vassil<br \/>\n<img loading=\"lazy\" decoding=\"async\" src=\"https:\/\/windpilot.com\/blog\/wp-content\/uploads\/2025\/11\/inga_vassil_tahiti-1024x768.jpeg\" alt=\"\" width=\"640\" height=\"480\" class=\"aligncenter size-large wp-image-33817\" srcset=\"https:\/\/windpilot.com\/blog\/wp-content\/uploads\/2025\/11\/inga_vassil_tahiti-1024x768.jpeg 1024w, https:\/\/windpilot.com\/blog\/wp-content\/uploads\/2025\/11\/inga_vassil_tahiti-300x225.jpeg 300w, https:\/\/windpilot.com\/blog\/wp-content\/uploads\/2025\/11\/inga_vassil_tahiti-768x576.jpeg 768w, https:\/\/windpilot.com\/blog\/wp-content\/uploads\/2025\/11\/inga_vassil_tahiti.jpeg 1280w\" sizes=\"auto, (max-width: 640px) 100vw, 640px\" \/>Moin Ihr Zwei, nicht wahr, wir streben alle hier und dort zum Licht &#8230; freuen uns \u00fcber Zuspruch, Freundschaften und Reflexionen &#8230; oder gar Spenden zur Verbesserung des Auftriebs unter den Lebensfl\u00fcgeln, damit unsere Reichweite sich vergr\u00f6ssert &#8230; und wir &#8230;ohne abzust\u00fcrzen &#8230; den Horizont erreichen, um zu entdecken, dass es dahinter sogar noch weiter geht &#8230; Ja, Donnerschlag!<\/p>\n<p>So do I, mein \u00dcberlebensprinzip, ausgebaldowert, fiegeliensch und treffsicher, zwei Homunkuluse in der weiten Welt hier und dort, die uns am Leben h\u00e4lt&#8230; nat\u00fcrlich auch mit Knete. Hier meine Eloge zum Thema <a href=\"https:\/\/windpilot.com\/blog\/news\/spurverbreiterung\/\">SPURVERBREITERUNG<\/a>:<br \/>\n<img loading=\"lazy\" decoding=\"async\" src=\"https:\/\/windpilot.com\/blog\/wp-content\/uploads\/2025\/11\/inga_vassil_rudolstadt-1024x768.jpeg\" alt=\"\" width=\"640\" height=\"480\" class=\"aligncenter size-large wp-image-33818\" srcset=\"https:\/\/windpilot.com\/blog\/wp-content\/uploads\/2025\/11\/inga_vassil_rudolstadt-1024x768.jpeg 1024w, https:\/\/windpilot.com\/blog\/wp-content\/uploads\/2025\/11\/inga_vassil_rudolstadt-300x225.jpeg 300w, https:\/\/windpilot.com\/blog\/wp-content\/uploads\/2025\/11\/inga_vassil_rudolstadt-768x576.jpeg 768w, https:\/\/windpilot.com\/blog\/wp-content\/uploads\/2025\/11\/inga_vassil_rudolstadt.jpeg 1280w\" sizes=\"auto, (max-width: 640px) 100vw, 640px\" \/>Aber: <strong>ICH WAR NICHT DER 100-Euro-Peter <\/strong>&#8230;wenngleich mein Herz seit vielen Jahren treu in Eurem Lebenskielwasser Kapriolen schl\u00e4gt &#8230; und meine Denkzentrale schnelle Gedanken Blitze in schicken Cartoons verwandeln und verzaubern mag &#8230; mit denen Du schlafwandlerisch treffsicher genau meine GEDANKEN ausdr\u00fcckst &#8230; Eine schicke Symbiose &#8230; wieder und wieder.<\/p>\n<blockquote class=\"wp-embedded-content\" data-secret=\"v8z6c8rkgc\"><p><a href=\"https:\/\/windpilot.com\/blog\/news\/windpilot-a-z\/\">Windpilot  kompakt<\/a><\/p><\/blockquote>\n<p><iframe loading=\"lazy\" class=\"wp-embedded-content\" sandbox=\"allow-scripts\" security=\"restricted\" style=\"position: absolute; visibility: hidden;\" title=\"&#8222;Windpilot  kompakt&#8220; &#8212; Windpilot Blog\" src=\"https:\/\/windpilot.com\/blog\/news\/windpilot-a-z\/embed\/#?secret=Q37IhZ60Vb#?secret=v8z6c8rkgc\" data-secret=\"v8z6c8rkgc\" width=\"600\" height=\"338\" frameborder=\"0\" marginwidth=\"0\" marginheight=\"0\" scrolling=\"no\"><\/iframe><\/p>\n<p>Die Symbiose zwischen Euch &#8230;Inga und Vassil &#8230;zeigt, wohin Harmonie in einer Zweierbeziehung f\u00fchren kann, Lachfalten l\u00fcgen nicht.<br \/>\n<img loading=\"lazy\" decoding=\"async\" src=\"https:\/\/windpilot.com\/blog\/wp-content\/uploads\/2025\/11\/inga_vassil_kinderprogramm-1024x762.jpeg\" alt=\"\" width=\"640\" height=\"476\" class=\"aligncenter size-large wp-image-33822\" srcset=\"https:\/\/windpilot.com\/blog\/wp-content\/uploads\/2025\/11\/inga_vassil_kinderprogramm-1024x762.jpeg 1024w, https:\/\/windpilot.com\/blog\/wp-content\/uploads\/2025\/11\/inga_vassil_kinderprogramm-300x223.jpeg 300w, https:\/\/windpilot.com\/blog\/wp-content\/uploads\/2025\/11\/inga_vassil_kinderprogramm-768x572.jpeg 768w, https:\/\/windpilot.com\/blog\/wp-content\/uploads\/2025\/11\/inga_vassil_kinderprogramm.jpeg 1280w\" sizes=\"auto, (max-width: 640px) 100vw, 640px\" \/><strong>Ihr k\u00f6nnt die wichtigen Botschaften des Lebens aufs Minimum reduzieren.<\/strong><\/p>\n<p>Was Du, Inga mit der Zeichenfeder zu Papier bringst, erledigt Vassil mit dem kleinsten aller Instrumente&#8230; der Ukulele .. die er mit treffisicheren knappen Versen unterlegt &#8211; oder \u00fcberfl\u00fcgelt? &#8211; und einen Saal verzaubert und ringsum L\u00e4cheln auf Gesichter zaubert, w\u00e4hrend ihm die eigene Frau mit einem breiten L\u00e4cheln &#8230; zu F\u00fcssen liegt, derweil sie doch auf Augenh\u00f6he direkt neben ihm steht und ihn anhimmelt &#8230; jederzeit leicht zu erkennen.<br \/>\n<img loading=\"lazy\" decoding=\"async\" src=\"https:\/\/windpilot.com\/blog\/wp-content\/uploads\/2025\/11\/inga_vassil_berlin-1024x682.jpeg\" alt=\"\" width=\"640\" height=\"426\" class=\"aligncenter size-large wp-image-33819\" srcset=\"https:\/\/windpilot.com\/blog\/wp-content\/uploads\/2025\/11\/inga_vassil_berlin-1024x682.jpeg 1024w, https:\/\/windpilot.com\/blog\/wp-content\/uploads\/2025\/11\/inga_vassil_berlin-300x200.jpeg 300w, https:\/\/windpilot.com\/blog\/wp-content\/uploads\/2025\/11\/inga_vassil_berlin-768x512.jpeg 768w, https:\/\/windpilot.com\/blog\/wp-content\/uploads\/2025\/11\/inga_vassil_berlin.jpeg 1280w\" sizes=\"auto, (max-width: 640px) 100vw, 640px\" \/>Ein Lebensspektakel, das man sich nicht entgehen lassen sollte. Sowohl in sinnf\u00e4lligen Videos als auch in Form gepresster Silberlinge, beides geeignet, um Herzen und Sinne zu erobern und zu verzaubern. <\/p>\n<p>Unsere Wege haben sich vor <a href=\"https:\/\/windpilot.com\/blog\/windpilot-cartoons\/wie-es-begann\/\">11 Jahren gekreuzt<\/a> &#8230; es ging um Steuerfreiheit &#8230; worum wohl sonst, wenn Segler an mich ihre Botschaften formulieren? Schlie\u00dflich neigen Menschen zur Faulheit, jedenfalls auf See, wenn ihre Nussschale im Schneckentempo dem Horizont entgegen schleicht. Und bei uns hat es dann geblitzt. Dein ersten Dankesch\u00f6n Cartoon ist mir unter die Haut gefahren, hat mir unruhige N\u00e4chte verschafft. Du kannst Tr\u00e4ume auf Federstriche reduzieren und simultan Gesichter verzaubern, ganz wie Vassil, allerdings mit der spitzen Zeichenfeder.<br \/>\n<img loading=\"lazy\" decoding=\"async\" src=\"https:\/\/windpilot.com\/blog\/wp-content\/uploads\/2025\/11\/inga_vassil_blaue_blume-1024x811.jpeg\" alt=\"\" width=\"640\" height=\"507\" class=\"aligncenter size-large wp-image-33820\" srcset=\"https:\/\/windpilot.com\/blog\/wp-content\/uploads\/2025\/11\/inga_vassil_blaue_blume-1024x811.jpeg 1024w, https:\/\/windpilot.com\/blog\/wp-content\/uploads\/2025\/11\/inga_vassil_blaue_blume-300x237.jpeg 300w, https:\/\/windpilot.com\/blog\/wp-content\/uploads\/2025\/11\/inga_vassil_blaue_blume-768x608.jpeg 768w, https:\/\/windpilot.com\/blog\/wp-content\/uploads\/2025\/11\/inga_vassil_blaue_blume.jpeg 1214w\" sizes=\"auto, (max-width: 640px) 100vw, 640px\" \/>Verbindungen zwischen Menschen sind Lebenselixiere, wenn sie ehrliche Botschaften transportieren. In einer Welt, in der der Schein die ganze Welt erobert, werden Menschen vermutlich nur benutzt, ohne ihre Seele kennen gelernt zu haben.<\/p>\n<p>Das dies bei uns besser funktioniert, scheint nun bewiesen, denn unser Verbindung ist nie gerissen, derweil wir uns doch noch nie getroffen haben.<br \/>\n<img loading=\"lazy\" decoding=\"async\" src=\"https:\/\/windpilot.com\/blog\/wp-content\/uploads\/2025\/11\/inga_vassil_rudolstadt-1-1024x768.jpeg\" alt=\"\" width=\"640\" height=\"480\" class=\"aligncenter size-large wp-image-33824\" srcset=\"https:\/\/windpilot.com\/blog\/wp-content\/uploads\/2025\/11\/inga_vassil_rudolstadt-1-1024x768.jpeg 1024w, https:\/\/windpilot.com\/blog\/wp-content\/uploads\/2025\/11\/inga_vassil_rudolstadt-1-300x225.jpeg 300w, https:\/\/windpilot.com\/blog\/wp-content\/uploads\/2025\/11\/inga_vassil_rudolstadt-1-768x576.jpeg 768w, https:\/\/windpilot.com\/blog\/wp-content\/uploads\/2025\/11\/inga_vassil_rudolstadt-1.jpeg 1280w\" sizes=\"auto, (max-width: 640px) 100vw, 640px\" \/>Einen herzlichen Gruss Euch Beiden und alle guten W\u00fcnsche f\u00fcr das Gelingen weiterer Symbiosen und Projekte &#8230; derweil die unseren sich derweil in wundervollen  Cartoons stapelweise angesammelt haben &#8230; und unsterblich geworden sind. Dieser mein Blog birst von einer F\u00fclle humorvoller Botschaften, die besser und schneller ausdr\u00fccken, wozu ich mit Worten mir die Fingerkuppen wund schreiben m\u00fc\u00dfte &#8230;  <\/p>\n<p><iframe loading=\"lazy\" width=\"560\" height=\"315\" src=\"https:\/\/www.youtube.com\/embed\/n_98hlRNv38?si=rwXH1HU3YdDeEKB4\" title=\"YouTube video player\" frameborder=\"0\" allow=\"accelerometer; autoplay; clipboard-write; encrypted-media; gyroscope; picture-in-picture; web-share\" referrerpolicy=\"strict-origin-when-cross-origin\" allowfullscreen><\/iframe>Dass hier beides zusammenkommt, verdoppelt die Dichte &#8230; und vervierfacht den Spass.<\/p>\n<p>Botschaft am Tage der Allerheiligen niedergeschrieben.<br \/>\nMehr von <a href=\"https:\/\/sturetz.eu\">Inga&#038;Vassil<\/a><\/p>\n<p>01.11.2025<br \/>\nPeter Foerthmann<br \/>\n<img loading=\"lazy\" decoding=\"async\" src=\"https:\/\/windpilot.com\/blog\/wp-content\/uploads\/2025\/11\/IMG_2393-300x225.jpeg\" alt=\"\" width=\"300\" height=\"225\" class=\"alignleft size-medium wp-image-33829\" srcset=\"https:\/\/windpilot.com\/blog\/wp-content\/uploads\/2025\/11\/IMG_2393-300x225.jpeg 300w, https:\/\/windpilot.com\/blog\/wp-content\/uploads\/2025\/11\/IMG_2393-1024x768.jpeg 1024w, https:\/\/windpilot.com\/blog\/wp-content\/uploads\/2025\/11\/IMG_2393-768x576.jpeg 768w, https:\/\/windpilot.com\/blog\/wp-content\/uploads\/2025\/11\/IMG_2393.jpeg 1280w\" sizes=\"auto, (max-width: 300px) 100vw, 300px\" \/><\/p>\n","protected":false},"excerpt":{"rendered":"<p>WUNDERBARE SYMBIOSE ZWEIER HERZEN, FEDER UND UKULELE Lieber Peter, wir haben uns gefragt, ob du der geheimnisvolle Spender und Unterst\u00fctzer bei unserer Crowdfunding-Aktion warst?! Wenn dem so ist hier nochmal ein gro\u00dfes Dankesch\u00f6n auch au\u00dferhalb des offiziellen Wegs! Beste Gr\u00fc\u00dfe &hellip; <a href=\"https:\/\/windpilot.com\/blog\/windpilot-cartoons\/eine-neue-cd\/\">Weiterlesen <span class=\"meta-nav\">&rarr;<\/span><\/a><\/p>\n","protected":false},"author":1,"featured_media":0,"parent":30970,"menu_order":-5,"comment_status":"open","ping_status":"open","template":"","meta":{"footnotes":""},"class_list":["post-33815","page","type-page","status-publish","hentry"],"_links":{"self":[{"href":"https:\/\/windpilot.com\/blog\/wp-json\/wp\/v2\/pages\/33815","targetHints":{"allow":["GET"]}}],"collection":[{"href":"https:\/\/windpilot.com\/blog\/wp-json\/wp\/v2\/pages"}],"about":[{"href":"https:\/\/windpilot.com\/blog\/wp-json\/wp\/v2\/types\/page"}],"author":[{"embeddable":true,"href":"https:\/\/windpilot.com\/blog\/wp-json\/wp\/v2\/users\/1"}],"replies":[{"embeddable":true,"href":"https:\/\/windpilot.com\/blog\/wp-json\/wp\/v2\/comments?post=33815"}],"version-history":[{"count":8,"href":"https:\/\/windpilot.com\/blog\/wp-json\/wp\/v2\/pages\/33815\/revisions"}],"predecessor-version":[{"id":33831,"href":"https:\/\/windpilot.com\/blog\/wp-json\/wp\/v2\/pages\/33815\/revisions\/33831"}],"up":[{"embeddable":true,"href":"https:\/\/windpilot.com\/blog\/wp-json\/wp\/v2\/pages\/30970"}],"wp:attachment":[{"href":"https:\/\/windpilot.com\/blog\/wp-json\/wp\/v2\/media?parent=33815"}],"curies":[{"name":"wp","href":"https:\/\/api.w.org\/{rel}","templated":true}]}}