{"id":34211,"date":"2026-04-05T05:27:27","date_gmt":"2026-04-05T12:27:27","guid":{"rendered":"https:\/\/windpilot.com\/blog\/?page_id=34211"},"modified":"2026-04-05T06:17:04","modified_gmt":"2026-04-05T13:17:04","slug":"to-dk-epilog","status":"publish","type":"page","link":"https:\/\/windpilot.com\/blog\/trans-ocean-news\/to-dk-epilog\/","title":{"rendered":"2026 -TO &#8211; DK-Epilog"},"content":{"rendered":"<p><strong>WARUM TU ICH MIR DAS AN? &#8211; DES R\u00c4TSELS L\u00d6SUNG!<\/strong><br \/>\n<img loading=\"lazy\" decoding=\"async\" src=\"https:\/\/windpilot.com\/blog\/wp-content\/uploads\/2026\/04\/20251225_175721-1024x576.jpeg\" alt=\"\" width=\"640\" height=\"360\" class=\"aligncenter size-large wp-image-34213\" srcset=\"https:\/\/windpilot.com\/blog\/wp-content\/uploads\/2026\/04\/20251225_175721-1024x576.jpeg 1024w, https:\/\/windpilot.com\/blog\/wp-content\/uploads\/2026\/04\/20251225_175721-300x169.jpeg 300w, https:\/\/windpilot.com\/blog\/wp-content\/uploads\/2026\/04\/20251225_175721-768x432.jpeg 768w, https:\/\/windpilot.com\/blog\/wp-content\/uploads\/2026\/04\/20251225_175721.jpeg 1280w\" sizes=\"auto, (max-width: 640px) 100vw, 640px\" \/>Vielleicht ein guter Moment f\u00fcr ein Res\u00fcmee, warum ich einen unerh\u00f6rten Skandal in der kleinen deutschen Blauwassergemeinde mit Sauerstoff versorge? <\/p>\n<p>Seit 50 Jahren hat mein Leben einen besonderen Sinn, der sich stets und immerdar um Heckverzierungen dreht, ein klitzekleiner Lebensbereich, in dem ich wie ein Fisch im Wasser unterwegs, mich ausgetobt und jeden Winkel ausgeleuchtet habe, dar\u00fcber zu Erkenntnissen gekommen bin, die ich vehement verteidige. Die Gesetze der See haben das Wort! Was sich dort bew\u00e4hrt, tr\u00e4gt sich weiter wie der Wind. Daf\u00fcr steige ich morgens aus der Koje, kann mir ein lebenswertes Leben leisten und pflege einen respektvollen Umgang mit den Seglern. Hier liegt der Schl\u00fcssel zum Erfolg und es ist Teil meines Charakters, oder sollte ich sagen, dass es mir im Blut liegt, dass ich fest davon \u00fcberzeugt bin, dass Segler eine Art von Grundkonsens verbindet, der sozialen Umgang vereinfacht oder gar zum Vergn\u00fcgen macht! Respekt als Stichwort, nicht nur gegen\u00fcber einer wasserhaltigen Umgebung, sondern auch im Sozialget\u00fcmmel an Land, explizit gegen\u00fcber Menschen, die durch einen besonderen Sport eine Grundausrichtung erfahren haben, wenn das Gl\u00fcck auf ihrer Seite ist. Meine stete Hoffnung, die allerdings zunehmend Dellen erf\u00e4hrt, wenn oder weil \u00dcbergriffe diesen Konsens zunehmend rasant immer wieder st\u00f6ren.<br \/>\n<img loading=\"lazy\" decoding=\"async\" src=\"https:\/\/windpilot.com\/blog\/wp-content\/uploads\/2026\/04\/20260106_072936-1024x576.jpeg\" alt=\"\" width=\"640\" height=\"360\" class=\"aligncenter size-large wp-image-34217\" srcset=\"https:\/\/windpilot.com\/blog\/wp-content\/uploads\/2026\/04\/20260106_072936-1024x576.jpeg 1024w, https:\/\/windpilot.com\/blog\/wp-content\/uploads\/2026\/04\/20260106_072936-300x169.jpeg 300w, https:\/\/windpilot.com\/blog\/wp-content\/uploads\/2026\/04\/20260106_072936-768x432.jpeg 768w, https:\/\/windpilot.com\/blog\/wp-content\/uploads\/2026\/04\/20260106_072936.jpeg 1280w\" sizes=\"auto, (max-width: 640px) 100vw, 640px\" \/>Ist es Neid, der hier dazwischenf\u00e4hrt? Er f\u00e4ngt bei Schiff, Haus, Auto und der Frau an meiner Seite an, tr\u00e4gt sich rund um den Globus fort und endet ggf. bei einem Produkt, das von meiner Person nicht zu trennen ist. Neid ist ein Motor, der ohne Treibstoff funktioniert. Dieser Wesenszug allerdings ist mir fremd, vielleicht der Unterschied, der mich von den verschwiegenen TO und DK Akteuren trennt? <\/p>\n<p>So ist mir nolens volens die Rolle des Protagonisten zugefallen. Obgleich ich keinesfalls an Langeweile leide, hat sich mitten in meiner weltweiten Wasserwelt ein unsch\u00f6nes Geschw\u00fcr entwickelt, bei der mein gesunder Menschenverstand nicht mehr die Klappe halten konnte. Immerhin eine Marktnische, die dem ganzen Wasserbusiness Luft zum Atmen sicherstellt: Segeln heisst Tr\u00e4umen, womit sich Geld verdienen l\u00e4sst, mich inklusive. <\/p>\n<p>Ein \u201eneuer Besen\u201c zur Jahrtausendwende kam ans Ruder des Hochglanzmagazins, das sich, einer Gebetsm\u00fchle \u00e4hnlich, als furchterregend wichtig von sich selbst zu \u00fcberzeugen sucht. Ein neuer Mann aus einem fremden Biotop, vermutlich ohne einschl\u00e4gige Wasserqualifikationen.  Jedenfalls hat der Mann vergleichsweise flott erkannt, dass ich als Informationstankstelle einen vollen Tank bereitgehalten habe. Es wurden unz\u00e4hlige Mails gewechselt in denen es \u00fcberwiegend um dumme inhaltliche Fehler gegangen ist, die ich korrigiert habe, leider immer erst nach dem Erscheinungstag der YACHT, was ja unn\u00f6tig peinlich wurde. Nach einiger Zeit jedenfalls wurde mir eine Mitarbeit angeboten, obgleich man nur wenig \u201ezahlen k\u00f6nne\u201c. Meine Ablehnung erschien mir logisch.<\/p>\n<p>Ich habe allerdings Jochen Rieker irgendwann auf  JR verk\u00fcrzt, weil sein soziales Verhalten so frappierend dem Verhalten eines Cowboys aus der Dallas Soap \u00e4hnlich wurde, der im sozialen Miteinander ohne viel  Respekt, \u00fcbergriffig agierte. Die Spatzen haben sich die Seele aus dem Hals geschrien, Hahnenk\u00e4mpfe \u00fcberall, wie sie unter Schwarzlose oder Kr\u00fcger undenkbar gewesen w\u00e4ren. Hatte der Verleger keine Lust auf seinen Job, hat er lieber sein Auto gewaschen?<br \/>\n<img loading=\"lazy\" decoding=\"async\" src=\"https:\/\/windpilot.com\/blog\/wp-content\/uploads\/2026\/04\/Gelbmuetzen-low-1536x1045-1-1024x697.jpg\" alt=\"\" width=\"640\" height=\"436\" class=\"size-large wp-image-34218\" srcset=\"https:\/\/windpilot.com\/blog\/wp-content\/uploads\/2026\/04\/Gelbmuetzen-low-1536x1045-1-1024x697.jpg 1024w, https:\/\/windpilot.com\/blog\/wp-content\/uploads\/2026\/04\/Gelbmuetzen-low-1536x1045-1-300x204.jpg 300w, https:\/\/windpilot.com\/blog\/wp-content\/uploads\/2026\/04\/Gelbmuetzen-low-1536x1045-1-768x523.jpg 768w, https:\/\/windpilot.com\/blog\/wp-content\/uploads\/2026\/04\/Gelbmuetzen-low-1536x1045-1.jpg 1536w\" sizes=\"auto, (max-width: 640px) 100vw, 640px\" \/>Meine Jahrzehnte lange friedliche Koexistenz mit der Yacht erfuhr jedenfalls eine Z\u00e4sur, Schubumkehr tr\u00e4fe es besser. Die Skandale und Tumulte im Trans-Ocean haben die blaue Welt in schwere See gebracht, immer mit dabei ein JR Cowboyhut, den wir sogar gezeichnet haben. Wie stets im Leben, ging es um merkw\u00fcrdige Ungereimtheiten, der Kassenschrank ist ja \u00fcberall verlockend! Ich habe begonnen, die Vorg\u00e4nge zu dokumentieren und sortieren, immerhin war ich 25 Jahre Mitglied in jenem Verein, den <a href=\"https:\/\/windpilot.com\/blog\/trans-ocean-news\/die-liebe-scholle\/\">Uwe Janssen \/Yacht bereits im Jahre 2012 wie folgt beschrieb<\/a>:<br \/>\n<img loading=\"lazy\" decoding=\"async\" src=\"https:\/\/windpilot.com\/blog\/wp-content\/uploads\/2026\/04\/Heizer-klein-1024x738.jpg\" alt=\"\" width=\"640\" height=\"461\" class=\"aligncenter size-large wp-image-34221\" srcset=\"https:\/\/windpilot.com\/blog\/wp-content\/uploads\/2026\/04\/Heizer-klein-1024x738.jpg 1024w, https:\/\/windpilot.com\/blog\/wp-content\/uploads\/2026\/04\/Heizer-klein-300x216.jpg 300w, https:\/\/windpilot.com\/blog\/wp-content\/uploads\/2026\/04\/Heizer-klein-768x554.jpg 768w, https:\/\/windpilot.com\/blog\/wp-content\/uploads\/2026\/04\/Heizer-klein.jpg 1053w\" sizes=\"auto, (max-width: 640px) 100vw, 640px\" \/>Bei allem Verst\u00e4ndnis f\u00fcr den Wunsch eines ehrgeizigen Oberredakteurs, seinem Verleger eine Vereinszeitung samt angeschlossenem Verein zu apportieren \u2013 besser: zu servieren &#8211; wurde hier offenbar ein Komplott zum Nachteil von Seglern beschlossen, die man als Souver\u00e4n ja eigentlich h\u00e4tte befragen m\u00fcssen. Dank einer Besonderheit dieses Vereinsgebildes geh\u00f6rte es im TO offenbar traditionell zum Selbstverst\u00e4ndnis der Vorstandsriege, dass man den Souver\u00e4n allzu gern \u00fcberging, oder sollte ich sagen: ihm die Stimme \u201eklaut\u201c? derweil man sich eine Mehrheit unter Anwendung besonderer Tricks sicherzustellen wu\u00dfte. Pr\u00e4senzwahlrecht wurde zum gefl\u00fcgelten Wort eines Grossverein, dem Souver\u00e4n eine Teilhabe nur pers\u00f6nlich in Cuxentown zu gew\u00e4hren. \u201eTO-Politik\u201c wurde so im kleinsten Kader m\u00f6glich und auf Jahresversammlungen von einer kleinen Delegation sattelfester Mitglieder abgewunken. Dies Procedere hat \u00fcber Jahrzehnte teils abenteuerliche \u00dcbergriffe erm\u00f6glicht, Unterschlagung inklusive. Stichwort Krankenversicherung: die Drifter Trag\u00f6die hat offenbart, dass Moral Anstand und Ehre offenbar in diesem Verein kein Zuhause haben. Der Vorstand wurde in einer AO MV in 2012 ausgewechselt, dank besonderer Absprachen mit DK erfolgte sodann eine Abstimmung f\u00fcr die Geschichtsb\u00fccher: ich habe mich ebenfalls beworben, allerdings nicht gen\u00fcgend Stimmen erhalten. Uwe R\u00f6ttgering stand f\u00fcr zwei \u00c4mter parat: seine Antwort bei einem der \u00c4mter\u201enein nicht f\u00fcr dieses Amt\u201c erst f\u00fcr das zweite Amt hat er dann die Wahl angenommen. Uwe, Rechtsanwalt von Beruf, DK Autor und TO Preistr\u00e4ger hat wenig sp\u00e4ter sein Vorstandsamt niedergelegt und seine Medaille zur\u00fcckgegeben. <\/p>\n<p>Die Tumulte erstreckten sich \u00fcber Jahre, Kritik wurde mit allen Mitteln bek\u00e4mpft, Massenl\u00f6schungen im Forum bei Yacht und TO,  Gerichtsverfahren, versuchte Ausschlussverfahren. Die \u00dcbergriffigkeit wurde zur Regel. Kritikern wurden schon  mal Pr\u00fcgel angedroht, Toiletteng\u00e4nge penibel aufgezeichnet, weil man \u201everf\u00e4lschte\u201c Abstimmungen bef\u00fcrchtete. <a href=\"https:\/\/windpilot.com\/blog\/trans-ocean-news\/2023-sarggasse\/\">Auch wurde \u201eKritikern\u201c schon mal bedeutet<\/a>, dass f\u00fcr sie kein Platz in diesem Verein sei. <\/p>\n<p>Der Exodus von Mitgliedern verdeutlichte die Unzufriedenheit von Seglern, die sich in diesem Verein nicht mehr zuhause f\u00fchlten. Einem Verein, dessen Selbstverst\u00e4ndnis darin besteht, sich selbst in den Vordergrund zu stellen, daf\u00fcr Drehb\u00fccher und Werbefilme erstellt und einen fast unanst\u00e4ndig gro\u00dfen Anteil der Mitgliedsbeitr\u00e4ge f\u00fcr die Eigenverwaltung ausgibt. In der Aussenwerbung wird Neulingen stets vermittelt, dass man ein weltweites Netzwerk von St\u00fctzpunkten unterhalte, derweil die Kassenberichte offenbaren, dass f\u00fcr die Aufrechterhaltung seit Jahrzehnten offenbar kein nennenswerter Aufwand betrieben wird.<br \/>\n<img loading=\"lazy\" decoding=\"async\" src=\"https:\/\/windpilot.com\/blog\/wp-content\/uploads\/2026\/04\/JR-durch-die-wand-1024x515.jpg\" alt=\"\" width=\"640\" height=\"322\" class=\"size-large wp-image-34232\" srcset=\"https:\/\/windpilot.com\/blog\/wp-content\/uploads\/2026\/04\/JR-durch-die-wand-1024x515.jpg 1024w, https:\/\/windpilot.com\/blog\/wp-content\/uploads\/2026\/04\/JR-durch-die-wand-300x151.jpg 300w, https:\/\/windpilot.com\/blog\/wp-content\/uploads\/2026\/04\/JR-durch-die-wand-768x386.jpg 768w, https:\/\/windpilot.com\/blog\/wp-content\/uploads\/2026\/04\/JR-durch-die-wand-1536x773.jpg 1536w, https:\/\/windpilot.com\/blog\/wp-content\/uploads\/2026\/04\/JR-durch-die-wand-2048x1030.jpg 2048w\" sizes=\"auto, (max-width: 640px) 100vw, 640px\" \/>Unz\u00e4hlige Details eines Komplotts zwischen dem DK Verlag und einer Vermarktungs Plattform namens Trans Ocean warten seit Jahrzehnten auf Ver\u00f6ffentlichung, derweil DK kritische Berichterstattung zuverl\u00e4ssig  unterbindet. Auf dezidierte Nachfragen wurde k\u00fcrzlich schon mal auf eine Verschwiegenheitsvereinbarung hingewiesen, um Antworten zu umschiffen.<br \/>\nSo bin ich zum Alien im Wasserbusiness geworden, der in einem Umfeld \u00fcbergriffiger Medien nach retardierten Regeln lebt und wagt, eine  Meinung zu artikulieren. Nein, ich habe mir nicht vorstellen k\u00f6nnen, welch medialer Hurrikan \u00fcber mich hereinbrechen sollte! Offenbar habe ich besondere Interessen massiv gest\u00f6rt.<br \/>\nWenn Resilienz zum Fremdort wird  und die hier Verantwortlichen der Meinung sind, dass man mit <a href=\"https:\/\/windpilot.com\/blog\/deutsch-yacht-delius-klasing\/holzkoepfe-holzwege\/\">dem Holzhammer eigene Interessen durchsetzen k\u00f6nne<\/a> und skandal\u00f6se Vorg\u00e4nge am Ende in die Vergessenheit zur\u00fcck schieben zu k\u00f6nnen, sind kluge Segler vermutlich kaum zu \u00fcberzeugen. Denn ein Flaschengeist hat keinen R\u00fcckw\u00e4rtsgang!<\/p>\n<p>So konnte ein Klima respektlosen Umgangs entstehen, in dem umglaubliche Vorg\u00e4nge und Aktionen stattgefunden haben. <strong>Erkl\u00e4rung f\u00fcr Klippsch\u00fcler: Peter Foerthmann hat Schuld!<\/strong>  Und heute? Alles Schnee von gestern? Mitnichten, meine Meinung steht! Die Kollateralsch\u00e4den dieses Strickmuster\u00b4s wirken bis heute. Coby + Arnold Lelijveld ( 78 ) leben in Frankreich in Armut, Coby ist unheilbar krank.<\/p>\n<p>Ich vermisse Respekt, der im sensiblen Umgang zwischen klugen Seglern Stand der Technik sein sollte. Wenn ein Dialog hingegen nicht mehr stattfindet, ist dies <a href=\"https:\/\/windpilot.com\/blog\/trans-ocean-news\/sv-drifter-2022-news\/\">ein Offenbarungseid der besonderer Art<\/a>.  <\/p>\n<p>Der Drifter Skandal wurde zur Bankrotterkl\u00e4rung f\u00fcr einen Verein, der unter der Mimikry vermeintlicher Gemeinn\u00fctzigkeit vermutlich dauerhaft Vereinsverm\u00f6gen \u201eumleitet \u2013 zweckentfremdet\u201c und als Aussenstelle eines Verlags f\u00fcr den Abverkauf von Druckerzeugnissen Sorge getragen hat und tr\u00e4gt. Denn, nicht wahr, wie konnte es geschehen, dass die Familie Lelijveld offenbar unter Vorsatz um eine Kompensation von Hospitalkosten in Panama in H\u00f6he von $ 110.000 betrogen wurde? Angesichts eines Guthabens in der Vereinskasse im Bereich von \u20ac 300.000, doppelt skandal\u00f6s, wenn nahezu zeitgleich von diesem Geld ( Beitragsgelder! ) der Kampf gegen Kritiker bezahlt wurde, um sie zum Schweigen oder gar Austritt zu bewegen? Ich habe bereits fr\u00fch auf die Liaison zwischen TO und DK hingewiesen und den Verdacht ge\u00e4ussert, dass hier ein Dirigent \u201evermutlich\u201c den Tausch der Vereinsmitglieder im Sinn hatte: langj\u00e4hrig, kritische Mitglieder raus, um sodann neue Mitglieder \u00fcber gewogene Berichte anzuwerben, die ihr geringeres Wissen rund um einen f\u00fcr sie neuen Sport, durch Zukauf von Druckerzeugen und geringer Kritik am Verein \u2013 und dessen Vergangenheit! &#8211; final endlich den ersehnten Frieden herzustellen.<\/p>\n<p>Die Heftigkeit der Reaktionen der hier agierenden Dirigenten nehme ich als Beweis f\u00fcr die Richtigkeit meiner Vermutungen. Allesamt Segler, kaum zu glauben! Einen vergleichbaren Skandal \/ Krieg in unserer kleinen Wasserwelt hat es vermutlich noch nie gegeben. Die Weigerung des DK Verlags, das wahre Gesicht ihres Prot\u00e9g\u00e9s namens TO, seinen Lesern zu unterbreiten, wirft ein ungutes Bild auf den Verleger und Menschen, die hier auf der falschen Seite stehen, weil ihr Vorurteil bereits zementiert erscheint..<br \/>\n<img loading=\"lazy\" decoding=\"async\" src=\"https:\/\/windpilot.com\/blog\/wp-content\/uploads\/2026\/04\/Seglerpaepte-gr-1024x754.jpg\" alt=\"\" width=\"640\" height=\"471\" class=\"aligncenter size-large wp-image-34230\" srcset=\"https:\/\/windpilot.com\/blog\/wp-content\/uploads\/2026\/04\/Seglerpaepte-gr-1024x754.jpg 1024w, https:\/\/windpilot.com\/blog\/wp-content\/uploads\/2026\/04\/Seglerpaepte-gr-300x221.jpg 300w, https:\/\/windpilot.com\/blog\/wp-content\/uploads\/2026\/04\/Seglerpaepte-gr-768x566.jpg 768w, https:\/\/windpilot.com\/blog\/wp-content\/uploads\/2026\/04\/Seglerpaepte-gr.jpg 1169w\" sizes=\"auto, (max-width: 640px) 100vw, 640px\" \/><br \/>\nDie Welt ist gr\u00f6sser als jene, die in B\u00fcchern sorgsam lektoriert vorgegaukelt oder in einem Verein mit unr\u00fchmlicher Vergangenheit, potentiellen Seglern Mitgliedern als Wurst vor die Nase gehalten wird. Werbung macht\u00b4s m\u00f6glich, der Segler bezahlt sowieso! Klappt allerdings nicht unbedingt bei Menschen mit besserem Weitblick. Wer diese Rezeptur ausgedacht und mit Akribie gegen alle Widerst\u00e4nde durchzusetzen sucht, darauf vertraut, dass man mit Werbung alles erkaufen kann, sei daran erinnert, dass Segler ein besonderes Volk sind, die allzu meist erkennen, welchem B\u00e4ren sie hier aufzusitzen eingeladen werden. Die Zahl ausgetretener TO Mitglieder illuminiert dies eindrucksvoll. Nichtsdestotrotz haben Vorst\u00e4nde und Verleger seit Jahrzehnten unter Vorsatz die Fakten negiert und den <a href=\"https:\/\/windpilot.com\/blog\/trans-ocean-news\/deutsch-trans-ocean-e-v-gate\/deutsch-trans-ocean-e-v-als-beute\/\">TO als Beute angenommen<\/a>, siehe mein Blog vom Februar 2013. <\/p>\n<p>Meine Welt funzt anders und ich befinde mich umgeben von klugen Seglern, deren Stellungnahme nachzulesen ist. <\/p>\n<blockquote class=\"wp-embedded-content\" data-secret=\"4uHS6QHqE5\"><p><a href=\"https:\/\/windpilot.com\/blog\/trans-ocean-news\/deutsch-kommentare\/\">2013 Kommentare<\/a><\/p><\/blockquote>\n<p><iframe loading=\"lazy\" class=\"wp-embedded-content\" sandbox=\"allow-scripts\" security=\"restricted\" style=\"position: absolute; visibility: hidden;\" title=\"&#8222;2013 Kommentare&#8220; &#8211; Windpilot Blog\" src=\"https:\/\/windpilot.com\/blog\/trans-ocean-news\/deutsch-kommentare\/embed\/#?secret=G6EJxrRrgp#?secret=4uHS6QHqE5\" data-secret=\"4uHS6QHqE5\" width=\"600\" height=\"338\" frameborder=\"0\" marginwidth=\"0\" marginheight=\"0\" scrolling=\"no\"><\/iframe><br \/>\nIn meiner Welt haben wir Coby+Arnold sofort unterst\u00fctzt, derweil der TO Vorstand zun\u00e4chst juristisch \u00fcberpr\u00fcfen lassen wollte, dass er leider leider aus der Vereinskasse nicht unterst\u00fctzen d\u00fcrfe, um seine Gemeinn\u00fctzigkeit nicht zu gef\u00e4hrden!<br \/>\n<strong>DIE SEE IM HERZEN? Das darf angezweifelt werden!<\/strong><br \/>\n<img loading=\"lazy\" decoding=\"async\" src=\"https:\/\/windpilot.com\/blog\/wp-content\/uploads\/2026\/04\/TOter-Zwerg-1024x775.jpg\" alt=\"\" width=\"640\" height=\"484\" class=\"aligncenter size-large wp-image-34228\" srcset=\"https:\/\/windpilot.com\/blog\/wp-content\/uploads\/2026\/04\/TOter-Zwerg-1024x775.jpg 1024w, https:\/\/windpilot.com\/blog\/wp-content\/uploads\/2026\/04\/TOter-Zwerg-300x227.jpg 300w, https:\/\/windpilot.com\/blog\/wp-content\/uploads\/2026\/04\/TOter-Zwerg-768x581.jpg 768w, https:\/\/windpilot.com\/blog\/wp-content\/uploads\/2026\/04\/TOter-Zwerg-1536x1163.jpg 1536w, https:\/\/windpilot.com\/blog\/wp-content\/uploads\/2026\/04\/TOter-Zwerg.jpg 2000w\" sizes=\"auto, (max-width: 640px) 100vw, 640px\" \/><\/p>\n<blockquote class=\"wp-embedded-content\" data-secret=\"EwAk4HWLho\"><p><a href=\"https:\/\/windpilot.com\/blog\/trans-ocean-news\/deutsch-drifter\/deutsch-e-3-65000\/\">Spender Liste<\/a><\/p><\/blockquote>\n<p><iframe loading=\"lazy\" class=\"wp-embedded-content\" sandbox=\"allow-scripts\" security=\"restricted\" style=\"position: absolute; visibility: hidden;\" title=\"&#8222;Spender Liste&#8220; &#8211; Windpilot Blog\" src=\"https:\/\/windpilot.com\/blog\/trans-ocean-news\/deutsch-drifter\/deutsch-e-3-65000\/embed\/#?secret=OQGmeod11N#?secret=EwAk4HWLho\" data-secret=\"EwAk4HWLho\" width=\"600\" height=\"338\" frameborder=\"0\" marginwidth=\"0\" marginheight=\"0\" scrolling=\"no\"><\/iframe><br \/>\n<img loading=\"lazy\" decoding=\"async\" src=\"https:\/\/windpilot.com\/blog\/wp-content\/uploads\/2026\/04\/Am-Arsch-Vorbei-klein-1024x718.jpg\" alt=\"\" width=\"640\" height=\"449\" class=\"aligncenter size-large wp-image-34223\" srcset=\"https:\/\/windpilot.com\/blog\/wp-content\/uploads\/2026\/04\/Am-Arsch-Vorbei-klein-1024x718.jpg 1024w, https:\/\/windpilot.com\/blog\/wp-content\/uploads\/2026\/04\/Am-Arsch-Vorbei-klein-300x210.jpg 300w, https:\/\/windpilot.com\/blog\/wp-content\/uploads\/2026\/04\/Am-Arsch-Vorbei-klein-768x538.jpg 768w, https:\/\/windpilot.com\/blog\/wp-content\/uploads\/2026\/04\/Am-Arsch-Vorbei-klein.jpg 1066w\" sizes=\"auto, (max-width: 640px) 100vw, 640px\" \/>Ein Verleger, der seiner Leserschaft auf offener B\u00fchne \u201edas blanke Hinterteil\u201c, entgegen h\u00e4lt, indem er ihnen elementare Informationen jahrzehntelang vorenth\u00e4lt, verliert an Glaubw\u00fcrdigkeit, derweil kluge Segler vermutlich schon weggelaufen sind.<br \/>\nSegler sind empfindsam f\u00fcr Moral und Anstand und ich halte die Liaison von Verein und Verlag als f\u00fcr beide Partner wenig vorteilhaft, weil sie sich gegenseitig in den Abgrund ziehen, zumindest in den Augen kluger Segler,  die von besseren Einsichten gepr\u00e4gt einen wundervollen Sport aus\u00fcben und sich ungern bevormunden lassen.<br \/>\nAls Protagonist weiss ich heute, zu welch brutalen Massnahmen Tran-Ocean und Verleger f\u00e4hig und willig sind, ihren vermeintlichen Claim, bzw. den Traum davon, zu realisieren, eine erstaunliche Erfahrung, die ich mir gern erspart h\u00e4tte. Ich habe mich entschlossen dies als besondere Erfahrung resilient zu verdauen, signalisiert es doch, dass hier grosse Verzweiflung herrschen muss, wenn man derart sein Gesicht verliert. F\u00fcr mich wird eine Presse, die ihre Verantwortung ihren Lesern gegen\u00fcber derart negiert, obsolet, \u2026 sie wird nicht \u00fcberleben k\u00f6nnen, wenn kluge Segler dies erst erkennen. <\/p>\n<p>An diesem Prozess helfe ich gerne mit meiner Meinung, dem Sinn f\u00fcr diesen Epilog.<\/p>\n<p>04.04.2026<br \/>\nPeter Foerthmann<br \/>\n<img loading=\"lazy\" decoding=\"async\" src=\"https:\/\/windpilot.com\/blog\/wp-content\/uploads\/2026\/04\/Hammer-Peter-300x243.jpg\" alt=\"\" width=\"300\" height=\"243\" class=\"size-medium wp-image-34225\" srcset=\"https:\/\/windpilot.com\/blog\/wp-content\/uploads\/2026\/04\/Hammer-Peter-300x243.jpg 300w, https:\/\/windpilot.com\/blog\/wp-content\/uploads\/2026\/04\/Hammer-Peter-1024x830.jpg 1024w, https:\/\/windpilot.com\/blog\/wp-content\/uploads\/2026\/04\/Hammer-Peter-768x623.jpg 768w, https:\/\/windpilot.com\/blog\/wp-content\/uploads\/2026\/04\/Hammer-Peter-1536x1246.jpg 1536w, https:\/\/windpilot.com\/blog\/wp-content\/uploads\/2026\/04\/Hammer-Peter.jpg 1640w\" sizes=\"auto, (max-width: 300px) 100vw, 300px\" \/><\/p>\n<p>weiterf\u00fchrende Links<\/p>\n<blockquote class=\"wp-embedded-content\" data-secret=\"ULPbTWkm6v\"><p><a href=\"https:\/\/windpilot.com\/blog\/news\/to-kompakt\/\">TO kompakt<\/a><\/p><\/blockquote>\n<p><iframe loading=\"lazy\" class=\"wp-embedded-content\" sandbox=\"allow-scripts\" security=\"restricted\" style=\"position: absolute; visibility: hidden;\" title=\"&#8222;TO kompakt&#8220; &#8211; Windpilot Blog\" src=\"https:\/\/windpilot.com\/blog\/news\/to-kompakt\/embed\/#?secret=EY4XzDalHl#?secret=ULPbTWkm6v\" data-secret=\"ULPbTWkm6v\" width=\"600\" height=\"338\" frameborder=\"0\" marginwidth=\"0\" marginheight=\"0\" scrolling=\"no\"><\/iframe><\/p>\n<blockquote class=\"wp-embedded-content\" data-secret=\"biZvoS6x73\"><p><a href=\"https:\/\/windpilot.com\/blog\/trans-ocean-news\/marcus-warnke\/\">2026 -Marcus Warnke<\/a><\/p><\/blockquote>\n<p><iframe loading=\"lazy\" class=\"wp-embedded-content\" sandbox=\"allow-scripts\" security=\"restricted\" style=\"position: absolute; visibility: hidden;\" title=\"&#8222;2026 -Marcus Warnke&#8220; &#8211; Windpilot Blog\" src=\"https:\/\/windpilot.com\/blog\/trans-ocean-news\/marcus-warnke\/embed\/#?secret=tCvSBNgkkE#?secret=biZvoS6x73\" data-secret=\"biZvoS6x73\" width=\"600\" height=\"338\" frameborder=\"0\" marginwidth=\"0\" marginheight=\"0\" scrolling=\"no\"><\/iframe><\/p>\n<blockquote class=\"wp-embedded-content\" data-secret=\"ReNVJUKa0j\"><p><a href=\"https:\/\/windpilot.com\/blog\/trans-ocean-news\/2026-lars-joachim-rose\/\">2026 &#8211; Lars J. Rose<\/a><\/p><\/blockquote>\n<p><iframe loading=\"lazy\" class=\"wp-embedded-content\" sandbox=\"allow-scripts\" security=\"restricted\" style=\"position: absolute; visibility: hidden;\" title=\"&#8222;2026 &#8211; Lars J. Rose&#8220; &#8211; Windpilot Blog\" src=\"https:\/\/windpilot.com\/blog\/trans-ocean-news\/2026-lars-joachim-rose\/embed\/#?secret=kBHO5CNBg0#?secret=ReNVJUKa0j\" data-secret=\"ReNVJUKa0j\" width=\"600\" height=\"338\" frameborder=\"0\" marginwidth=\"0\" marginheight=\"0\" scrolling=\"no\"><\/iframe><\/p>\n<blockquote class=\"wp-embedded-content\" data-secret=\"EUO34YPvvq\"><p><a href=\"https:\/\/windpilot.com\/blog\/trans-ocean-news\/50-jahre-stillstand\/\">50 Jahre Stillstand<\/a><\/p><\/blockquote>\n<p><iframe loading=\"lazy\" class=\"wp-embedded-content\" sandbox=\"allow-scripts\" security=\"restricted\" style=\"position: absolute; visibility: hidden;\" title=\"&#8222;50 Jahre Stillstand&#8220; &#8211; Windpilot Blog\" src=\"https:\/\/windpilot.com\/blog\/trans-ocean-news\/50-jahre-stillstand\/embed\/#?secret=BqrvMyYU3E#?secret=EUO34YPvvq\" data-secret=\"EUO34YPvvq\" width=\"600\" height=\"338\" frameborder=\"0\" marginwidth=\"0\" marginheight=\"0\" scrolling=\"no\"><\/iframe><\/p>\n","protected":false},"excerpt":{"rendered":"<p>WARUM TU ICH MIR DAS AN? &#8211; DES R\u00c4TSELS L\u00d6SUNG! Vielleicht ein guter Moment f\u00fcr ein Res\u00fcmee, warum ich einen unerh\u00f6rten Skandal in der kleinen deutschen Blauwassergemeinde mit Sauerstoff versorge? Seit 50 Jahren hat mein Leben einen besonderen Sinn, der &hellip; <a href=\"https:\/\/windpilot.com\/blog\/trans-ocean-news\/to-dk-epilog\/\">Weiterlesen <span class=\"meta-nav\">&rarr;<\/span><\/a><\/p>\n","protected":false},"author":1,"featured_media":0,"parent":5076,"menu_order":31,"comment_status":"open","ping_status":"open","template":"","meta":{"footnotes":""},"class_list":["post-34211","page","type-page","status-publish","hentry"],"_links":{"self":[{"href":"https:\/\/windpilot.com\/blog\/wp-json\/wp\/v2\/pages\/34211","targetHints":{"allow":["GET"]}}],"collection":[{"href":"https:\/\/windpilot.com\/blog\/wp-json\/wp\/v2\/pages"}],"about":[{"href":"https:\/\/windpilot.com\/blog\/wp-json\/wp\/v2\/types\/page"}],"author":[{"embeddable":true,"href":"https:\/\/windpilot.com\/blog\/wp-json\/wp\/v2\/users\/1"}],"replies":[{"embeddable":true,"href":"https:\/\/windpilot.com\/blog\/wp-json\/wp\/v2\/comments?post=34211"}],"version-history":[{"count":20,"href":"https:\/\/windpilot.com\/blog\/wp-json\/wp\/v2\/pages\/34211\/revisions"}],"predecessor-version":[{"id":34242,"href":"https:\/\/windpilot.com\/blog\/wp-json\/wp\/v2\/pages\/34211\/revisions\/34242"}],"up":[{"embeddable":true,"href":"https:\/\/windpilot.com\/blog\/wp-json\/wp\/v2\/pages\/5076"}],"wp:attachment":[{"href":"https:\/\/windpilot.com\/blog\/wp-json\/wp\/v2\/media?parent=34211"}],"curies":[{"name":"wp","href":"https:\/\/api.w.org\/{rel}","templated":true}]}}