{"id":4527,"date":"2011-08-07T17:34:42","date_gmt":"2011-08-08T00:34:42","guid":{"rendered":"https:\/\/windpilot.com\/blog\/?page_id=4527"},"modified":"2012-02-28T11:48:19","modified_gmt":"2012-02-28T18:48:19","slug":"the-arc-%e2%80%93-cause-and-effect","status":"publish","type":"page","link":"https:\/\/windpilot.com\/blog\/columns\/arc-considerations\/the-arc-%e2%80%93-cause-and-effect\/","title":{"rendered":"ARC &#8211; kollateral"},"content":{"rendered":"<p><a href=\"https:\/\/windpilot.com\/blog\/wp-content\/uploads\/2010\/12\/LPA-Dampfer.jpg\"><img loading=\"lazy\" decoding=\"async\" src=\"https:\/\/windpilot.com\/blog\/wp-content\/uploads\/2010\/12\/LPA-Dampfer-300x197.jpg\" alt=\"\" title=\"LPA Dampfer\" width=\"300\" height=\"197\" class=\"alignleft size-medium wp-image-2052\" srcset=\"https:\/\/windpilot.com\/blog\/wp-content\/uploads\/2010\/12\/LPA-Dampfer-300x197.jpg 300w, https:\/\/windpilot.com\/blog\/wp-content\/uploads\/2010\/12\/LPA-Dampfer-1024x675.jpg 1024w, https:\/\/windpilot.com\/blog\/wp-content\/uploads\/2010\/12\/LPA-Dampfer.jpg 1790w\" sizes=\"auto, (max-width: 300px) 100vw, 300px\" \/><\/a><a href=\"https:\/\/windpilot.com\/blog\/wp-content\/uploads\/2010\/12\/LPA-Anker-low.jpg\"><img loading=\"lazy\" decoding=\"async\" src=\"https:\/\/windpilot.com\/blog\/wp-content\/uploads\/2010\/12\/LPA-Anker-low-300x225.jpg\" alt=\"\" title=\"LPA Anker low\" width=\"300\" height=\"225\" class=\"alignleft size-medium wp-image-2053\" srcset=\"https:\/\/windpilot.com\/blog\/wp-content\/uploads\/2010\/12\/LPA-Anker-low-300x225.jpg 300w, https:\/\/windpilot.com\/blog\/wp-content\/uploads\/2010\/12\/LPA-Anker-low-1024x768.jpg 1024w\" sizes=\"auto, (max-width: 300px) 100vw, 300px\" \/><\/a><a href=\"https:\/\/windpilot.com\/blog\/wp-content\/uploads\/2010\/12\/LPA-Schiff-in-\u00f6l-Kopie.jpg\"><img loading=\"lazy\" decoding=\"async\" src=\"https:\/\/windpilot.com\/blog\/wp-content\/uploads\/2010\/12\/LPA-Schiff-in-\u00f6l-Kopie-300x193.jpg\" alt=\"\" title=\"LPA Schiff in \u00f6l Kopie\" width=\"300\" height=\"193\" class=\"alignleft size-medium wp-image-2054\" srcset=\"https:\/\/windpilot.com\/blog\/wp-content\/uploads\/2010\/12\/LPA-Schiff-in-\u00f6l-Kopie-300x193.jpg 300w, https:\/\/windpilot.com\/blog\/wp-content\/uploads\/2010\/12\/LPA-Schiff-in-\u00f6l-Kopie-1024x661.jpg 1024w, https:\/\/windpilot.com\/blog\/wp-content\/uploads\/2010\/12\/LPA-Schiff-in-\u00f6l-Kopie.jpg 1840w\" sizes=\"auto, (max-width: 300px) 100vw, 300px\" \/><\/a><a href=\"https:\/\/windpilot.com\/blog\/wp-content\/uploads\/2010\/12\/LPA-fr\u00fcher.jpg\"><img loading=\"lazy\" decoding=\"async\" src=\"https:\/\/windpilot.com\/blog\/wp-content\/uploads\/2010\/12\/LPA-fr\u00fcher-300x196.jpg\" alt=\"\" title=\"LPA fr\u00fcher\" width=\"300\" height=\"196\" class=\"alignleft size-medium wp-image-2055\" srcset=\"https:\/\/windpilot.com\/blog\/wp-content\/uploads\/2010\/12\/LPA-fr\u00fcher-300x196.jpg 300w, https:\/\/windpilot.com\/blog\/wp-content\/uploads\/2010\/12\/LPA-fr\u00fcher-1024x670.jpg 1024w, https:\/\/windpilot.com\/blog\/wp-content\/uploads\/2010\/12\/LPA-fr\u00fcher.jpg 1808w\" sizes=\"auto, (max-width: 300px) 100vw, 300px\" \/><\/a><a href=\"https:\/\/windpilot.com\/blog\/wp-content\/uploads\/2010\/12\/Wuhling-mit-Banane-Kopie.jpg\"><img loading=\"lazy\" decoding=\"async\" src=\"https:\/\/windpilot.com\/blog\/wp-content\/uploads\/2010\/12\/Wuhling-mit-Banane-Kopie-300x195.jpg\" alt=\"\" title=\"Wuhling mit Banane Kopie\" width=\"300\" height=\"195\" class=\"alignleft size-medium wp-image-2056\" srcset=\"https:\/\/windpilot.com\/blog\/wp-content\/uploads\/2010\/12\/Wuhling-mit-Banane-Kopie-300x195.jpg 300w, https:\/\/windpilot.com\/blog\/wp-content\/uploads\/2010\/12\/Wuhling-mit-Banane-Kopie-1024x667.jpg 1024w\" sizes=\"auto, (max-width: 300px) 100vw, 300px\" \/><\/a>Gone with the wind &#8211; sind die unbeschwerten Zeiten damaliger Segler, die sich im Herbst in Las Palmas versammelten, einander kennenlernten, bei Jimmy einen Obulus bezahlten und sich mitreissen liessen, von seiner Idee einer Atlantic Rally, einer Spass Regatta, bei der augenzwinkernd wenig verboten und vieles erlaubt gewesen ist. Hauptsache, man war dabei! <\/p>\n<p>30 Fuss Schiffe gab es viele und Familien Crews waren die Regel. Die Gesamtzahl der Teilnehmer passte notfalls in ein Zelt, das auf dem staubig ungepflasterten Hafen Vorfeld im Winde flatterte, damit die Sonne zumindest keinen Schaden auf den K\u00f6pfen der Segler anrichten konnte, wenn sie dort auf ihre instructions wartend, aufgereiht gestanden haben. <\/p>\n<p>Die Schiffe waren bezahlbar &#8211; die Eigner bodenst\u00e4ndig &#8211; Sextanten noch vorhanden &#8211; der Ton freundlich und aufgeschlossen &#8211; und social life fand auf Stegen und in dreckigen Toiletten statt.<br \/>\nF\u00fcr mich waren die Kanaren seit 1979 der perfekte Ort, vor dem Tauchgang in die nordeurop\u00e4ische Winterzeit ein wenig Sonne zu tanken &#8211; durchreisenden Seglern am Anker oder im Hafen aufzulauern und ihnen ein wenig in Sachen Steuerbefreiung zu helfen &#8211; dabei ein paar Lektionen zu lernen \u00fcber eine Materie, die damals erst wenige Jahre zu meinem Lebensmittelpunkt geworden war. Denn soviel Feedback auf einmal gibt es weltweit nur in wenigen H\u00e4fen, schlicht weil die Segelrouten in die Neue Welt allesamt in den Kanaren geb\u00fcndelt werden &#8211; man dort also mit Kohlenschaufeln lernen kann. <\/p>\n<p>Und so lernte ich 1986 bei meiner Hafen Patrouillie Jimmy Cornell kennen, als er mit Gwenda in Las Palmas erstmals seine Zelte aufgeschlagen hat.<br \/>\nAllerdings hielt ich zun\u00e4chst Abstand, huschte weiterhin von Schiff zu Schiff, rannte meinem Credo hinterher, sorgte f\u00fcr eigene und feindliche Windsteuersysteme, stellte Nerven und weibliche Mitsegler ruhig und genoss die Zeit in der Sonne mit netten Menschen. Non-Profit war f\u00fcr mich der logische Weg &#8211; warum sollte man im Hafen eine Registrierkasse aufstellen, sich und anderen die gute Laune verderben? Zudem: der Lerneffekt funtionierte ja auch r\u00fcckw\u00e4rts &#8211; in meinen Kopf hinein. <\/p>\n<p><a href=\"https:\/\/windpilot.com\/blog\/wp-content\/uploads\/2010\/12\/Jimmy-LPA-Kopie1.jpg\"><img loading=\"lazy\" decoding=\"async\" src=\"https:\/\/windpilot.com\/blog\/wp-content\/uploads\/2010\/12\/Jimmy-LPA-Kopie1-e1291567234908-195x300.jpg\" alt=\"\" title=\"Jimmy LPA Kopie\" width=\"195\" height=\"300\" class=\"alignleft size-medium wp-image-2061\" srcset=\"https:\/\/windpilot.com\/blog\/wp-content\/uploads\/2010\/12\/Jimmy-LPA-Kopie1-e1291567234908-195x300.jpg 195w, https:\/\/windpilot.com\/blog\/wp-content\/uploads\/2010\/12\/Jimmy-LPA-Kopie1-e1291567234908-666x1024.jpg 666w\" sizes=\"auto, (max-width: 195px) 100vw, 195px\" \/><\/a><a href=\"https:\/\/windpilot.com\/blog\/wp-content\/uploads\/2010\/12\/Friseur-Kopie.jpg\"><img loading=\"lazy\" decoding=\"async\" src=\"https:\/\/windpilot.com\/blog\/wp-content\/uploads\/2010\/12\/Friseur-Kopie-e1291567413656-195x300.jpg\" alt=\"\" title=\"Friseur Kopie\" width=\"195\" height=\"300\" class=\"alignleft size-medium wp-image-2063\" srcset=\"https:\/\/windpilot.com\/blog\/wp-content\/uploads\/2010\/12\/Friseur-Kopie-e1291567413656-195x300.jpg 195w, https:\/\/windpilot.com\/blog\/wp-content\/uploads\/2010\/12\/Friseur-Kopie-e1291567413656-667x1024.jpg 667w\" sizes=\"auto, (max-width: 195px) 100vw, 195px\" \/><\/a>Die Jahre sausten, Jimmie\u00b4s Flotte wuchs ins Stattliche &#8211; man lernte sich kennen &#8211; wurde freundlich begr\u00fcsst &#8211; same procedure as every year &#8211; das war die Devise aller Beteiligten! Die ARC Crew war damals ein fr\u00f6hlicher Verein, bei dem manch einer den Job ehrenamtlich erledigt hat.<br \/>\nSieben Jahre pl\u00e4tscherten die Zeiten, dann stand Jimmy pl\u00f6tzlich quer im Weg &#8211; sein Finger zeigte in meine Magengrube &#8211; und er befahl mir, am Abend im Club Nautico zu erscheinen: Punkt um Acht!<br \/>\nIch hatte Schiss und eine lange Hose auch nicht im Gep\u00e4ck, was damals wie heute Voraussetzung und Dresscode f\u00fcr diesen noblen kanarischen M\u00e4nner-Verein gewesen ist. Mein Entschluss stand fest: Ich wollte kneifen. Das Donnerwetter folgte am n\u00e4chsten Morgen, denn Jimmy hatte mir einen \u201eAward\u201c f\u00fcr treue Dienste f\u00fcr die ARC \u00fcberreichen wollen. Dumm gelaufen! Der Award wurde mir dann am Steg in die Hand gedr\u00fcckt &#8211; er h\u00e4ngt heute noch an meiner Office Wand. <\/p>\n<p><a href=\"https:\/\/windpilot.com\/blog\/wp-content\/uploads\/2010\/12\/Gloria-Kopie.jpg\"><img loading=\"lazy\" decoding=\"async\" src=\"https:\/\/windpilot.com\/blog\/wp-content\/uploads\/2010\/12\/Gloria-Kopie-199x300.jpg\" alt=\"\" title=\"Gloria Kopie\" width=\"199\" height=\"300\" class=\"alignleft size-medium wp-image-2065\" srcset=\"https:\/\/windpilot.com\/blog\/wp-content\/uploads\/2010\/12\/Gloria-Kopie-199x300.jpg 199w, https:\/\/windpilot.com\/blog\/wp-content\/uploads\/2010\/12\/Gloria-Kopie-681x1024.jpg 681w, https:\/\/windpilot.com\/blog\/wp-content\/uploads\/2010\/12\/Gloria-Kopie.jpg 1188w\" sizes=\"auto, (max-width: 199px) 100vw, 199px\" \/><\/a>Jedenfalls kroch langsam und leise eine Freundschaft um die Ecke, die peu a peu das Laufen lernte: Seminare in Las Palmas, London und Amerika wurden aus der Taufe gehoben, eine Kooperation f\u00fcr Germany als World Cruising Deutschland &#8211; gemeinsam mit Astrid+Wilhelm Greiff &#8211; ins Leben gerufen und Blauwasser Seminare in Deutschland 1998 zur Hanseboot fest etabliert.<br \/>\nEs lief alles gut &#8211; und Spass kam nie zu kurz. <\/p>\n<p>Jimmie\u00b4s Entschluss, den World Cruising Laden zur Jahrtausend Wende zu verkaufen, war eine Z\u00e4sur, hingegen sie war verst\u00e4ndlich und wurde darum allseits getragen &#8211; zudem waren \u00c4nderungen unter der Aegide des Challenge Business\u00b4 zun\u00e4chst kaum zu sp\u00fcren, abgesehen davon, dass Jimmies fr\u00fchere Assistenten nun als Managing Directors Auferstehung feierten &#8211;  und das Team fortan in gelben T-shirts durch den Hafen lief. <\/p>\n<p>Aber der Wind drehte &#8211; und Jimmy fehlte!<\/p>\n<p>Unter  Chay Blyth gab es neue Direktiven: Ernst sollte Spass abl\u00f6sen &#8211; Commercial Aspects zur neuen Devise werden! Ein Plan mit Folgen.<\/p>\n<p>War die Metamorphose des schwelligen Hafens zur Marina mit Schutzmole schon zu Jimmie\u00b4s Zeiten eingeleitet, wurde nun landseitig nachger\u00fcstet: Sandwege wurden asphaltiert, Parkpl\u00e4tze zu Ladenzeilen, Verbotszonen eingerichtet, die von Policia Lokal, Guardia Civil und Portuaria Policia fortan kostenpflichtig kontrolliert wurden.<br \/>\nEin weiterer Inhaberwechsel in 2006 ver\u00e4nderte die Gemengelage noch einmal &#8211; war das Unternehmen nicht interessant &#8211; profitabel &#8211; genug?<\/p>\n<p><a href=\"https:\/\/windpilot.com\/blog\/wp-content\/uploads\/2010\/12\/LPA-Race-low.jpg\"><img loading=\"lazy\" decoding=\"async\" src=\"https:\/\/windpilot.com\/blog\/wp-content\/uploads\/2010\/12\/LPA-Race-low-300x225.jpg\" alt=\"\" title=\"LPA Race low\" width=\"300\" height=\"225\" class=\"alignleft size-medium wp-image-2067\" srcset=\"https:\/\/windpilot.com\/blog\/wp-content\/uploads\/2010\/12\/LPA-Race-low-300x225.jpg 300w, https:\/\/windpilot.com\/blog\/wp-content\/uploads\/2010\/12\/LPA-Race-low-1024x768.jpg 1024w\" sizes=\"auto, (max-width: 300px) 100vw, 300px\" \/><\/a>Andrew Bishop, Jeremy Wyatt und Adam Gosling erwarben World Cruising Ltd von Chay Blyth und f\u00fchren den Betrieb bis heute von Cowes auf der Isle of Wight<\/p>\n<p>Ein Netzwerk von Event-, Port-, Corporate- und \u00fcber 20 Supporting Sponsors ver\u00e4nderten Ablauf, Umgang und Verhalten in Las Palmas im weiteren Verlauf.  Fortan wurde es zwingend, zun\u00e4chst einige tausend \u20ac an den Veranstalter zu zahlen, bevor man den Seglern vor Ort helfen konnte &#8211; durfte. <\/p>\n<p>Das strikte Zusammenwirken von Veranstalter, beteiligten Firmen und lokalen Beh\u00f6rden ger\u00e4t seither zum Nachteil f\u00fcr Serviceunternehmen, die nicht zuvor an der Veranstalter Kasse bezahlt hatten: sie wurden &#8211; teils polizeilich &#8211; aus dem Hafen entfernt &#8211; ein deutscher Techniker verbracht gar eine Nacht hinter Gittern. <\/p>\n<p><a href=\"https:\/\/windpilot.com\/blog\/wp-content\/uploads\/2010\/12\/ARC-start-Kopie.jpg\"><img loading=\"lazy\" decoding=\"async\" src=\"https:\/\/windpilot.com\/blog\/wp-content\/uploads\/2010\/12\/ARC-start-Kopie-300x198.jpg\" alt=\"\" title=\"ARC start Kopie\" width=\"300\" height=\"198\" class=\"alignleft size-medium wp-image-2069\" srcset=\"https:\/\/windpilot.com\/blog\/wp-content\/uploads\/2010\/12\/ARC-start-Kopie-300x198.jpg 300w, https:\/\/windpilot.com\/blog\/wp-content\/uploads\/2010\/12\/ARC-start-Kopie-1024x676.jpg 1024w\" sizes=\"auto, (max-width: 300px) 100vw, 300px\" \/><\/a>Im Verlauf weniger Jahre hat sich eine monopolartige Position ortsans\u00e4ssiger Service und Zubeh\u00f6r Betriebe entwickeln k\u00f6nnen, deren Sortiment derart umf\u00e4nglich geraten ist, dass man heute in Las Palmas am Hafen fast alles kaufen kann &#8211; allerdings zu Preisen &#8211; \u00fcber die man besser nicht nachdenkt &#8211; wenn man Magenschmerzen vermeiden m\u00f6chte. <\/p>\n<p>Service Unternehmen aus anderen Inselh\u00e4fen haben hier nicht standhalten k\u00f6nnen und so ist eine Monokultur entstanden, die f\u00fcr Segler mit geringerem Budget kaum noch zu bezahlen ist. <\/p>\n<p><a href=\"https:\/\/windpilot.com\/blog\/wp-content\/uploads\/2010\/12\/LPA-woodworker-low.jpg\"><img loading=\"lazy\" decoding=\"async\" src=\"https:\/\/windpilot.com\/blog\/wp-content\/uploads\/2010\/12\/LPA-woodworker-low-300x225.jpg\" alt=\"\" title=\"LPA woodworker low\" width=\"300\" height=\"225\" class=\"alignleft size-medium wp-image-2071\" srcset=\"https:\/\/windpilot.com\/blog\/wp-content\/uploads\/2010\/12\/LPA-woodworker-low-300x225.jpg 300w, https:\/\/windpilot.com\/blog\/wp-content\/uploads\/2010\/12\/LPA-woodworker-low-1024x768.jpg 1024w\" sizes=\"auto, (max-width: 300px) 100vw, 300px\" \/><\/a>Yachties mit handwerklichen F\u00e4higkeiten konnten fr\u00fcher auf den Kanaren ihr Bordbudget aufbessern, indem sie sich durch ortsans\u00e4ssige Unternehmen &#8211; Hafenbetreibern &#8211; auf andere Yachten haben vermitteln lassen. Unter Seglern war dies normal, weil sie ein kommunikatives Volk sind und in Hafenrunden gute Leute stets gefragt waren. Diese Segler sind heute weitergezogen, meist nach Westen.<\/p>\n<p>Segler, die ihr Budget heute aufbessern wollen und sich zur \u00c4rger Vermeidung ganz offen nach den M\u00f6glichkeiten erkundigen, werden des Hafens verwiesen, erbringen ihre Leistungen im Verschwiegenen &#8211; oder gleich an Land.<br \/>\nIn Las Palmas habe ich k\u00fcrzlich einen Segler an Bord vor Anker besucht, dessen Kockpit randvoll mit S\u00e4gesp\u00e4nen gewesen ist &#8211; nicht der allerbeste Arbeitsplatz f\u00fcr einen Holzwurm, der sein Handwerk in Geld tauschen m\u00f6chte!<br \/>\nEin anderer Segler wurde zur Arbeitssuche vor die Tore von Las Palmas verwiesen.<\/p>\n<p>Heute wacht die ortsans\u00e4ssige Konkurrenz im Verbund mit dem ARC Veranstalter \u00fcber \u201eGesetz und Ordnung\u201c &#8211; und sichert eigene Pfr\u00fcnde, auch wenn damit f\u00fcr den Segler keine bessere oder gar preiswertere L\u00f6sung von Problemen verbunden ist &#8211; eigentlich eher das Gegenteil. <\/p>\n<p>So ist die ARC zu einem Mikrokosmos geraten, in dem beteiligte Firmen &#8211; Supporter &#8211; vom Veranstalter und \u00f6rtlichen Beh\u00f6rden gesch\u00fctzt, ungest\u00f6rt ihren Gesch\u00e4ften nachgehen k\u00f6nnen &#8211; und sollen.<br \/>\nF\u00fcr Nicht ARC Segler ist Las Palmas im November nicht mehr der beste Platz, denn selbst Longterm Seglerg\u00e4ste werden radikal aus dem Hafen verwiesen, wenn sie nicht so schlau gewesen sind, sich im Club Varadero einzumieten, der preiswerter ist, als die Marina nebenan, hingegen nur \u00fcber wenige Gastliegepl\u00e4tze verf\u00fcgt. <\/p>\n<p><a href=\"https:\/\/windpilot.com\/blog\/wp-content\/uploads\/2010\/12\/Mogan-low.jpg\"><img loading=\"lazy\" decoding=\"async\" src=\"https:\/\/windpilot.com\/blog\/wp-content\/uploads\/2010\/12\/Mogan-low-300x225.jpg\" alt=\"\" title=\"Mogan low\" width=\"300\" height=\"225\" class=\"alignleft size-medium wp-image-2073\" srcset=\"https:\/\/windpilot.com\/blog\/wp-content\/uploads\/2010\/12\/Mogan-low-300x225.jpg 300w, https:\/\/windpilot.com\/blog\/wp-content\/uploads\/2010\/12\/Mogan-low-1024x768.jpg 1024w\" sizes=\"auto, (max-width: 300px) 100vw, 300px\" \/><\/a>Der Kollateral Effekt der rigiden ARC Liegeplatz Bewirtschaftung strahlt auf andere Inselh\u00e4fen und sogar auf die H\u00e4fen benachbarter Inseln aus. Es soll Segler gegeben haben, die um des Liegeplatzes willen, sich dann lieber als ARC Teilnehmer eingeschrieben haben &#8211; und hernach auf ihrem Platz liegen bleiben durften.<\/p>\n<p>Hinzu kommt, dass auch Canarios ihre Liebe zum Wasser in Flottillen von motorisierten Wasserfl\u00f6hen &#8211; kleinen und gr\u00f6sseren Motorbooten &#8211; Ausdruck verliehen haben, die allesamt einen Wasserparkplatz ben\u00f6tigen. Ganze Hundertschaften von abgeplanten Wasserspielzeugen schaukeln in Puerto Rico, Pasito Blanco und Las Palmas und warten darauf, dass Ihre Kapit\u00e4ne sie dereinst bewegen. Jedenfalls sind Liegepl\u00e4tze f\u00fcr durchreisende Wasserwanderer inzwischen knapp geworden &#8211; teurer sowieso.<\/p>\n<p>Segler, die hier finanziell nicht mithalten k\u00f6nnen &#8211; oder wollen &#8211; werden &#8211; sichtbar &#8211; hinter einen Zaun verbannt &#8211; und demn\u00e4chst auch vom Hafenzugang durch Barriere ausgeschlossen. Die Fundamente sind bereits gemauert.<\/p>\n<p><a href=\"https:\/\/windpilot.com\/blog\/wp-content\/uploads\/2010\/12\/Mogan-v.oben-Kopie.jpg\"><img loading=\"lazy\" decoding=\"async\" src=\"https:\/\/windpilot.com\/blog\/wp-content\/uploads\/2010\/12\/Mogan-v.oben-Kopie-225x300.jpg\" alt=\"\" title=\"Mogan v.oben Kopie\" width=\"225\" height=\"300\" class=\"alignleft size-medium wp-image-2075\" srcset=\"https:\/\/windpilot.com\/blog\/wp-content\/uploads\/2010\/12\/Mogan-v.oben-Kopie-225x300.jpg 225w, https:\/\/windpilot.com\/blog\/wp-content\/uploads\/2010\/12\/Mogan-v.oben-Kopie-768x1024.jpg 768w, https:\/\/windpilot.com\/blog\/wp-content\/uploads\/2010\/12\/Mogan-v.oben-Kopie.jpg 960w\" sizes=\"auto, (max-width: 225px) 100vw, 225px\" \/><\/a>Diese Entwicklung teilt die Seglerschaft in eine Zwei-Klassen Gesellschaft &#8211; eigentlich kontrapunktiv bei einem Sport, der Menschen unterschiedlichster Couleur ansonsten so ideal verbinden kann. <\/p>\n<p>Zustand und Ausr\u00fcstungsstand der Schiffe im ARC unterscheiden sich deutlich von dem anderen Schiffe, was sicherlich zum Teil mit gr\u00f6sserer finanzieller Potenz der Eigner zu erkl\u00e4ren ist &#8211; oder auch Ausdruck einer Unsicherheit, der man durch Zukauf von Sicherheit &#8211; Ausr\u00fcstung &#8211; begegnen will.<\/p>\n<p>F\u00fcr viele Segler ist die Teilnahme an der ARC Teil eines straffen Zeitplans, f\u00fcr Charterschiffe die Wintersaison in der Karibik, f\u00fcr Sabbatical Segler die Atlantik Runde, w\u00e4hrend abseits der ARC viele Longterm Cruiser einem anderen, eher flexiblerem Rythmus folgen. <\/p>\n<p>Es ist kein Geheimnis, dass der Start der ARC f\u00fcr einen sicheren Nord-Ost -Passat zu fr\u00fch, hingegen eine Ankunft im Segler Paradies Karibik noch vor Weihnachten, wichtig ist, um dortige Zeitplanungen interessant und m\u00f6glich zu machen. F\u00fcr Charterfirmen beginnt die peak season in der Karibik zu Weihnachten &#8211; und Kojen im ARC verkaufen sich traditionell besonders gut.<\/p>\n<p><a href=\"https:\/\/windpilot.com\/blog\/wp-content\/uploads\/2010\/12\/Jimmy-2010-low.jpg\"><img loading=\"lazy\" decoding=\"async\" src=\"https:\/\/windpilot.com\/blog\/wp-content\/uploads\/2010\/12\/Jimmy-2010-low-300x225.jpg\" alt=\"\" title=\"Jimmy 2010 low\" width=\"300\" height=\"225\" class=\"alignleft size-medium wp-image-2077\" srcset=\"https:\/\/windpilot.com\/blog\/wp-content\/uploads\/2010\/12\/Jimmy-2010-low-300x225.jpg 300w, https:\/\/windpilot.com\/blog\/wp-content\/uploads\/2010\/12\/Jimmy-2010-low-1024x768.jpg 1024w\" sizes=\"auto, (max-width: 300px) 100vw, 300px\" \/><\/a>Ob die diesj\u00e4hrigen Probleme im Zeitplan und Durchf\u00fchrung bei einem sp\u00e4teren Starttermin verhinderbar gewesen w\u00e4ren, wird sich erst in Folgejahren ermitteln lassen, wenn Tendenzen in Bezug auf Segler Entscheidungen und Wetterabl\u00e4ufe besser zu beurteilen sind.<\/p>\n<p>Solange jedoch gilt die alte Segler Regel weiter: eine sp\u00e4tere Abreise aus den Kanaren ist nie verkehrt.<\/p>\n<p>Die geballte Wirtschaftkraft einer ARC Flotte ist f\u00fcr den Standort Las Palmas &#8211; und die Insel Region derart wichtig geworden, dass \u00f6rtliche Beh\u00f6rden  als Sponsoren agieren und Sachleistungen in der Kosten\u00fcbernahme von Hotelkosten und Veranstaltungs Durchf\u00fchrung \u00fcbernehmen. Wenn dar\u00fcberhinaus dann Einzel Sponsoren f\u00fcr Parties, Feuerwerk oder Ausfl\u00fcge bezahlen und schlussendlich eine Abschiedsparty f\u00fcr 1000 Teilnehmer mit Paella Essen veranstaltet wird, bei der sogar das Porzellan knapp zu werden droht, mag sich mancher Segler bange fragen, f\u00fcr wen sich das Ganze wohl am meisten gerechnet hat. <\/p>\n<p><a href=\"https:\/\/windpilot.com\/blog\/wp-content\/uploads\/2010\/12\/ARC-start-2010low.jpg\"><img loading=\"lazy\" decoding=\"async\" src=\"https:\/\/windpilot.com\/blog\/wp-content\/uploads\/2010\/12\/ARC-start-2010low-300x225.jpg\" alt=\"\" title=\"ARC start 2010low\" width=\"300\" height=\"225\" class=\"alignleft size-medium wp-image-2079\" srcset=\"https:\/\/windpilot.com\/blog\/wp-content\/uploads\/2010\/12\/ARC-start-2010low-300x225.jpg 300w, https:\/\/windpilot.com\/blog\/wp-content\/uploads\/2010\/12\/ARC-start-2010low-1024x768.jpg 1024w\" sizes=\"auto, (max-width: 300px) 100vw, 300px\" \/><\/a>Dar\u00fcber nachzudenken jedenfalls haben die Segler nach aufregenden Tagen in Las Palmas und anschliessendem Start, dann auf See viele Tage Zeit, bevor sich in St. Lucia eine \u00e4hnliche Veranstaltungs Lawine in gr\u00f6\u00dferer W\u00e4rme dann noch einmal \u00fcber sie ergiesst. <\/p>\n<p>Ob und wie die bislang gewohnten Abl\u00e4ufe im Ziel bei der diesj\u00e4hrigen ARC sich allerdings realisieren lassen, das wird man erst beurteilen k\u00f6nnen, wenn nach dem ersten Motorboot auch die letzten Segler in St. Lucia eingetroffen sind. <\/p>\n<p>So wie es aussieht, wird es gen\u00fcgend viele Gr\u00fcnde geben, Art und Inhalte derartiger Veranstaltungen zu \u00fcberdenken, wenn es nicht nur f\u00fcr den Veranstalter profitabel, hingegen auch attraktiv f\u00fcr die Segler Kundschaft bleiben soll. <\/p>\n<p>Diesen Spagat zu bestehen, kann zur Herkulesaufgabe geraten, denn es gibt soviele Routen und M\u00f6glichkeiten wie die Suche nach dem warmen Wind Richtung Westen.<\/p>\n<p>Peter Foerthmann<\/p>\n","protected":false},"excerpt":{"rendered":"<p>Gone with the wind &#8211; sind die unbeschwerten Zeiten damaliger Segler, die sich im Herbst in Las Palmas versammelten, einander kennenlernten, bei Jimmy einen Obulus bezahlten und sich mitreissen liessen, von seiner Idee einer Atlantic Rally, einer Spass Regatta, bei &hellip; <a href=\"https:\/\/windpilot.com\/blog\/columns\/arc-considerations\/the-arc-%e2%80%93-cause-and-effect\/\">Weiterlesen <span class=\"meta-nav\">&rarr;<\/span><\/a><\/p>\n","protected":false},"author":1,"featured_media":0,"parent":6621,"menu_order":1,"comment_status":"open","ping_status":"closed","template":"","meta":{"footnotes":""},"class_list":["post-4527","page","type-page","status-publish","hentry"],"_links":{"self":[{"href":"https:\/\/windpilot.com\/blog\/wp-json\/wp\/v2\/pages\/4527","targetHints":{"allow":["GET"]}}],"collection":[{"href":"https:\/\/windpilot.com\/blog\/wp-json\/wp\/v2\/pages"}],"about":[{"href":"https:\/\/windpilot.com\/blog\/wp-json\/wp\/v2\/types\/page"}],"author":[{"embeddable":true,"href":"https:\/\/windpilot.com\/blog\/wp-json\/wp\/v2\/users\/1"}],"replies":[{"embeddable":true,"href":"https:\/\/windpilot.com\/blog\/wp-json\/wp\/v2\/comments?post=4527"}],"version-history":[{"count":0,"href":"https:\/\/windpilot.com\/blog\/wp-json\/wp\/v2\/pages\/4527\/revisions"}],"up":[{"embeddable":true,"href":"https:\/\/windpilot.com\/blog\/wp-json\/wp\/v2\/pages\/6621"}],"wp:attachment":[{"href":"https:\/\/windpilot.com\/blog\/wp-json\/wp\/v2\/media?parent=4527"}],"curies":[{"name":"wp","href":"https:\/\/api.w.org\/{rel}","templated":true}]}}