{"id":6220,"date":"2011-12-21T01:58:41","date_gmt":"2011-12-21T08:58:41","guid":{"rendered":"https:\/\/windpilot.com\/blog\/?page_id=6220"},"modified":"2013-02-08T03:25:03","modified_gmt":"2013-02-08T10:25:03","slug":"deutsch-trans-ocean-total-banane","status":"publish","type":"page","link":"https:\/\/windpilot.com\/blog\/trans-ocean-news\/deutsch-der-alte-to\/deutsch-trans-ocean-total-banane\/","title":{"rendered":"7. TO &#8211; total Banane"},"content":{"rendered":"<p><a href=\"https:\/\/windpilot.com\/blog\/wp-content\/uploads\/2011\/12\/total_banane.jpg\"><img loading=\"lazy\" decoding=\"async\" src=\"https:\/\/windpilot.com\/blog\/wp-content\/uploads\/2011\/12\/total_banane.jpg\" alt=\"\" title=\"total_banane\" width=\"500\" height=\"1000\" class=\"aligncenter size-full wp-image-6221\" srcset=\"https:\/\/windpilot.com\/blog\/wp-content\/uploads\/2011\/12\/total_banane.jpg 500w, https:\/\/windpilot.com\/blog\/wp-content\/uploads\/2011\/12\/total_banane-150x300.jpg 150w\" sizes=\"auto, (max-width: 500px) 100vw, 500px\" \/><\/a>Lieber Peter<\/p>\n<p>Du bist wirklich emsig. Ich habe die beiden neuen Texte gelesen, jeder ein Volltreffer auf seine Weise. Doch das Lesen macht betr\u00fcblich. Es ist dieses Gef\u00fchl der Hilflosigkeit gepaart mit der Erkenntnis, das bei uns im Verein, im Kleinen, passiert, wor\u00fcber wir uns in der &#8222;gro\u00dfen&#8220; Politik so aufregen. Nein schlimmer noch, es ist oder war m\u00f6glicherweise nie unser Verein, wir haben es lediglich die ganzen langen Jahre nicht gemerkt. Es war uns nicht wichtig genug, wir wollten sowieso immer nur das Heft lesen, den Stander fahren, eine Medaille oder eine Kombination aus diesem oder jenem haben wollen. Wir haben die Geiselhaft nicht bemerkt, weil wir nicht interessiert waren, genauer hinzuschauen! L\u00e4uft doch &#8211; was geht mich der Zirkus an? <\/p>\n<p>Der Verein war zunehmend weit entfernt, in Cuxhaven, er r\u00fcckte von Jahr zu Jahr ein St\u00fcckchen weiter aus unserem Leben weg. Wenn es um Standerscheine ging, oder eine leidige Versicherungs Frage, dann sp\u00e4testens wurden wir wieder vom \u00c4rger eingeholt, die Fratze lie\u00df gr\u00fc\u00dfen!<\/p>\n<p>Du wei\u00dft, das ich mich seit Jahren mit den Thema besch\u00e4ftige, wenn auch aus gro\u00dfer Entfernung, schlicht, weil wir seit vielen Jahren unterwegs. <\/p>\n<p>Mein Interesse wurde geweckt am Tage unserer Abreise mit der &#8222;Kira von Celle&#8220; aus Cuxhaven. Am Vortag waren wir zu einem Abschiedsbesuch in der Gesch\u00e4ftsstelle und uns wurde der Besuch eines Vorstandsmitglied am kommenden Tag an Bord der Kira angek\u00fcndigt. Donnerwetter, haben wir gedacht!  Aber Niemand kam, niemand rief an und so sind wir dann einfach still ausgelaufen.<\/p>\n<p>Im darauf folgendem TO- Heft erschien dann ein kleiner Artikel \u00fcber uns und unsere beginnende Weltumsegelung mit der Bemerkung, das sehr bedauert w\u00fcrde, das wir uns zum Abschied nicht auf der TO Gesch\u00e4ftsstelle eingefunden h\u00e4tten!!!<\/p>\n<p>Meine G\u00fcte, wir waren doch dort, haben unseren neuen Stander erworben!  Naja, so etwas kann passieren, aber wir wollten immerhin nicht als Ignoranten gelten in der Seglergemeinschaft und so baten schriftlich um Richtigstellung. Dies wurde uns dann allerdings ebenfalls schriftlich verwehrt, mit der Bemerkung, dass dies dann Schaden f\u00fcr den Verein bedeute !  <\/p>\n<p>Darauf muss man erst mal kommen!<\/p>\n<p>In Deinem Blog ist viel zu lesen \u00fcber den immer noch ewigen Dauer Vorsitzenden. Solche Menschen gibt es eben, es ist alles \u00fcber diese Person gesagt, mehrfach und in jeder Form, vorw\u00e4rts und auch r\u00fcckw\u00e4rts.<\/p>\n<p>\u00dcber die Desinteressierten, die ihre Mitgliedschaft manchmal schon vergessen haben, kann man auch nichts mehr sagen, es fehlt halt der sonst in Vereinen vielfach \u00fcbliche \u00dcbungsabend. Offenbar haben auch die Stamm Tischhalter jahrelang geschwiegen, denn Kritik von ihrer Seite ist nirgends zu lesen gewesen.<\/p>\n<p>Wenn maximal 50 Segler zu einer HV sich zusammenfinden, von denen wahrscheinlich nur recht wenige tats\u00e4chlich aktive Segler sind, dann ist alles gesagt \u00fcber den Rest der Mitgliederschaft &#8211; ein Vorstand kann dann machen, was er will. Wie wir sehen, hat der Vorstand von seinen Freiheiten ausgiebig Gebrauch gemacht. Ich will gar nicht wissen, wieviel Sumpf hier noch ans Tageslicht kommen wird. Nur soviel: alle Vorstandsmitglieder, die dies jahrelang geduldet haben, tragen Mitschuld am Niedergang des Vereins &#8211; sie geh\u00f6ren s\u00e4mtlich ausgewechselt! Unter anst\u00e4ndigen Menschen w\u00e4re eine Neuwahl der einzig saubere Weg &#8211; jede andere L\u00f6sung w\u00e4re vor den Mitgliedern nicht zu verantworten.<\/p>\n<p>Doch einen Gedankengang h\u00e4tte ich noch&#8230;.. stellen wir uns einmal vor, was passiert, wenn im Zuge der Vergabe der neuen 22stelligen Kontonummern alle Einzugserm\u00e4chtigungen nicht \u00fcbertragbar w\u00e4ren, sie neu erteilt werden m\u00fcssten oder bei Beschluss des Vorstands\/Mitgliederversammlung der Jahresbeitrag erh\u00f6ht, oder auch gesenkt w\u00fcrde? Oh, dann w\u00fcrden aber schlafende Hunde geweckt werden. Apropos schlafende Hunde, sind eigentlich die Spenden der Mitglieder im Kassenbericht ausgewiesen oder vermischt mit den Beitragszahlungen? Hat es wieder nur einen \u00fcberschl\u00e4gigen und abgerundeten Kassenbericht gegeben? Als Kaufmann habe Ich das stets als anma\u00dfend empfunden!<\/p>\n<p>Als Pazifiksegler bin ich quasi entm\u00fcndigt vom TO, da der November hier unverzichtbarer Segelmonat ist, es ist die Zeit, die Hurrikanzone zu verlassen. <\/p>\n<p>Die aber, die Wenigen, die f\u00fcr die permanente Wiederwahl des ersten Vorsitzenden und seinen Mannen in Cuxdorf sorgen, die stehen in unserem Feindbild Fokus. Sie machen das System erst m\u00f6glich, ihre Verantwortungslosigkeit verursacht den gro\u00dfen Schaden am Verein, den sie doch so einfach, nahezu j\u00e4hrlich, h\u00e4tten verhindern k\u00f6nnen. Was m\u00fcssen das f\u00fcr mutlose Demokraten sein, profillose Mitl\u00e4ufer, Stammtischbr\u00fcder, wie wir alle sie nicht mehr brauchen und wie sie noch nie von Nutzen waren, weder beim TO noch der ganzen \u00fcbrigen Geschichte!  Das sollen Segler sein? Kaum zu glauben &#8211; zum Gl\u00fcck treffen wir seit Jahren hier draussen keine derart armseligen Gestalten.<\/p>\n<p>Diesen mutlosen Menschen widme ich den &#8222;Neuen TO-Stander&#8220; <\/p>\n<p>Herzliche Gr\u00fcsse aus Neuseeland<\/p>\n<p>Detlev Schmandt &#8211; SY Kira von Celle<\/p>\n","protected":false},"excerpt":{"rendered":"<p>Lieber Peter Du bist wirklich emsig. Ich habe die beiden neuen Texte gelesen, jeder ein Volltreffer auf seine Weise. Doch das Lesen macht betr\u00fcblich. Es ist dieses Gef\u00fchl der Hilflosigkeit gepaart mit der Erkenntnis, das bei uns im Verein, im &hellip; <a href=\"https:\/\/windpilot.com\/blog\/trans-ocean-news\/deutsch-der-alte-to\/deutsch-trans-ocean-total-banane\/\">Weiterlesen <span class=\"meta-nav\">&rarr;<\/span><\/a><\/p>\n","protected":false},"author":1,"featured_media":0,"parent":8043,"menu_order":6,"comment_status":"open","ping_status":"closed","template":"","meta":{"footnotes":""},"class_list":["post-6220","page","type-page","status-publish","hentry"],"_links":{"self":[{"href":"https:\/\/windpilot.com\/blog\/wp-json\/wp\/v2\/pages\/6220","targetHints":{"allow":["GET"]}}],"collection":[{"href":"https:\/\/windpilot.com\/blog\/wp-json\/wp\/v2\/pages"}],"about":[{"href":"https:\/\/windpilot.com\/blog\/wp-json\/wp\/v2\/types\/page"}],"author":[{"embeddable":true,"href":"https:\/\/windpilot.com\/blog\/wp-json\/wp\/v2\/users\/1"}],"replies":[{"embeddable":true,"href":"https:\/\/windpilot.com\/blog\/wp-json\/wp\/v2\/comments?post=6220"}],"version-history":[{"count":1,"href":"https:\/\/windpilot.com\/blog\/wp-json\/wp\/v2\/pages\/6220\/revisions"}],"predecessor-version":[{"id":8053,"href":"https:\/\/windpilot.com\/blog\/wp-json\/wp\/v2\/pages\/6220\/revisions\/8053"}],"up":[{"embeddable":true,"href":"https:\/\/windpilot.com\/blog\/wp-json\/wp\/v2\/pages\/8043"}],"wp:attachment":[{"href":"https:\/\/windpilot.com\/blog\/wp-json\/wp\/v2\/media?parent=6220"}],"curies":[{"name":"wp","href":"https:\/\/api.w.org\/{rel}","templated":true}]}}