{"id":7214,"date":"2012-10-11T11:01:41","date_gmt":"2012-10-11T18:01:41","guid":{"rendered":"https:\/\/windpilot.com\/blog\/?page_id=7214"},"modified":"2012-11-28T10:15:26","modified_gmt":"2012-11-28T17:15:26","slug":"deutsch-martin-birkhoff-to-vorstand-2","status":"publish","type":"page","link":"https:\/\/windpilot.com\/blog\/trans-ocean-news\/deutsch-die-verlorene-ehre-des-trans-ocean-e-v\/deutsch-martin-birkhoff-to-vorstand-2\/","title":{"rendered":"Martin Birkhoff II"},"content":{"rendered":"<p><a href=\"https:\/\/windpilot.com\/blog\/wp-content\/uploads\/2012\/10\/GoofyHeck.jpg\"><img loading=\"lazy\" decoding=\"async\" class=\"alignleft size-medium wp-image-7215\" title=\"GoofyHeck\" src=\"https:\/\/windpilot.com\/blog\/wp-content\/uploads\/2012\/10\/GoofyHeck-300x198.jpg\" alt=\"\" width=\"300\" height=\"198\" srcset=\"https:\/\/windpilot.com\/blog\/wp-content\/uploads\/2012\/10\/GoofyHeck-300x198.jpg 300w, https:\/\/windpilot.com\/blog\/wp-content\/uploads\/2012\/10\/GoofyHeck-1024x677.jpg 1024w\" sizes=\"auto, (max-width: 300px) 100vw, 300px\" \/><\/a><strong>Werter Martin Birkhoff &#8211; TO Vorstand &#8211; Offener Brief<\/strong><\/p>\n<p>merkw\u00fcrdige Wege von Kommunikation zwischen Vorstand und Gegen\u00fcber, wenn auf direkte Fragen Antworten in einem Forum gepostet werden, von dem man den Addressaten durch Zensur ausgeschlossen weiss! Auf diese Weise wird es einfach, eine eigene Sicht der Dinge zu verbreiten &#8211; sie muss dadurch hingegen nicht zwangsl\u00e4ufig der tats\u00e4chlichen Situation entsprechen! Das Verfolgen der Diskussion im internen Bereich ist immerhin aufschlussreich!<\/p>\n<p>Ich w\u00fcrde Sie gern an Fakten erinnern:<\/p>\n<p>Es darf wohl angenommen werden, dass Andreas Huelsenberg die Vorg\u00e4nge um den Krankenversicherungs Skandal l\u00fcckenlos bekannt gewesen ist! Der Schriftwechsel zwischen Huelsenberg und Lelijveld belegt dies eindrucksvoll! Herr Huelsenberg deutete in Telefongespr\u00e4chen in 2011 zudem an, dass es in Cuxhaven B\u00fcrogeb\u00e4ude wohl einen Schloss Wechsel gegeben habe, zudem n\u00e4chtliche Schredder Aktionen. Worum mag es da wohl gegangen sein? Es ist wohl anzunehmen, dass Sie selbst und Dirk Mennewisch als vormalige Kassenpr\u00fcfer diese Sachkenntnis wahrscheinlich ebenfalls besa\u00dfen, explizit, weil Sie selbst sich f\u00fcr das Ende Ihrer eigenen Reise beim ADAC haben krankenversichern lassen!<\/p>\n<p>Am <strong>RUNDEN TISCH<\/strong> im Januar befanden sich wenigstens 5 Personen, die den Skandal mit der KV kannten &#8211; ALLE haben geschwiegen!<\/p>\n<p>Nennen Sie das einen <strong>NEU ANFANG?<\/strong><\/p>\n<p>Wir reden hier \u00fcber einen handfesten Skandal, der den TO seit 4 Jahren in den Grundfesten ersch\u00fcttert! Das heutige Zitat von Uwe R\u00f6ttgering, Zitat: \u201c&#8230; trotz gro\u00dfen Bem\u00fchens puzzelt sich das ganze Thema Krankenversicherung nur sehr langsam zusammen\u201c. &#8211; hielte ich der Situation f\u00fcr wenig angemessen! Hier nachtr\u00e4glich ggf. sogar auf Mitschuld der Familie Lelijvelds, oder gar Verj\u00e4hrungsfristen zu verweisen, ist ein Faustschlag f\u00fcr Mitglieder, die der TO in allergr\u00f6\u00dfte Probleme gerissen hat &#8211; und angesichts der flapsigen Bemerkungen aus Vorstands Kreisen kaum eine Reverenz.<\/p>\n<p>Wohlgemerkt: ein Vorstand ist gesetzlich gehalten, finanziellen Schaden von seinen Mitgliedern fern zuhalten! Dies hat der Vorstand nachweislich offenbar seit 4 Jahren unterlassen!<\/p>\n<p>Der Lelijveld Bericht im TO Heft ist ein Schuldeingest\u00e4ndnis, dass sich hingegen keinesfalls in der H\u00f6he des Angebots gespiegelt hat &#8211; Uwe R\u00f6ttgerings\u00b4s heutige Bemerkung, dass die H\u00f6he, Zitat: \u201evon mir aus auch EUR 80.000.&#8211;\u201c sein k\u00f6nne, l\u00e4sst immerhin erkennen, dass der Vorstand seinen Standpunkt zu \u00fcberdenken scheint! Vielleicht hat hier der Druck \u201evon der Strasse\u201c ja doch ein wenig geholfen!? F\u00fcr die Lelijvelds w\u00fcrde es mich freuen &#8211; darum bin ich hier unterwegs!<\/p>\n<p>Erlauben Sie mir ein paar dezidierte Fragen:<\/p>\n<p>1.- Wie viele PR\u00c4MIEN ZAHLUNGEN von Mitgliedern hat der Trans Ocean eingenommen, ohne dagegen entsprechend zu versichern?<\/p>\n<p>2.- Hat der TO im eigenen Namen Gesch\u00e4fte get\u00e4tigt?<\/p>\n<p>3.- Hat es Verdunkelung gegeben?<\/p>\n<p>4.- Besitzt der Vorstand Kenntnis von Untreue vormaliger Vorstands Mitglieder?<\/p>\n<p>Auch wenn es weh\u00b4 tut: es ist nicht genug, die Relevanz des Alten TO als nicht mehr gegeben, virtuell in Interviews zu erkl\u00e4ren, sie hat sich hingegen im realen Leben abzuspielen &#8211; im offenen Dialog, den ich seit 14 Monaten in jeder Richtung pflege &#8211; bis zur Zensur in Ihrem eigenen Forum.<\/p>\n<p>Es wird Ihnen aufgefallen sein, dass ich bis Ende September ausschlie\u00dflich im TO Forum versucht habe, meine Gedanken im Dialog mit Ihnen einzubringen. Eine Antwort hat es gleichwohl nie gegeben &#8211; hingegen die Zensur und Sperrung meines Zugangs. F\u00fcr mich ein D\u00e9j\u00e0 vu aus vergangenen Zeiten, da hat sich nix ver\u00e4ndert!<\/p>\n<p>F\u00fcr mich ist Ihr Verhalten der Spiegel der Verh\u00e4ltnisse, die ich vor 14 Monaten angetreten bin, zu ver\u00e4ndern. Hat leider nicht geklappt &#8211; ich wei\u00df immerhin nun zuverl\u00e4ssig, dass der TO nicht meine geistige Heimat ist.<\/p>\n<p>I live and learn<\/p>\n<p>Peter Foerthmann<\/p>\n","protected":false},"excerpt":{"rendered":"<p>Werter Martin Birkhoff &#8211; TO Vorstand &#8211; Offener Brief merkw\u00fcrdige Wege von Kommunikation zwischen Vorstand und Gegen\u00fcber, wenn auf direkte Fragen Antworten in einem Forum gepostet werden, von dem man den Addressaten durch Zensur ausgeschlossen weiss! Auf diese Weise wird &hellip; <a href=\"https:\/\/windpilot.com\/blog\/trans-ocean-news\/deutsch-die-verlorene-ehre-des-trans-ocean-e-v\/deutsch-martin-birkhoff-to-vorstand-2\/\">Weiterlesen <span class=\"meta-nav\">&rarr;<\/span><\/a><\/p>\n","protected":false},"author":1,"featured_media":0,"parent":7130,"menu_order":3,"comment_status":"open","ping_status":"closed","template":"","meta":{"footnotes":""},"class_list":["post-7214","page","type-page","status-publish","hentry"],"_links":{"self":[{"href":"https:\/\/windpilot.com\/blog\/wp-json\/wp\/v2\/pages\/7214","targetHints":{"allow":["GET"]}}],"collection":[{"href":"https:\/\/windpilot.com\/blog\/wp-json\/wp\/v2\/pages"}],"about":[{"href":"https:\/\/windpilot.com\/blog\/wp-json\/wp\/v2\/types\/page"}],"author":[{"embeddable":true,"href":"https:\/\/windpilot.com\/blog\/wp-json\/wp\/v2\/users\/1"}],"replies":[{"embeddable":true,"href":"https:\/\/windpilot.com\/blog\/wp-json\/wp\/v2\/comments?post=7214"}],"version-history":[{"count":0,"href":"https:\/\/windpilot.com\/blog\/wp-json\/wp\/v2\/pages\/7214\/revisions"}],"up":[{"embeddable":true,"href":"https:\/\/windpilot.com\/blog\/wp-json\/wp\/v2\/pages\/7130"}],"wp:attachment":[{"href":"https:\/\/windpilot.com\/blog\/wp-json\/wp\/v2\/media?parent=7214"}],"curies":[{"name":"wp","href":"https:\/\/api.w.org\/{rel}","templated":true}]}}