{"id":7665,"date":"2012-12-15T12:25:50","date_gmt":"2012-12-15T19:25:50","guid":{"rendered":"https:\/\/windpilot.com\/blog\/?page_id=7665"},"modified":"2012-12-27T20:40:26","modified_gmt":"2012-12-28T03:40:26","slug":"deutsch-yacht-1-2013-trans-ocean-bald-wieder-auf-die-beine","status":"publish","type":"page","link":"https:\/\/windpilot.com\/blog\/trans-ocean-news\/deutsch-trans-ocean-e-v-gate\/deutsch-yacht-1-2013-trans-ocean-bald-wieder-auf-die-beine\/","title":{"rendered":"6. Protokoll Versuch"},"content":{"rendered":"<p><strong>YACHT Heft #1 &#8211; TRANS OCEAN &#8211; BALD WIEDER AUF DIE BEINE<\/strong><br \/>\n<a href=\"https:\/\/windpilot.com\/blog\/wp-content\/uploads\/2012\/12\/Kogge-low.jpg\"><img loading=\"lazy\" decoding=\"async\" class=\"alignleft size-medium wp-image-7667\" title=\"Kogge low\" src=\"https:\/\/windpilot.com\/blog\/wp-content\/uploads\/2012\/12\/Kogge-low-300x225.jpg\" alt=\"\" width=\"300\" height=\"225\" srcset=\"https:\/\/windpilot.com\/blog\/wp-content\/uploads\/2012\/12\/Kogge-low-300x225.jpg 300w, https:\/\/windpilot.com\/blog\/wp-content\/uploads\/2012\/12\/Kogge-low-1024x768.jpg 1024w\" sizes=\"auto, (max-width: 300px) 100vw, 300px\" \/><\/a><strong>Ein Kommentar &#8211; Blaupause oder Homestory?<\/strong><\/p>\n<p>Tausende Segler haben auf diesen Tag gewartet! Nach drei Wochen Grabesstille von Vorstands Seite, gerieten die Segler ungeduldig, weil man endlich wissen m\u00f6chte, welche Geheimnisse in Cuxhaven stattgefunden haben, die der Vorstand seinen Mitgliedern hartn\u00e4ckig vorenth\u00e4lt, oder meint, umdeuten \/ interpretieren zu m\u00fcssen, was offenbar wochenlange Arbeit n\u00f6tig macht!<\/p>\n<p><a href=\"https:\/\/windpilot.com\/blog\/wp-content\/uploads\/2012\/12\/KoreaManGreen-low.jpg\"><img loading=\"lazy\" decoding=\"async\" class=\"aligncenter size-large wp-image-7680\" title=\"KoreaManGreen low\" src=\"https:\/\/windpilot.com\/blog\/wp-content\/uploads\/2012\/12\/KoreaManGreen-low-1024x682.jpg\" alt=\"\" width=\"640\" height=\"426\" srcset=\"https:\/\/windpilot.com\/blog\/wp-content\/uploads\/2012\/12\/KoreaManGreen-low-1024x682.jpg 1024w, https:\/\/windpilot.com\/blog\/wp-content\/uploads\/2012\/12\/KoreaManGreen-low-300x200.jpg 300w\" sizes=\"auto, (max-width: 640px) 100vw, 640px\" \/><\/a>Immerhin ist am 11.12.2012 in einer Vorstands Mitteilung eine LESART vorgegeben worden: der Vorstand<br \/>\n&#8211; sei \u201eungl\u00fccklich\u201c \u00fcber den Kassenpr\u00fcfbericht &#8211; zwar verst\u00e4ndlich, ABER: Kassenpr\u00fcfer werden von der Mitgliederversammlung eingesetzt und sind explizit den Mitgliedern gegen\u00fcber auskunftspflichtig. Ein Eingriff von Vorstands Seite w\u00e4re ungeheuerlich!<br \/>\n&#8211; h\u00e4tte sich \u00d6ffentlichkeit nicht gew\u00fcnscht &#8211; s.o.!<br \/>\n&#8211; h\u00e4tte statt dessen diesen Pr\u00fcfbericht lieber in den internen Bereich in &#8222;Kerkerhaft&#8220; verbannt gesehen, um die gewaltigen Blamagen vor der \u00d6ffentlichkeit zu verbergen.<\/p>\n<p>Zeitgleich werden die Mitglieder &#8211; erwachsene Menschen allesamt &#8211; zur Einhaltung sog. \u201eMindeststandarts\u201c im Umgang miteinander aufgefordert &#8211; und es wird deutlich, dass der Vorstand hier die Lufthoheit f\u00fcr sich selbst in Anspruch nimmt, zu definieren, was zensiert oder gel\u00f6scht wird oder nicht! Der Vorstand verteilt Backpfeifen an Mitglieder, Foristen und Funktionstr\u00e4ger &#8211; versucht die eigene Bedeutungshoheit mit der Brechstange durchzusetzen. Fast k\u00f6nnte man denken, dass die Gutsherrenriege nun einem Stammesf\u00fcrsten gewichen ist!<\/p>\n<p>Die Relevanz alter Verhaltensweisen jedenfalls ist ungebrochen! Man hat immer noch nix gelernt!<\/p>\n<p>Im TO Forum herrscht seither fast Grabesstille &#8211; wobei die Zahl der dort Aktiven ohnehin r\u00fchrend niedrig ist.<\/p>\n<p><a href=\"https:\/\/windpilot.com\/blog\/wp-content\/uploads\/2012\/12\/TelZellen.jpg\"><img loading=\"lazy\" decoding=\"async\" class=\"aligncenter size-full wp-image-7681\" title=\"TelZellen\" src=\"https:\/\/windpilot.com\/blog\/wp-content\/uploads\/2012\/12\/TelZellen.jpg\" alt=\"\" width=\"600\" height=\"400\" srcset=\"https:\/\/windpilot.com\/blog\/wp-content\/uploads\/2012\/12\/TelZellen.jpg 600w, https:\/\/windpilot.com\/blog\/wp-content\/uploads\/2012\/12\/TelZellen-300x200.jpg 300w\" sizes=\"auto, (max-width: 600px) 100vw, 600px\" \/><\/a>Nun, die Luftherren der Yacht Redaktion haben sich nach vorn gewagt! Sie hatten vor Monaten versprochen, bei Bekanntwerden neuer Faktenlagen, der verehrten Leserschaft umgehend zu berichten. Man versprach journalistische Akribie &#8211; und wir sehen heute &#8211; es geht auch ohne sie!<\/p>\n<p>Ein journalistischer Salto Mortale &#8211; so die Kurzform der Bericht Zusammenfassung &#8211; eine Versammlung ohne Linie oder Ende, in einer Form verbal verklittert, dass der Vereins-Patient \u201ebald wieder auf die Beine\u201c komme! Eine Homestory in Reinkultur &#8211; statt des Berichtes einer veritablen Versammlungs Pleite &#8211; die wichtige Fragen nicht adressierte und am Ende ohne notwendige Beschl\u00fcsse rundum Verwunderung und fragende Augen hinterlassen hatte. Der Festabend geriet wichtig, weshalb kurzerhand die Versammlung beendet wurde &#8211; obwohl eine veritable Reihe von Tagesordnungs Punkten nicht verhandelt werden konnten.<\/p>\n<p>Ob hier eine Blaupause geschrieben werden sollte, die den Mitgliedern als Protokoll #2 angedient werden soll?<\/p>\n<p>Nun haben wir es endlich schwarz auf wei\u00df,<br \/>\ndie YACHT hat eine TO-Diagnose gekrei\u00dft!<br \/>\nIn Cuxhaven sei alles halb so schlimm,<br \/>\nZwei Vorst\u00e4nde verschwunden, nicht so wichtig<br \/>\nMartin Birkhoff kriegt das alles alleine wieder hin!<br \/>\nDer Sturm ist zwar noch nicht ganz weg,<br \/>\nDas TO Schiff aber bald wieder aus dem Dreck,<br \/>\nDer Vorstand kl\u00e4rt auf, er hat das versprochen,<br \/>\nDer Vorstand hat sein Wort noch nie gebrochen,<br \/>\nweil Versprechen ihm niemals aus dem Mund gekrochen sind.<br \/>\nDer Verein jedenfalls kommt bald wieder auf die Beine<br \/>\nohne Zutun von au\u00dfen &#8211; ganz von alleine!<\/p>\n<p><a href=\"https:\/\/windpilot.com\/blog\/wp-content\/uploads\/2012\/12\/Br\u00fccke.jpg\"><img loading=\"lazy\" decoding=\"async\" src=\"https:\/\/windpilot.com\/blog\/wp-content\/uploads\/2012\/12\/Br\u00fccke-1024x768.jpg\" alt=\"\" title=\"Br\u00fccke\" width=\"640\" height=\"480\" class=\"aligncenter size-large wp-image-7682\" srcset=\"https:\/\/windpilot.com\/blog\/wp-content\/uploads\/2012\/12\/Br\u00fccke-1024x768.jpg 1024w, https:\/\/windpilot.com\/blog\/wp-content\/uploads\/2012\/12\/Br\u00fccke-300x225.jpg 300w\" sizes=\"auto, (max-width: 640px) 100vw, 640px\" \/><\/a>Die YACHT Kapit\u00e4ne haben einen Spezialisten geschickt,<br \/>\nder auf der Versammlung eher ungl\u00fccklich drein geblickt<br \/>\nDer Mann hat in Cuxhaven tats\u00e4chlich Morgenluft gerochen,<br \/>\nhat sogar von Aufbruchstimmung gesprochen<br \/>\nund wahrscheinlich dabei ausgeblendet,<br \/>\ndass man sich schon wieder r\u00fcckw\u00e4rts gewendet<br \/>\nund nur der Wunsch der Vater des Gedanken gewesen ist.<br \/>\nKann es sein, dass der Mann infolge Erinnerungs Schw\u00e4che<br \/>\nzwei Worte vielleicht miteinander verwechselt hat<br \/>\nund es besser Abbruchstimmung h\u00e4tte hei\u00dfen m\u00fcssen?<\/p>\n<p>Die YACHT konstatiert, der Verein sei auf gutem Kurs &#8211; ungesagt blieb, dass die Vergangenheit dort hingeh\u00f6re &#8211; wo sie im TO stets an sicherem Ort: sie geh\u00f6rt eigentlich vergessen!<\/p>\n<p>Zur Verschlimmbesserung und Untermauerung der Qualit\u00e4ts Recherche hat man dem vorherigen Vorstand &#8211; dessen Namen mir entfallen &#8211; Gelegenheit gegeben, seine Verteidigungs Linie zu repetieren: Alles Pikobello und in bester Ordnung &#8211; keine Schuld erkennbar oder benennbar &#8211; alles nur Kommunikations Frequenz Abstimmungs Schwierigkeiten in einem Bermuda Dreieck, an dem der TO keinerlei Schuldanteil besitze. Rechtsanw\u00e4lte werden den Fall zu untersuchen haben! Kein Wort davon, dass seitens Vortrags der Kassenpr\u00fcfer eine derartige Untersuchung bereits erfolgte und mit einer deutlichen Handlungsempfehlung an den Vorstand endete! Auch eine Empfehlung von Uwe R\u00f6ttgering wurde ausgeschlagen, weil der Wert eines &#8222;Vereinsverm\u00f6gens&#8220; von Vorstandsseite h\u00f6her eingesch\u00e4tzt wurde.<\/p>\n<p>Die Sensation einer Kassenpr\u00fcfung, die Vereinsinterna und Skandale gnadenlos bewiesen, findet sich in der YACHT nur als Randnotiz &#8211; wichtiger dagegen eher die Heldentat, dass der Vorstand am Ende \u201etats\u00e4chlich Geld zur\u00fcckfordern\u201c werde. Wohlgemerkt: der Pr\u00fcfbericht liegt der Redaktion vor der Nase und offenbart Skandale im mehrfach f\u00fcnf-stelligen Bereich! Offenbar wird dies als Peanuts bewertet &#8211; nicht wert, der Leserschaft dar\u00fcber ausf\u00fchrlicher zu berichten &#8211; derweil es die Spatzen von den D\u00e4chern zwitschern und der Pr\u00fcfbericht f\u00fcr jedermanns Einsicht offenliegt. In der YACHT werden Einzelheiten nicht konkretisiert.<\/p>\n<p>Die Versammlung wurde abgebrochen, die Wahl zu neuer Satzung zwar erfolgreich beschlossen, dies gleichwohl von Vorstandsseite offenbar nicht klar erkannt, sogar zun\u00e4chst als ung\u00fcltig benannt. Protokoll sei eben schwierig, man bitte um Verst\u00e4ndnis f\u00fcr langandauernde Verz\u00f6gerung in der Sache! Im \u00fcbrigen arbeite man ehrenamtlich &#8211; womit die zeitliche Verz\u00f6gerung sicher erkl\u00e4rbar werde &#8211; ach so &#8211; ja ja!<\/p>\n<p><a href=\"https:\/\/windpilot.com\/blog\/wp-content\/uploads\/2012\/12\/Rockport-Ford.jpg\"><img loading=\"lazy\" decoding=\"async\" src=\"https:\/\/windpilot.com\/blog\/wp-content\/uploads\/2012\/12\/Rockport-Ford-1024x671.jpg\" alt=\"\" title=\"Rockport Ford\" width=\"640\" height=\"419\" class=\"aligncenter size-large wp-image-7683\" srcset=\"https:\/\/windpilot.com\/blog\/wp-content\/uploads\/2012\/12\/Rockport-Ford-1024x671.jpg 1024w, https:\/\/windpilot.com\/blog\/wp-content\/uploads\/2012\/12\/Rockport-Ford-300x196.jpg 300w\" sizes=\"auto, (max-width: 640px) 100vw, 640px\" \/><\/a>Mit keinem Wort wurden die tickenden Bomben im Hafenschlick benannt, die da hei\u00dfen:<br \/>\n&#8211; Fristverj\u00e4hrung zum Jahresende mit formidablen Folgen f\u00fcr Vorstand und \/ oder Verein<br \/>\n&#8211; Notwendigkeit staatsanwaltschaftlicher Untersuchungen zur Abwendung von Sch\u00e4den hier wie da<br \/>\n&#8211; erneute Notwendigkeit einer ao Versammlung sowie ggf. Neuwahl des Gesamtvorstands<br \/>\n&#8211; Kl\u00e4rung und finale Entsch\u00e4digung des DRIFTER Skandals<br \/>\n&#8211; Protokoll Erstellungs Pflicht gegen\u00fcber der Mitgliederversammlung<\/p>\n<p>Die YACHT hat ihren Lesern einen B\u00e4rendienst erwiesen, weil ihre Recherche unvollst\u00e4ndig blieb. Sie hat damit erneut die Chance verpasst, einen selbstgestellten Anspruch als f\u00fchrendes europ\u00e4isches Segelmagazin, mit Inhalten zu f\u00fcllen.<\/p>\n<p>Dumm gelaufen! Hat jemand etwas anderes erwartet?<\/p>\n<p>Nun wird der Vorstand seine Mitglieder zum vierten Mal innerhalb von 14 Monaten zum Stelldichein nach Cuxhaven zu laden haben, weil er nicht Willens oder in der Lage gewesen ist, eine Versammlung ordnungsgem\u00e4ss und professionell durchzuf\u00fchren. Ob die Mitglieder es sich gefallen lassen werden, erneut eine weite Reise &#8211; ggf. auf verschneiten Strassen &#8211; zu unternehmen &#8211; nur um zum wiederholten Mal einen Karren aus dem Dreck zu ziehen &#8211; das ist die Frage, die nun jeder Segler f\u00fcr sich selbst zu beantworten hat!<\/p>\n<p>Trans Ocean &#8211; hoffentlich kein hoffnungsloser Fall!<\/p>\n<p>Peter Foerthmann<\/p>\n","protected":false},"excerpt":{"rendered":"<p>YACHT Heft #1 &#8211; TRANS OCEAN &#8211; BALD WIEDER AUF DIE BEINE Ein Kommentar &#8211; Blaupause oder Homestory? Tausende Segler haben auf diesen Tag gewartet! Nach drei Wochen Grabesstille von Vorstands Seite, gerieten die Segler ungeduldig, weil man endlich wissen &hellip; <a href=\"https:\/\/windpilot.com\/blog\/trans-ocean-news\/deutsch-trans-ocean-e-v-gate\/deutsch-yacht-1-2013-trans-ocean-bald-wieder-auf-die-beine\/\">Weiterlesen <span class=\"meta-nav\">&rarr;<\/span><\/a><\/p>\n","protected":false},"author":1,"featured_media":0,"parent":7317,"menu_order":5,"comment_status":"open","ping_status":"closed","template":"","meta":{"footnotes":""},"class_list":["post-7665","page","type-page","status-publish","hentry"],"_links":{"self":[{"href":"https:\/\/windpilot.com\/blog\/wp-json\/wp\/v2\/pages\/7665","targetHints":{"allow":["GET"]}}],"collection":[{"href":"https:\/\/windpilot.com\/blog\/wp-json\/wp\/v2\/pages"}],"about":[{"href":"https:\/\/windpilot.com\/blog\/wp-json\/wp\/v2\/types\/page"}],"author":[{"embeddable":true,"href":"https:\/\/windpilot.com\/blog\/wp-json\/wp\/v2\/users\/1"}],"replies":[{"embeddable":true,"href":"https:\/\/windpilot.com\/blog\/wp-json\/wp\/v2\/comments?post=7665"}],"version-history":[{"count":1,"href":"https:\/\/windpilot.com\/blog\/wp-json\/wp\/v2\/pages\/7665\/revisions"}],"predecessor-version":[{"id":7791,"href":"https:\/\/windpilot.com\/blog\/wp-json\/wp\/v2\/pages\/7665\/revisions\/7791"}],"up":[{"embeddable":true,"href":"https:\/\/windpilot.com\/blog\/wp-json\/wp\/v2\/pages\/7317"}],"wp:attachment":[{"href":"https:\/\/windpilot.com\/blog\/wp-json\/wp\/v2\/media?parent=7665"}],"curies":[{"name":"wp","href":"https:\/\/api.w.org\/{rel}","templated":true}]}}