{"id":7923,"date":"2013-01-30T06:10:03","date_gmt":"2013-01-30T13:10:03","guid":{"rendered":"https:\/\/windpilot.com\/blog\/?page_id=7923"},"modified":"2013-01-30T06:38:30","modified_gmt":"2013-01-30T13:38:30","slug":"deutsch-die-niedersachsenwahl-und-der-trans-ocean-e-v","status":"publish","type":"page","link":"https:\/\/windpilot.com\/blog\/trans-ocean-news\/deutsch-trans-ocean-e-v-gate\/deutsch-die-niedersachsenwahl-und-der-trans-ocean-e-v\/","title":{"rendered":"10. Hypothese"},"content":{"rendered":"<p><a href=\"https:\/\/windpilot.com\/blog\/wp-content\/uploads\/2013\/01\/21.jpg\"><img loading=\"lazy\" decoding=\"async\" class=\"alignleft size-medium wp-image-7924\" title=\"21\" src=\"https:\/\/windpilot.com\/blog\/wp-content\/uploads\/2013\/01\/21-300x197.jpg\" alt=\"\" width=\"300\" height=\"197\" srcset=\"https:\/\/windpilot.com\/blog\/wp-content\/uploads\/2013\/01\/21-300x197.jpg 300w, https:\/\/windpilot.com\/blog\/wp-content\/uploads\/2013\/01\/21-1024x673.jpg 1024w\" sizes=\"auto, (max-width: 300px) 100vw, 300px\" \/><\/a><strong>VERGLEICH ODER HYPOTHESE<\/strong><\/p>\n<p>McAllister bleibt Ministerpr\u00e4sident von Niedersachsen! Eine B\u00fcrgerinitiative konnte nachweisen, dass bei der Ausz\u00e4hlung der Stimmen zur Vergabe der \u00dcberhangmandate zur letzten Landtagswahl in Niedersachsen eine unzul\u00e4ssige Z\u00e4hlmethode angewandt wurde! Der Wahlausschu\u00df hat das Landeswahlgesetz nicht richtig interpretiert und insbesondere ein bindendes Urteil des Bundesverfassungsgerichtes missachtet! Unvorstellbar &#8211; nicht wahr?<\/p>\n<p><a href=\"https:\/\/windpilot.com\/blog\/wp-content\/uploads\/2013\/01\/27.jpg\"><img loading=\"lazy\" decoding=\"async\" class=\"aligncenter size-large wp-image-7925\" title=\"27\" src=\"https:\/\/windpilot.com\/blog\/wp-content\/uploads\/2013\/01\/27-1024x667.jpg\" alt=\"\" width=\"640\" height=\"416\" srcset=\"https:\/\/windpilot.com\/blog\/wp-content\/uploads\/2013\/01\/27-1024x667.jpg 1024w, https:\/\/windpilot.com\/blog\/wp-content\/uploads\/2013\/01\/27-300x195.jpg 300w\" sizes=\"auto, (max-width: 640px) 100vw, 640px\" \/><\/a>Die Folgen w\u00e4ren ungeheuerlich! Zeitungen von Bild bis Spiegel w\u00fcrden h\u00f6hnische Kommentare publizieren, der Spott \u00fcber die politischen W\u00fcrdentr\u00e4ger w\u00e4re im ganzen Land zu h\u00f6ren und die Verfassungsexperten w\u00fcrden in s\u00e4mtlichen Talk-Shows r\u00e4sonnieren&#8230;<\/p>\n<p><strong>FALSCHE WAHLAUSWERTUNG<\/strong><br \/>\nIn Cuxhaven wurde die Wahl falsch ausgez\u00e4hlt! Der Aufschrei in der Mitgliederschaft und der Presse &#8211; bleibt aus! Die Mitglieder m\u00fcssen also f\u00fcr Ordnung in ihrem Verein nun selber sorgen! Aber: danach sieht es nicht gerade aus! Der Vorstand macht auch zwei Monate nach der falschen Ausz\u00e4hlung einfach weiter und sieht offenbar keine Veranlassung, sein Verhalten in irgendeiner Weise zu erkl\u00e4ren! Auch das schriftliche Protokoll der Versammlung enth\u00e4lt keinerlei Hinweis, dass hier etwas zu korrigieren sei!<\/p>\n<p>Was f\u00fcr die Bundesrepublik Deutschland das Grundgesetz und die Urteile des Bundesverfassungsgerichts sind, das ist f\u00fcr einen Verein das Vereinsrecht und die Urteile des BGH. Es findet alles nur auf einer anderen Ebene statt! Allerdings w\u00e4re dies &#8211; abgesehen von fehlender \u00d6ffentlichkeit &#8211; auch schon der ganze Unterschied! Ohne die beschlossene neue Satzung beim Vereinsregister einzureichen, befindet sich der Verein in einem Zustand des Rechtsbruchs. Die Konsequenzen daraus m\u00f6gen Anw\u00e4lte zu beurteilen haben!<\/p>\n<p>F\u00fcr die Mitgliederschaft bedeutet dies, dass ihnen mit der neuen Satzung auch die M\u00f6glichkeit des Online-Wahlrechts weiterhin vorenthalten bleibt! Genauer betrachtet, haben lediglich 11 Mitglieder gegen die neue Satzung gestimmt. Da bekannt war, dass der Vorstand die Satzung ablehnte, kamen aus der Versammlung weitere noch ca 5 bis 6 Stimmen mit gleicher Einstellung hinzu. Mit 56 JA-Stimmen hat die Mehrheit aller Mitglieder \u00fcber die Einf\u00fchrung der neuen Satzung positiv abgestimmt &#8211; was die Online Befragung im \u00fcbrigen spiegelt.<\/p>\n<p>Dies auf die eingangs gestellte Situation \u00fcbertragen &#8211; h\u00e4tten wir alle eine Vorstellung \u00fcber die ungeheuren Folgen! Vergleichbares regt sich in Trans Ocean nicht! Die Mitgliederschaft verbleibt stumm &#8211; gleichwohl scheint der Vorstand zu versuchen, dies als Zustimmung f\u00fcr sein eigenes Handeln umzudeuten.<\/p>\n<p><a href=\"https:\/\/windpilot.com\/blog\/wp-content\/uploads\/2013\/01\/28.jpg\"><img loading=\"lazy\" decoding=\"async\" class=\"aligncenter size-large wp-image-7926\" title=\"28\" src=\"https:\/\/windpilot.com\/blog\/wp-content\/uploads\/2013\/01\/28-1024x667.jpg\" alt=\"\" width=\"640\" height=\"416\" srcset=\"https:\/\/windpilot.com\/blog\/wp-content\/uploads\/2013\/01\/28-1024x667.jpg 1024w, https:\/\/windpilot.com\/blog\/wp-content\/uploads\/2013\/01\/28-300x195.jpg 300w\" sizes=\"auto, (max-width: 640px) 100vw, 640px\" \/><\/a><\/p>\n<p><strong>DAS WESEN VON VEREINEN<\/strong><br \/>\nVereine geh\u00f6ren zu den f\u00f6rderungsw\u00fcrdigen Projekten unserer Gesellschaft, sie werden auf vielerlei Art und Weise unterst\u00fctzt. Vereine dienen der Jugend als sozialer Orientierungspunkt, den Erwachsenen zur Freizeiterbauung und Allen auch als eine Art Workshop in sozialen, gesellschaftlichen und politischen Aspekten. Hier erlernen wir den Sinn von Gemeinschaft, sozialen Umgang und sch\u00e4rfen unsere Urteilskraft vor allem in Hinblick auf die h\u00f6heren Ebenen von Politik und Beruf. Vereine sind Schulen f\u00fcr das Leben!<\/p>\n<p>So geraten Vereine zum Aush\u00e4ngeschild der Leistungsf\u00e4higkeit seiner Mitglieder, sie stehen in Konkurrenz zu anderen Vereinen und Verb\u00e4nden. Der Blick nach innen ist keinesfalls genug, denn der Vereine repr\u00e4sentieren ihre Mitglieder gemeinschaftlich vor allem auch nach au\u00dfen! Explizit die Aussendarstellung war den TO Vorst\u00e4nden in der Vergangenheit \u00fcberaus wichtig! Gleichwohl haben sie es jahrzehntelang nicht vermocht, die Interessenlagen ihrer vielschichtigen Mitgliederschaft zu integrieren und zu repr\u00e4sentieren. Das Ergebnis ist die desolate Situation von heute &#8211; eine Situation, die entstehen konnte, weil der Vorstand die Interessen von ca 99% seiner Mitglieder weder erkundet noch ber\u00fccksichtigt hat &#8211; oder ber\u00fccksichtigen wollte!<\/p>\n<p>Es wird somit deutlich, welche Aufgaben der Trans Ocean noch vor sich hat! Ebenso nachvollziehbar, dass notwendige Massnahmen nicht von heute auf morgen zu optimieren sind und der Vorstand die Vereinsarbeit keineswegs alleine wird zu bew\u00e4ltigen haben!<\/p>\n<p><a href=\"https:\/\/windpilot.com\/blog\/wp-content\/uploads\/2013\/01\/36.jpg\"><img loading=\"lazy\" decoding=\"async\" class=\"aligncenter size-large wp-image-7927\" title=\"36\" src=\"https:\/\/windpilot.com\/blog\/wp-content\/uploads\/2013\/01\/36-1024x667.jpg\" alt=\"\" width=\"640\" height=\"416\" srcset=\"https:\/\/windpilot.com\/blog\/wp-content\/uploads\/2013\/01\/36-1024x667.jpg 1024w, https:\/\/windpilot.com\/blog\/wp-content\/uploads\/2013\/01\/36-300x195.jpg 300w\" sizes=\"auto, (max-width: 640px) 100vw, 640px\" \/><\/a><\/p>\n<p><strong>DIE PFLICHTEN DES VORSTANDES<\/strong><br \/>\nF\u00fcr eines hingegen, ist der Vorstand alleinig verantwortlich: die Wahrung von <strong>RECHTSFRIEDEN<\/strong> und der <strong>RECHTSSICHERHEIT<\/strong>!<\/p>\n<p>Solange der Vorstand gegen das Vereinsrecht verst\u00f6\u00dft, stellt er die eigene Legitimation in Frage, dies gilt auf Vereinebene ebenso, wie auf allen anderen Ebenen!<\/p>\n<p>Vielleicht wird in der Vereinshistorie die jetzige Zeit einmal als eine ungl\u00fcckliche \u00dcbergangszeit beurteilt, die dem Verein auf seinem Weg zu sich selber, ein Jahr oder sogar mehr an Zeit gekostet hat! Der derzeitige Vorstand scheint f\u00fcr die Neuausrichtung des Vereins ganz offenbar unwillig &#8211; wahrscheinlich sogar unf\u00e4hig zu sein &#8211; denn, nicht wahr, ansonsten h\u00e4tte er diese Situation nicht zugelassen!<\/p>\n<p><strong>Die Mitglieder Versammlung vom 24.Nov. 2012 war ein viel versprechender Anfang! <\/strong> Immerhin 56 Mitglieder haben sich f\u00fcr mehr Mitbestimmung ausgesprochen: die Einf\u00fchrung einer Online Wahlm\u00f6glichkeit wurde mehrheitlich beschlossen. Das ist es, was der TO heute wirklich braucht!<\/p>\n<p><strong>Die Fr\u00fcchte dieser Versammlung werden seit 2 Monaten verspielt!<\/strong><\/p>\n<p>Vielleicht aber wird die neue Satzung ja gerade angemeldet, so wie es unumg\u00e4nglich ist! Dann allerdings h\u00e4tte der Verein ein Kommunikationsproblem, nicht wahr? Allerdings w\u00e4re dies Problem gewaltig, weil der Vorstand jegliche Kommunikation mit seinen Mitgliedern bislang komplett verweigert!<\/p>\n<p>Der Verein mag sich entscheiden, keine oder nur eine geringe Entsch\u00e4digung an Drifter zu bezahlen. Er mag sich f\u00fcr die F\u00f6rderung von Hochseeregattateilnehmern aussprechen, den Beitrag verdoppeln und sein Forum zensieren in allen rechtlich erlaubten Varianten. Die Mitglieder h\u00e4tten ALLES zu akzeptieren, solange die Mehrheit der Mitglieder dies entscheidet!<\/p>\n<p>Der TO wird als moderner Verein nur ein Zukunft haben k\u00f6nnen, wenn er Demokratie zul\u00e4\u00dft und sich seinen Mitgliedern gegen\u00fcber \u00f6ffnet!<\/p>\n<p><a href=\"https:\/\/windpilot.com\/blog\/wp-content\/uploads\/2013\/01\/Windpilot-006.jpg\"><img loading=\"lazy\" decoding=\"async\" class=\"aligncenter size-large wp-image-7928\" title=\"Windpilot - 006\" src=\"https:\/\/windpilot.com\/blog\/wp-content\/uploads\/2013\/01\/Windpilot-006-1024x676.jpg\" alt=\"\" width=\"640\" height=\"422\" srcset=\"https:\/\/windpilot.com\/blog\/wp-content\/uploads\/2013\/01\/Windpilot-006-1024x676.jpg 1024w, https:\/\/windpilot.com\/blog\/wp-content\/uploads\/2013\/01\/Windpilot-006-300x198.jpg 300w\" sizes=\"auto, (max-width: 640px) 100vw, 640px\" \/><\/a><\/p>\n<p><strong>DIE T\u00dcR IST GE\u00d6FFNET<\/strong><br \/>\nDie Mitglieder haben am 24. November diese T\u00fcr ge\u00f6ffnet &#8211; der derzeitige Vorstand scheint dies allerdings bis heute nicht begriffen zu haben!<\/p>\n<p>Die Zeit Uhr tickt unaufh\u00f6rlich, auch wenn der Vorstand mit seinem Lebendgewicht an den Zeigern h\u00e4ngt und einfach weitermacht, um Amt und Macht \u00fcber das Jahr zu retten.<\/p>\n<p>Wer nicht kann, was er will &#8211; muss wollen, was er kann &#8211; denn es w\u00e4re t\u00f6richt, etwas zu wollen, was man nicht kann!<\/p>\n<p>Peter Foerthmann<\/p>\n","protected":false},"excerpt":{"rendered":"<p>VERGLEICH ODER HYPOTHESE McAllister bleibt Ministerpr\u00e4sident von Niedersachsen! Eine B\u00fcrgerinitiative konnte nachweisen, dass bei der Ausz\u00e4hlung der Stimmen zur Vergabe der \u00dcberhangmandate zur letzten Landtagswahl in Niedersachsen eine unzul\u00e4ssige Z\u00e4hlmethode angewandt wurde! Der Wahlausschu\u00df hat das Landeswahlgesetz nicht richtig interpretiert &hellip; <a href=\"https:\/\/windpilot.com\/blog\/trans-ocean-news\/deutsch-trans-ocean-e-v-gate\/deutsch-die-niedersachsenwahl-und-der-trans-ocean-e-v\/\">Weiterlesen <span class=\"meta-nav\">&rarr;<\/span><\/a><\/p>\n","protected":false},"author":1,"featured_media":0,"parent":7317,"menu_order":9,"comment_status":"open","ping_status":"closed","template":"","meta":{"footnotes":""},"class_list":["post-7923","page","type-page","status-publish","hentry"],"_links":{"self":[{"href":"https:\/\/windpilot.com\/blog\/wp-json\/wp\/v2\/pages\/7923","targetHints":{"allow":["GET"]}}],"collection":[{"href":"https:\/\/windpilot.com\/blog\/wp-json\/wp\/v2\/pages"}],"about":[{"href":"https:\/\/windpilot.com\/blog\/wp-json\/wp\/v2\/types\/page"}],"author":[{"embeddable":true,"href":"https:\/\/windpilot.com\/blog\/wp-json\/wp\/v2\/users\/1"}],"replies":[{"embeddable":true,"href":"https:\/\/windpilot.com\/blog\/wp-json\/wp\/v2\/comments?post=7923"}],"version-history":[{"count":7,"href":"https:\/\/windpilot.com\/blog\/wp-json\/wp\/v2\/pages\/7923\/revisions"}],"predecessor-version":[{"id":7940,"href":"https:\/\/windpilot.com\/blog\/wp-json\/wp\/v2\/pages\/7923\/revisions\/7940"}],"up":[{"embeddable":true,"href":"https:\/\/windpilot.com\/blog\/wp-json\/wp\/v2\/pages\/7317"}],"wp:attachment":[{"href":"https:\/\/windpilot.com\/blog\/wp-json\/wp\/v2\/media?parent=7923"}],"curies":[{"name":"wp","href":"https:\/\/api.w.org\/{rel}","templated":true}]}}