{"id":8288,"date":"2013-04-10T03:51:55","date_gmt":"2013-04-10T10:51:55","guid":{"rendered":"https:\/\/windpilot.com\/blog\/?page_id=8288"},"modified":"2013-05-25T04:44:30","modified_gmt":"2013-05-25T11:44:30","slug":"deutsch-14-gegen-die-wand","status":"publish","type":"page","link":"https:\/\/windpilot.com\/blog\/trans-ocean-news\/deutsch-trans-ocean-e-v-gate\/deutsch-14-gegen-die-wand\/","title":{"rendered":"14. Gegen die Wand"},"content":{"rendered":"<p><a href=\"https:\/\/windpilot.com\/blog\/wp-content\/uploads\/2013\/04\/H\u00e4ngendeM\u00e4nner.jpg\"><img loading=\"lazy\" decoding=\"async\" src=\"https:\/\/windpilot.com\/blog\/wp-content\/uploads\/2013\/04\/H\u00e4ngendeM\u00e4nner-768x1024.jpg\" alt=\"H\u00e4ngendeM\u00e4nner\" width=\"640\" height=\"853\" class=\"aligncenter size-large wp-image-8391\" srcset=\"https:\/\/windpilot.com\/blog\/wp-content\/uploads\/2013\/04\/H\u00e4ngendeM\u00e4nner-768x1024.jpg 768w, https:\/\/windpilot.com\/blog\/wp-content\/uploads\/2013\/04\/H\u00e4ngendeM\u00e4nner-225x300.jpg 225w, https:\/\/windpilot.com\/blog\/wp-content\/uploads\/2013\/04\/H\u00e4ngendeM\u00e4nner.jpg 1920w\" sizes=\"auto, (max-width: 640px) 100vw, 640px\" \/><\/a><strong>Werter Martin Birkhoff<\/strong><br \/>\nbeim Durchlesen Ihres Editorials zum TO-Heft #140 hilft nur noch Sarkasmus ob der Missachtung, die Sie &#8211; nach meiner Meinung &#8211; gegen\u00fcber Ihren Mitgliedern in Worte kleiden!<\/p>\n<p>Sie formulieren:<\/p>\n<blockquote><p>\u201eDas Engagement aller ist gefragt in Sachen neue Satzung. Die letzte MV hat dem Vorstand den Auftrag gegeben, die auf der MV vorgelegte Satzung zu \u00fcberarbeiten und auf der JHV 2013 erneut vorzulegen. Der Vorstand legt Wert darauf, allen Mitgliedern die Chance zu geben, sich einzubringen.\u201c<\/p><\/blockquote>\n<p>Ist der Vorstand denn nun von allen guten Geistern verlassen worden? Haben Sie keinerlei Respekt vor den Entscheidungen der Mitgliederschaft?<\/p>\n<p>Sie haben <strong>mitnichten einen Auftrag zur \u00dcberarbeitung der Satzung erhalten<\/strong>, denn die Mitglieder <strong>haben eine neue Satzung mehrheitlich beschlossen<\/strong> &#8211; selbst wenn dem Vorstand dies &#8211; erkennbar &#8211; auch heute &#8211; immer noch nicht gef\u00e4llt! Auch wenn die Akten nun beim Vereinsregister liegen, so setzen Sie sich gleichwohl &#8211; offenbar ungeniert &#8211; \u00fcber einen Mehrheitsbeschlu\u00df der Mitglieder hinweg, indem Sie zu einer erneuten Satzungsdiskussion am 1.6.2013 nach Cuxhaven einladen &#8211; als wenn es die Abstimmung nie gegeben h\u00e4tte!<\/p>\n<p><a href=\"https:\/\/windpilot.com\/blog\/wp-content\/uploads\/2013\/04\/Okay-Kaptain-Kopie.jpg\"><img loading=\"lazy\" decoding=\"async\" src=\"https:\/\/windpilot.com\/blog\/wp-content\/uploads\/2013\/04\/Okay-Kaptain-Kopie-576x1024.jpg\" alt=\"Okay Kaptain Kopie\" width=\"576\" height=\"1024\" class=\"aligncenter size-large wp-image-8290\" srcset=\"https:\/\/windpilot.com\/blog\/wp-content\/uploads\/2013\/04\/Okay-Kaptain-Kopie-576x1024.jpg 576w, https:\/\/windpilot.com\/blog\/wp-content\/uploads\/2013\/04\/Okay-Kaptain-Kopie-168x300.jpg 168w\" sizes=\"auto, (max-width: 576px) 100vw, 576px\" \/><\/a>Erwarten Sie allen Ernstes, dass sich nun &#8211; mitten in der Segelsaison &#8211; eine Autokarawane auf den Weg nach Cuxhaven macht, um Ihnen nun erneut \u201ebeim Denken zu helfen\u201c?<\/p>\n<p>Sie formulieren weiter:<\/p>\n<blockquote><p>\u201e Leider gibt es auch die weniger sch\u00f6nen Dinge, die ein Verein nicht wirklich braucht. Aber was hilft es, die Probleme m\u00fcssen gel\u00f6st werden&#8230;.\u201c.<\/p><\/blockquote>\n<p>Wenn Sie es doch endlich t\u00e4ten!!!<\/p>\n<p>Seit mindestens 14 Monaten sind Ihnen die Probleme aus vorheriger &#8211; und der eigenen! &#8211; Vorstandsarbeit bekannt, gleichwohl ist &#8211; zumindest bis zum R\u00fccktritt der Vorst\u00e4nde Mennewisch und R\u00f6ttgering &#8211; kaum &#8211; oder sollte ich besser sagen garnix? &#8211; passiert! Weiterzahlung einer \u00fcberh\u00f6hten Mietzahlung, inklusive einer Mwst, die nicht h\u00e4tte berechnet werden d\u00fcrfen! Sollte man dies nicht als fortgesetzte Untreue bezeichnen d\u00fcrfen?<br \/>\nMir f\u00e4llt noch mehr ein:<br \/>\n&#8211; Eine erheblich versp\u00e4tete Protokoll Ver\u00f6ffentlchung mit offenbar erwiesenermassen unrichtiger Darstellung des Verlaufs der Hauptversammlung,<br \/>\n&#8211; Verweigerung der Einberufung einer ao. Mv<br \/>\n&#8211; Nichteinreichung bzw. verz\u00f6gerte Mitteilung des Wahlergebnisses beim Vereinsregister<\/p>\n<p>Sie benennen \u20ac 18.000,&#8211; die von einem Anderkonto \u201everschwunden\u201c sind, heute eine <\/p>\n<blockquote><p>\u201eProvision\u201c<\/p><\/blockquote>\n<p>, obgleich im Kassenpr\u00fcfbericht verdeutlicht wurde, dass es sich wohl eher um eine Unterschlagung handeln k\u00f6nnte!<\/p>\n<p>Die Akten liegen auf dem Tisch, der Kassenpr\u00fcfbericht benennt die S\u00fcnden der Vergangenheit und Gegenwart, Ihre eigenen S\u00fcnden eingeschlossen, denn, nicht wahr, durch Ihr Nichtstun haben Sie Schaden vom Verein nicht abgewendet &#8211; fortgesetzte Untreue ist wahrscheinlich hier der bessere Begriff.<\/p>\n<p>Wie kann es angehen, dass Sie nun unter Aktenzeichen 358 \/ 13002 ein weiteres Mal Ihre Anw\u00e4lte beauftragen, gegen Peter Foerthmann bzgl. einer Klage auf Unterlassung vorzugehen, wo doch die Tatbest\u00e4nde f\u00fcr Untreue und Unterschlagung in Ihrem eigenen <a href=\"http:\/\/www.trans-ocean.eu\/Portals\/0\/Media\/intern-media\/protokoll_2012\/6-erweiterte_kassenpruefung.pdf\" target=\"_blank\">Kassenpr\u00fcfbericht<\/a> artikuliert &#8211; und derzeit vermutlich sogar staatsanwaltschaftliche Untersuchungen anh\u00e4ngig sind?<\/p>\n<p>Der Einfachheit halber hier der Originalpost bei  www.segeln-forum.de:<\/p>\n<blockquote><p>&#8230;. TRANS OCEAN e.V.<br \/>\nIch lege Wert auf die Feststellung, dass KEIN EINZIGER DER VON MIR BISLANG AUFGEZEIGTEN MISST\u00c4NDE nicht von den Fakten und Tatsachen in erheblichem Masse \u00fcbertroffen worden ist! Nach 25 Jahren der Mitgliedschaft in diesem Verein ist mir im Jahre 2011 der Kragen geplatzt, auch weil in der weltweiten Seglerschaft in erheblichem Masse Unzufriedenheit laut geworden ist. Siehe: der Fall der Familie Lelijveld SV DRIFTER.<\/p>\n<p><a href=\"https:\/\/windpilot.com\/blog\/wp-content\/uploads\/2013\/04\/Pinkler-Schleuse.jpg\"><img loading=\"lazy\" decoding=\"async\" src=\"https:\/\/windpilot.com\/blog\/wp-content\/uploads\/2013\/04\/Pinkler-Schleuse-1024x673.jpg\" alt=\"Pinkler Schleuse\" width=\"640\" height=\"420\" class=\"aligncenter size-large wp-image-8292\" srcset=\"https:\/\/windpilot.com\/blog\/wp-content\/uploads\/2013\/04\/Pinkler-Schleuse-1024x673.jpg 1024w, https:\/\/windpilot.com\/blog\/wp-content\/uploads\/2013\/04\/Pinkler-Schleuse-300x197.jpg 300w\" sizes=\"auto, (max-width: 640px) 100vw, 640px\" \/><\/a>Die Liste jahrzehntelanger Verfehlungen der Vereins Vorst\u00e4nde ger\u00e4t ungeheuerlich &#8211; derzeit w\u00fchlen sich Staatsanw\u00e4lte und Gerichte durch zentimeterdicke Aktenberge. Wenn dereinst \u201eim Namen des Volkes\u201c Urteile gesprochen werden, wird sich herausstellen, ob dieser Verein \u00fcberhaupt weiter lebensf\u00e4hig sein kann. Grundvoraussetzung f\u00fcr mich w\u00e4re ein Umdenken und eine komplett neue Vorstands Riege &#8211; denn ein \u201eWeiterwursteln\u201c wie bisher &#8211; wird nicht mehr m\u00f6glich sein.<\/p>\n<p>Provokative Frage an dieser Stelle: gibt es irgendeinen Bef\u00fcrworter bisheriger Strukturen, &#8230;. an dieser Stelle folgt der beanstandete Text, der die Missst\u00e4nde gem\u00e4ss Kassenpr\u00fcfbericht artikuliert&#8230;.. und benennt den Schaden zu lasten der Mitgliederschaft&#8230;.<\/p>\n<p>Wenn ich durch meine Aktivit\u00e4ten dereinst mithelfen kann, dass die derzeitigen Strukturen zerschlagen werden k\u00f6nnen &#8211; dann h\u00e4tte sich die ganze Arbeit gelohnt &#8211; bislang haben sich ca 350 TO Mitglieder zusammengefunden, ihre Kritik gemeinsam zu formulieren und zu artikulieren &#8211; und wir erleben life, wie die Geschichte weitergehen wird&#8230;.<\/p><\/blockquote>\n<p><a href=\"https:\/\/windpilot.com\/blog\/wp-content\/uploads\/2013\/04\/Handstantdim-Wasser.jpg\"><img loading=\"lazy\" decoding=\"async\" src=\"https:\/\/windpilot.com\/blog\/wp-content\/uploads\/2013\/04\/Handstantdim-Wasser-1024x692.jpg\" alt=\"Handstantdim Wasser\" width=\"640\" height=\"432\" class=\"aligncenter size-large wp-image-8291\" srcset=\"https:\/\/windpilot.com\/blog\/wp-content\/uploads\/2013\/04\/Handstantdim-Wasser-1024x692.jpg 1024w, https:\/\/windpilot.com\/blog\/wp-content\/uploads\/2013\/04\/Handstantdim-Wasser-300x202.jpg 300w\" sizes=\"auto, (max-width: 640px) 100vw, 640px\" \/><\/a><strong>VERDREHTE WELT<\/strong><br \/>\nF\u00fcr mich stellt sich am Ende die Frage, ob man Ihr Vorgehen in dieser Sache nicht ebenfalls als Untreue Ihren Mitgliedern gegen\u00fcber einordnen sollte oder k\u00f6nnte, denn die Rechnungen f\u00fcr derartig unsinnige Aktionen werden aus der Vereinskasse zu bezahlen sein!<\/p>\n<p>Nicht nur f\u00fcr mich ger\u00e4t kaum fassbar, wie der Trans Ocean e.V. hier von seinem Vorstand &#8211; ganz offenbar wider besseren Wissens &#8211; gegen die Wand gefahren wird!<\/p>\n<p>Nun reihe ich mich ein in die Phalanx ungl\u00e4ubiger TO Segler, die mit offenem Mund sprachlos geraten &#8230;. um zu erfahren, welche \u00dcberraschungen ein vom Verein losgel\u00f6st agierender Vorstand f\u00fcr seine Mitglieder als n\u00e4chste \u00dcberraschung pr\u00e4sentieren wird!<\/p>\n<p>Soll ich mal raten?<\/p>\n<p>Peter Foerthmann<\/p>\n","protected":false},"excerpt":{"rendered":"<p>Werter Martin Birkhoff beim Durchlesen Ihres Editorials zum TO-Heft #140 hilft nur noch Sarkasmus ob der Missachtung, die Sie &#8211; nach meiner Meinung &#8211; gegen\u00fcber Ihren Mitgliedern in Worte kleiden! Sie formulieren: \u201eDas Engagement aller ist gefragt in Sachen neue &hellip; <a href=\"https:\/\/windpilot.com\/blog\/trans-ocean-news\/deutsch-trans-ocean-e-v-gate\/deutsch-14-gegen-die-wand\/\">Weiterlesen <span class=\"meta-nav\">&rarr;<\/span><\/a><\/p>\n","protected":false},"author":1,"featured_media":0,"parent":7317,"menu_order":14,"comment_status":"open","ping_status":"closed","template":"","meta":{"footnotes":""},"class_list":["post-8288","page","type-page","status-publish","hentry"],"_links":{"self":[{"href":"https:\/\/windpilot.com\/blog\/wp-json\/wp\/v2\/pages\/8288","targetHints":{"allow":["GET"]}}],"collection":[{"href":"https:\/\/windpilot.com\/blog\/wp-json\/wp\/v2\/pages"}],"about":[{"href":"https:\/\/windpilot.com\/blog\/wp-json\/wp\/v2\/types\/page"}],"author":[{"embeddable":true,"href":"https:\/\/windpilot.com\/blog\/wp-json\/wp\/v2\/users\/1"}],"replies":[{"embeddable":true,"href":"https:\/\/windpilot.com\/blog\/wp-json\/wp\/v2\/comments?post=8288"}],"version-history":[{"count":7,"href":"https:\/\/windpilot.com\/blog\/wp-json\/wp\/v2\/pages\/8288\/revisions"}],"predecessor-version":[{"id":8393,"href":"https:\/\/windpilot.com\/blog\/wp-json\/wp\/v2\/pages\/8288\/revisions\/8393"}],"up":[{"embeddable":true,"href":"https:\/\/windpilot.com\/blog\/wp-json\/wp\/v2\/pages\/7317"}],"wp:attachment":[{"href":"https:\/\/windpilot.com\/blog\/wp-json\/wp\/v2\/media?parent=8288"}],"curies":[{"name":"wp","href":"https:\/\/api.w.org\/{rel}","templated":true}]}}