{"id":8318,"date":"2013-04-27T12:17:32","date_gmt":"2013-04-27T19:17:32","guid":{"rendered":"https:\/\/windpilot.com\/blog\/?page_id=8318"},"modified":"2013-05-25T09:49:28","modified_gmt":"2013-05-25T16:49:28","slug":"deutsch-trans-ocean-e-v-werter-andreas-huelsenberg","status":"publish","type":"page","link":"https:\/\/windpilot.com\/blog\/trans-ocean-news\/deutsch-trans-ocean-e-v-gate\/deutsch-trans-ocean-e-v-werter-andreas-huelsenberg\/","title":{"rendered":"16. A. Huelsenberg"},"content":{"rendered":"<p><strong>APPELL AN DIE RESTVERNUNFT<\/strong><br \/>\n<a href=\"https:\/\/windpilot.com\/blog\/wp-content\/uploads\/2013\/04\/TOter-Zwerg.jpg\"><img loading=\"lazy\" decoding=\"async\" src=\"https:\/\/windpilot.com\/blog\/wp-content\/uploads\/2013\/04\/TOter-Zwerg-1024x775.jpg\" alt=\"TOter-Zwerg\" width=\"640\" height=\"484\" class=\"aligncenter size-large wp-image-8319\" srcset=\"https:\/\/windpilot.com\/blog\/wp-content\/uploads\/2013\/04\/TOter-Zwerg-1024x775.jpg 1024w, https:\/\/windpilot.com\/blog\/wp-content\/uploads\/2013\/04\/TOter-Zwerg-300x227.jpg 300w, https:\/\/windpilot.com\/blog\/wp-content\/uploads\/2013\/04\/TOter-Zwerg.jpg 2000w\" sizes=\"auto, (max-width: 640px) 100vw, 640px\" \/><\/a>Sind Sie im Vorstand noch aktiv? Seit Februar 2012 kein Lebenszeichen, dem man entnehmen k\u00f6nnte, dass Sie den Verein noch aktiv mit gestalten! Der Vorstand als Ganzes scheint abgetaucht, verlautet nur hin und wieder eine Scheinwelt in den EDITORIALS &#8211; meist fernab der Vereins Realit\u00e4t!<\/p>\n<p>Offene Briefe, Blogs, Namenslisten und Kommentare unzufriedener Segler &#8211; eigentlich m\u00fc\u00dften in Cuxhaven die Glocken l\u00e4uten! Statt dessen klingelt die Kasse bei Ihren Anw\u00e4lten, die mich zum Schweigen zu bringen suchen! Zweimal wurde ich mit Abmahnungen begl\u00fcckt &#8211; beide habe ich zur\u00fcckgewiesen. Ich nehme es als Beweis, dass meine Kritik ihr Ziel erreicht! <\/p>\n<p>Meine Gr\u00fcnde, mich hier zu engagieren, m\u00f6gen f\u00fcr Sie als Botschaft vom Mars erscheinen, denn Machthunger interessiert mich nicht!  Mich treibt das Bestreben eines unverbesserlichen Idealisten, ein &#8211; wie ich es empfinde &#8211;  jahrzehntelanges Unrechtsgebilde in ein demokratisches Flussbett zu verholen, damit endlich einmal die Mitglieder und Segler mit Stimme und Gewicht ihren Verein selbst (mit) gestalten k\u00f6nnen! <\/p>\n<p><a href=\"https:\/\/windpilot.com\/blog\/wp-content\/uploads\/2013\/04\/Bullen.jpg\"><img loading=\"lazy\" decoding=\"async\" src=\"https:\/\/windpilot.com\/blog\/wp-content\/uploads\/2013\/04\/Bullen-1024x768.jpg\" alt=\"Bullen\" width=\"640\" height=\"480\" class=\"aligncenter size-large wp-image-8321\" srcset=\"https:\/\/windpilot.com\/blog\/wp-content\/uploads\/2013\/04\/Bullen-1024x768.jpg 1024w, https:\/\/windpilot.com\/blog\/wp-content\/uploads\/2013\/04\/Bullen-300x225.jpg 300w, https:\/\/windpilot.com\/blog\/wp-content\/uploads\/2013\/04\/Bullen.jpg 2048w\" sizes=\"auto, (max-width: 640px) 100vw, 640px\" \/><\/a>Die Ausw\u00fcchse autokratischer Vereinsf\u00fchrung sind im <strong>KASSENRP\u00dcFBERICHT<\/strong> nachzulesen &#8211; einer Fleiss- und Sklavenarbeit, weil den Kassenpr\u00fcfern jahrelang &#8211; jahrzehntelang? &#8211; die B\u00fccher und Konten nur unvollst\u00e4ndig vorgelegt &#8211; eine Arbeit, die hunderte von (ehrenamtlichen!)  Stunden erfordert hat, um den Mitgliedern nach Jahrzehnten die Augen \u00fcber die Vereins S\u00fcnden nun mit Gewalt zu \u00f6ffnen! Eine Arbeit, die von der breiten Mitgliederschaft kaum wahrgenommen wurde, weil der Vorstand diese Interna nach Kr\u00e4ften unterdr\u00fcckt, am liebsten komplett im Dunkeln gehalten h\u00e4tte! Der Kassenpr\u00fcfbericht als pdf wurde in 4 Monaten ca 580 mal angesehen!<\/p>\n<p>Neuerdings wird dem <strong>Kassenpr\u00fcfer Klaus Fohrmann<\/strong> sogar die Arbeit erschwert, die \u00dcbersendung von Akten zur Einsicht wird verweigert, er wird gar aufgefordert, zur Akteneinsicht pers\u00f6nlich in Cuxhaven zu erscheinen! Besser kann man Missachtung der Mitgliederinteressen nicht artikulieren, denn Kassenpr\u00fcfer sind als Kontrollorgan im Mitgliederauftrag authorisiert, die Vorstandsarbeit auf Korrektheit zu \u00fcberpr\u00fcfen! Sie sind daf\u00fcr vom Gesetz mit weitreichenden Vollmachten ausgestattet. Als Steuerberater besitzt Klaus Fohrmann hier beste Expertise. Einem Kassenpr\u00fcfer Akteneinsicht zu verweigern, gleicht einem Schritt zur\u00fcck in alte Zeiten!<br \/>\nTO &#8211; Posting vom 10.4.2013:<\/p>\n<blockquote><p>Herr Fohrmann&#8230; einsehen k\u00f6nnen Sie alles. Aber bitte nur im B\u00fcro. Aus den H\u00e4nden geben wir garnichts!<br \/>\nBernhard J\u00e4ger, Pressereferent<\/p><\/blockquote>\n<p><strong>Wolfgang Reymann<\/strong> und <strong>Uwe R\u00f6ttgering<\/strong> haben hunderte (ehrenamtlicher!) Stunden aufgewendet, dem Vorstand aktiv in Satzungsfragen Unterst\u00fctzung und Beratung zu gew\u00e4hren! Beide RA haben die Satzung ma\u00dfgeblich entworfen &#8211; die von den Mitgliedern dann mehrheitlich beschlossen wurde!  Beide haben gemeinsam an der <strong>DRIFTER Expertise <\/strong>mitgewirkt &#8211; mit einer <strong>HANDLUNGSEMPFEHLUNG<\/strong>, die keine Zweifel l\u00e4\u00dft! Auch die Kassenpr\u00fcfer haben eine deutliche Handlungsempfehlung gegeben. Der Vorstand sucht gleichwohl externe Berater &#8211; gegen teures Geld. Misstrauen kann man nicht besser artikulieren!<\/p>\n<p><strong>NEWSFLASH KRIMI<\/strong><br \/>\nAllen drei Herren wurde mangelnde Kameradschaft vorgeworfen ( siehe <strong>NEWSFLASH #8 Version #1<\/strong> ), weil sie sich engagiert und \u00fcberaus aktiv im Interesse der Mitglieder f\u00fcr eine Beendigung der uns\u00e4glichen Debatte um den Wahlausgang in der Satzungssache bem\u00fchten. Wolfgang Reymann wurde zudem explizit seiner Funktion als unabh\u00e4ngiger Rechtsexperte im <strong>DRIFTER GUTACHTEN<\/strong> enthoben!<\/p>\n<p>Was war geschehen? Der Vorstand hat aus dem Verzicht des Registergerichts auf eine rechtliche W\u00fcrdigung der Wahl, die falschen Schl\u00fcsse gezogen, denn das Gericht hat sich keinesfalls gegen die neue Satzung ausgesprochen, sondern lediglich auf den Klageweg bei einem ordentlichen Gericht verwiesen. Das Registergericht ist zu einer derartigen Stellungnahme verpflichtet, denn es ist keine Rechtsinstanz. Der Vorstand hat statt dessen den drei Herren vereinssch\u00e4digendes Verhalten unterstellt!<\/p>\n<p>Immerhin konnten aufmerksame Beobachter dieses Vereins Krimis erleben, dass der Vorstand gezwungenermassen seine Entscheidungen nun zu revidieren hatte! Der <strong>NEWSFLASH #8 Version #1<\/strong> wurde vom Netz genommen und im <strong>NEWSFLASH #8 Version #2<\/strong> in Bezug auf seine Aussagen zum Vereinsregister revidiert, der Vorstand zu einer wahrheitsgem\u00e4\u00dfen Stellungnahme mit Fristsetzung gezwungen! <\/p>\n<p>Zeitgleich wurde nun auch der NEWSFLASH von Vorstandsseite in den geschlossenen Forum Keller expediert, wo er nur von den Mitgliedern zu lesen ist, die den NEWSFLASH ohnehin als Rund Mail enthalten!<br \/>\nProvokative Frage: wird demn\u00e4chst die Vereinszeitung <strong>STRENG VERTRAULICH<\/strong> nur noch gegen Vorlage des Standerscheins abgegeben?<\/p>\n<p><strong>DIE FRONTLINIE<\/strong><br \/>\nDie Herren Reymann, Fohrmann und R\u00f6ttgering haben dem Vorstand gegen\u00fcber eine Frontlinie bezogen, die sich auf das Erreichen von drei Zielen konzentriert:<br \/>\n<strong>&#8211; rechtliche Anerkennung der Satzungswahl vor Gericht<br \/>\n&#8211; volle Entsch\u00e4digung f\u00fcr DRIFTER, so schnell wie m\u00f6glich<br \/>\n&#8211; Neuwahl des Gesamtvorstands, wie in der neuen Satzung vorgesehen!<br \/>\nDiese drei Herren repr\u00e4sentieren l\u00e4ngst die Mehrheit im Verein, wie die strittige Abstimmung allerbestens belegt!<\/strong><\/p>\n<p><a href=\"https:\/\/windpilot.com\/blog\/wp-content\/uploads\/2013\/04\/Lelijveld-Schmandt.jpg\"><img loading=\"lazy\" decoding=\"async\" src=\"https:\/\/windpilot.com\/blog\/wp-content\/uploads\/2013\/04\/Lelijveld-Schmandt-1024x682.jpg\" alt=\"Lelijveld: Schmandt\" width=\"640\" height=\"426\" class=\"aligncenter size-large wp-image-8333\" srcset=\"https:\/\/windpilot.com\/blog\/wp-content\/uploads\/2013\/04\/Lelijveld-Schmandt-1024x682.jpg 1024w, https:\/\/windpilot.com\/blog\/wp-content\/uploads\/2013\/04\/Lelijveld-Schmandt-300x199.jpg 300w, https:\/\/windpilot.com\/blog\/wp-content\/uploads\/2013\/04\/Lelijveld-Schmandt.jpg 2000w\" sizes=\"auto, (max-width: 640px) 100vw, 640px\" \/><\/a><strong>UNVERGESSEN<\/strong><br \/>\nAndreas Huelsenberg,<strong> Ihr Schreiben an Coby&#038;Arnold vom 17.2. 2010<\/strong> ist unvergessen! Ihre Ablehnung von Hilfe im Notfall entbindet Sie, \u00fcber Kameradschaft noch etwas Glaubw\u00fcrdiges sagen zu k\u00f6nnen! <strong>EIN DENKMAL F\u00dcR UNTERLASSENE HILFELEISTUNG!<\/strong> Ein Denkmal f\u00fcr Ihre Mitwirkung im Vorstand und von Ihnen nie zur\u00fcckgenommen, nie bedauert, genausowenig wie von Ihren Mitstreitern. F\u00fcr Segler auf der ganzen Welt ein sicheres Indiz, dass der Vorstand als Ganzes nicht in der Lage ist, die Gef\u00fchle der Opfer zu begreifen, sondern Coby und Arnold eine weitere bittere Entt\u00e4uschung bereitet haben!<br \/>\nF\u00fcr das folgende Zitat aus Ihrem Brief an Coby &#038; Arnold haben Sie sich bis heute nicht entschuldigt:<\/p>\n<blockquote><p>Da ich weder in der Versicherungsbranche, noch als Jurist t\u00e4tig bin, kann ich mich zu dem gesamten Vorgang nicht \u00e4u\u00dfern.<br \/>\nEs tut mir leid, Ihnen nicht weiter helfen zu k\u00f6nnen und verbleibe<br \/>\nmit freundlichen Gr\u00fc\u00dfen<br \/>\nA. H\u00fclsenberg<br \/>\nstellv. Vorsitzender<\/p><\/blockquote>\n<p>Ich habe unsere Gespr\u00e4che aus Ihrer vorherigen Amtszeit bestens in Erinnerung, k\u00f6nnte Ihre Versprechen am <strong>RUNDEN TISCH<\/strong> wortgetreu zitieren! Ich hatte den Eindruck, dass Sie ein Mann mit R\u00fcckgrad und Gestaltungswillen sind, ein Mann, der \u201erichtig tickt\u201c und dem autokratischer F\u00fchrungsstil zutiefst zuwider gewesen ist!<br \/>\nNach meinem Verst\u00e4ndnis sind Sie heute Teil eines Systems, das die alten Vorgehensweisen jahrzehntelanger Vorst\u00e4nde <strong>NAHTLOS WEITERF\u00dcHRT<\/strong> &#8211; sich explizit gegen jede <strong>NEUAUSRICHTUNG<\/strong> zu str\u00e4uben scheinen! Vielleicht gef\u00e4llt Ihnen sogar, wenn Martin Birkhoff neuerdings einen Brief an Dritte mit \u201epresident\u201c unterzeichnet!<\/p>\n<p><a href=\"https:\/\/windpilot.com\/blog\/wp-content\/uploads\/2013\/04\/M\u00f6ve-Fischkopf.jpg\"><img loading=\"lazy\" decoding=\"async\" src=\"https:\/\/windpilot.com\/blog\/wp-content\/uploads\/2013\/04\/M\u00f6ve-Fischkopf-1024x768.jpg\" alt=\"M\u00f6ve Fischkopf\" width=\"640\" height=\"480\" class=\"aligncenter size-large wp-image-8334\" srcset=\"https:\/\/windpilot.com\/blog\/wp-content\/uploads\/2013\/04\/M\u00f6ve-Fischkopf-1024x768.jpg 1024w, https:\/\/windpilot.com\/blog\/wp-content\/uploads\/2013\/04\/M\u00f6ve-Fischkopf-300x225.jpg 300w\" sizes=\"auto, (max-width: 640px) 100vw, 640px\" \/><\/a><br \/>\n<strong>DER WENDEPUNKT WURDE GESTOHLEN<\/strong><br \/>\nDer 24.11.2012 w\u00e4re die Wende zum Besseren gewesen! Der Vorstand &#8211; explizit auch Sie &#8211; haben diesen Wendepunkt gestohlen! Im November 2012 haben Sie die Mitglieder sogar erpresst, indem Sie mit R\u00fccktritt des Vorstands drohten, f\u00fcr den Fall, dass die neue Satzung positiv beschlossen w\u00fcrde! Ohne diese Drohung w\u00e4re die Abstimmung gegen den Vorstand sicher noch deutlicher ausgefallen! F\u00fcr mich sind Sie damit verantwortlich f\u00fcr den Stillstand in der Satzungssache!<\/p>\n<p><strong>DER STATUS QUO<\/strong><br \/>\nIch frage Sie: ANDREAS, warum tun Sie das? Warum lassen Sie zu, dass Ihr Verein heute Rechtsstreitigkeiten nach allen Seiten f\u00fchrt? Hatten Sie am Runden Tisch nicht Besseres versprochen? Warum bleiben Sie still &#8211; die Segler haben anderes von Ihnen erwartet!<\/p>\n<p><a href=\"https:\/\/windpilot.com\/blog\/wp-content\/uploads\/2013\/04\/Zirkus.jpg\"><img loading=\"lazy\" decoding=\"async\" src=\"https:\/\/windpilot.com\/blog\/wp-content\/uploads\/2013\/04\/Zirkus-1024x666.jpg\" alt=\"Zirkus\" width=\"640\" height=\"416\" class=\"aligncenter size-large wp-image-8324\" srcset=\"https:\/\/windpilot.com\/blog\/wp-content\/uploads\/2013\/04\/Zirkus-1024x666.jpg 1024w, https:\/\/windpilot.com\/blog\/wp-content\/uploads\/2013\/04\/Zirkus-300x195.jpg 300w\" sizes=\"auto, (max-width: 640px) 100vw, 640px\" \/><\/a><br \/>\n<strong>HYPOTHESE<\/strong><br \/>\nAngenommen, Eure Sandkastenspiele mit Satzungs Bausteinen im famili\u00e4ren Kreis an einem Samstag im Segelsommer &#8211; m\u00fcnden in eine Satzung, wie sie dann Euch gef\u00e4llt! Qua Pr\u00e4senzwahl k\u00f6nnte es vielleicht mit List und T\u00fccke haarscharf gelingen, eine Abstimmung zur MV durch zu peitschen! Ihr erkl\u00e4rt dies hernach als grandiosen Erfolg Eurer Vorstandsarbeit!<\/p>\n<p><strong>DER VORSTAND K\u00d6NNTE SEINEN MITGLIEDERN DAS BLANKE HINTERTEIL NICHT BESSER ZEIGEN!<\/strong><br \/>\nDaher meine Fragen:<br \/>\nGlaubt Ihr ernsthaft an ein Gelingen?<br \/>\nGlaubt Ihr wirklich, dass die Mitglieder sich dies gefallen lassen? Glaubt Ihr, dass es uns Spass macht, Euch dauerhaft an Eure Pflichten zu erinnern? Glaubt Ihr, dass die Mitglieder dies ohne gerichtliche Klagen akzeptieren werden? Merkt Ihr nicht, dass das Vereinsschiff immer weiter aus dem Ruder l\u00e4uft?<\/p>\n<p><a href=\"https:\/\/windpilot.com\/blog\/wp-content\/uploads\/2013\/04\/Carbon-Craft-130.jpg\"><img loading=\"lazy\" decoding=\"async\" src=\"https:\/\/windpilot.com\/blog\/wp-content\/uploads\/2013\/04\/Carbon-Craft-130.jpg\" alt=\"Carbon-Craft-130\" width=\"1000\" height=\"593\" class=\"aligncenter size-full wp-image-8325\" srcset=\"https:\/\/windpilot.com\/blog\/wp-content\/uploads\/2013\/04\/Carbon-Craft-130.jpg 1000w, https:\/\/windpilot.com\/blog\/wp-content\/uploads\/2013\/04\/Carbon-Craft-130-300x177.jpg 300w\" sizes=\"auto, (max-width: 1000px) 100vw, 1000px\" \/><\/a><strong>ES K\u00d6NNTE ZUM PHYRRUS SIEG GERATEN<\/strong><br \/>\nEs ist anzunehmen, dass eine Reihe von Kritikern Euch in eine &#8211; oder vielleicht mehrere? &#8211; Klagen zwingen werden! Wenn sich dabei bewahrheiten sollte, dass ein ordentliches Gericht hier oder dort, zu einem klaren Urteil zum Wahlausgang von 2012 k\u00e4me und gegen Euch entscheidet,<br \/>\n<strong>DANN STEHT IHR ALLESAMT OHNE HEMD UND HOSE DA!<\/strong> &#8211; denn Eure \u201eehrenamtliche Arbeit\u201c m\u00fcsste m\u00fchselig r\u00fcckabgewickelt werden! Ein Gesichtsverlust allererster G\u00fcte! Allein, der TO h\u00e4tte ein weiteres Jahr vertan, verursacht durch Bockigkeit der Vorstandstruppe! \u00dcber die Zuordnung der enormen Kosten k\u00f6nnte dann in einem weiteren Verfahren entschieden werden, durchaus m\u00f6glich, dass man den Vorstand am Ende pers\u00f6nlich belangen k\u00f6nnte! Die Kassenpr\u00fcfer werden hier Entscheidungen zu treffen haben!<\/p>\n<p><strong>EIN DEJA VUE &#8211; VORSTAND GEGEN MITGLIEDER<\/strong><br \/>\nDer Vorstand ist der Diener seine Mitglieder &#8211; Habt Ihr das immer noch nicht verstanden?<br \/>\nEs ist eine skurrile Situation:<br \/>\n&#8211; die uns viel Arbeit, Kraft und Kosten abverlangt!<br \/>\n&#8211; die ungez\u00e4hlte Mitglieder veranlasst hat, sich angewidert abzuwenden!<br \/>\n&#8211; die dem Verein den Lebenssaft entzieht, wenn es noch lange so weitergeht!<br \/>\nEine Situation, \u00fcber die wir Kritiker uns nur mit Idealismus und Sarkasmus weiterhelfen k\u00f6nnen, denn die Situation ist grotesk, wie sie nicht schlimmer geraten k\u00f6nnte!<br \/>\nEine Situation, in der Neumitglieder eintreten, nicht ahnend, dass ihre blo\u00dfe Anzahl von einem Vorstand als Beweis erfolgreicher Vorstandsarbeit verwendet wird &#8211; weil Ihr diese NEUEN \u00fcber die Faktenlage nicht korrekt informiert, ihnen immer noch eine heile Kameradschaft vorgaukelt &#8211; die Ihr seit Jahren mit F\u00fcssen tretet!<\/p>\n<p>Glauben Sie, dass der Vorstand der Kritik auf Dauer widerstehen kann?<br \/>\nIch glaube dies nicht &#8211; hier sind meine Gr\u00fcnde: <\/p>\n<p><strong>EVOLUTION VON KRITIK<\/strong><br \/>\n&#8211; Im November 2011 hat es nur zwei Kritiker gegeben &#8211; Uwe R\u00f6ttgering und Peter Foerthmann!<br \/>\n&#8211; Im November 2012 hat die Mehrheit der Anwesenden gegen Euch entschieden! Ihr habt es bislang 6 Monate ausgesessen!<br \/>\n&#8211; Zwischenzeitlich haben hunderte Mitglieder ihre Kritik verbal ge\u00e4ussert!<br \/>\n&#8211; Viele Segler unterwegs haben den TO-Stander eingeholt, im Pacific hat der TO heute kaum noch Relevanz!<br \/>\n&#8211; Sogar St\u00fctzpunkte haben die Flagge eingerollt! &#8211; Euer Rund- oder Hilferuf an die St\u00fctzpunkte jedenfalls ist ohne nennenswertes &#8211; oder gar ernsthaftes &#8211; Ergebnis verhallt! Dieser Schuss ist m.E.nach hinten losgegangen!<br \/>\n&#8211; der Kreis Eurer Bef\u00fcrworter ger\u00e4t zusehends geringer, das Forum stagniert bei 3 &#8211; 8 postings pro Tag, der Webmaster erscheint grandios \u00fcberbezahlt. Der ungeheure Vorfall um den NEWSLETTER vom 24.4.2013 wurde vom Webmaster am 25.4.2013 auf eine Frage von SY Akka, wie folgt kommentiert:<\/p>\n<blockquote><p>Hallo Andrea, ja &#8211; das ist in Ordnung und so vom Vorstand und mir gewollt.<br \/>\nGruss Helmut- Admin<br \/>\nPS der Newsletter ist ab sofort nur noch im internen Bereich mit Einloggen als TO Mitglied zu bekommen.<\/p><\/blockquote>\n<p><a href=\"https:\/\/windpilot.com\/blog\/wp-content\/uploads\/2013\/04\/nicht_leicht.jpg\"><img loading=\"lazy\" decoding=\"async\" src=\"https:\/\/windpilot.com\/blog\/wp-content\/uploads\/2013\/04\/nicht_leicht-1024x767.jpg\" alt=\"nicht_leicht\" width=\"640\" height=\"479\" class=\"aligncenter size-large wp-image-8326\" srcset=\"https:\/\/windpilot.com\/blog\/wp-content\/uploads\/2013\/04\/nicht_leicht-1024x767.jpg 1024w, https:\/\/windpilot.com\/blog\/wp-content\/uploads\/2013\/04\/nicht_leicht-300x224.jpg 300w, https:\/\/windpilot.com\/blog\/wp-content\/uploads\/2013\/04\/nicht_leicht.jpg 1707w\" sizes=\"auto, (max-width: 640px) 100vw, 640px\" \/><\/a><strong>DER STEIN AM HALS<\/strong><br \/>\nDer Stein, der Euch unter Wasser zieht, hat einen Namen, der alle Kritiker, die Herz und Verstand noch an der richtigen Stelle haben, vereint und zusammen h\u00e4lt:<br \/>\n<strong>Der Stein heisst DRIFTER!<\/strong><br \/>\nF\u00fcnf Jahre Warten und Verz\u00f6gerungen, scheinheilige Vorw\u00e4nde \u00fcber Schutz von Mitgliederinteressen, Hinweise auf Gutachten, deren schlechtes Ergebnis wir erahnen! K\u00f6nnt Ihr immer noch in den Spiegel schauen?<br \/>\nIn der Mitgliederschaft existiert eine geballte Ladung an Expertise, Rechtsanw\u00e4lte und Steuerberater haben die Tatbest\u00e4nde durchleuchtet  und sind zu gletscherklarem Ergebnis gekommen &#8211; haben sich sogar erboten, Euch aus der Haftung zu entlassen, gar f\u00fcr fehlerhafte Beurteilung selbst zu haften! Und Ihr sitzt immer noch unt\u00e4tig im Turm&#8230;. und verspielt den letzten Rest an Glaubw\u00fcrdigkeit &#8211; die Ideale eines einst so stolzen Vereins! Euer Schuld Konto ist brechend voll! <\/p>\n<p><strong>VORSTANDS FLOSKELN<\/strong><br \/>\nKameradschaft &#8211; Fairer Umgang unter Segler &#8211; Fair-Winds &#8211; Handbreit &#8211; alles Floskeln, denn 5 Jahre EHR- und GESICHTSVERLUST wiegen schwer im Magen einer Mitgliederschaft, der die Vereinskasse keinesfalls wichtig ist, die statt dessen endlich einen Schritt vorw\u00e4rts zum Begleichen alter Schulden sehen will:<br \/>\n<strong>VOLLE ENTSCH\u00c4DIGUNG F\u00dcR DRIFTER!<\/strong> <\/p>\n<p>Die wahren Segler sind dabei, ihre Koffer zu packen und ihrem Verein den R\u00fccken zu kehren &#8211; viele haben diesen Schritt bereits getan &#8211; der Schwund an Erfahrung wird tiefe Spuren im TO hinterlassen &#8211; denn Neumitglieder haben ausser ihrem Jahresbeitrag nur wenig zu bieten! Es ist die wertvolle Substanz jahrzehntelangen Mitglieder, die Ihr vertreibt!<\/p>\n<p>DRIFTER sei Dank, dass wir die Ausdauer behalten, mit Idealismus, Zeiteinsatz und finanziellem Investment daf\u00fcr zu sorgen, dass wir dereinst einen Vorstand werden absetzen k\u00f6nnen, der sich weigert, die W\u00fcnsche seiner Mitglieder in Taten zu transformieren! Wir erledigen diese Mammutaufgabe ehrenamtlich, ohne uns dahinter zu verstecken &#8211; wie Ihr es immer wieder gerne macht!<\/p>\n<p>Wir Kritiker werden Euch solange auf den Fersen haften &#8211; bis Ihr begriffen habt:<br \/>\n<strong>ES IST ZEIT ZU GEHEN!<\/strong><\/p>\n<p>Unser Wort drauf!<br \/>\nPeter Foerthmann<\/p>\n","protected":false},"excerpt":{"rendered":"<p>APPELL AN DIE RESTVERNUNFT Sind Sie im Vorstand noch aktiv? Seit Februar 2012 kein Lebenszeichen, dem man entnehmen k\u00f6nnte, dass Sie den Verein noch aktiv mit gestalten! Der Vorstand als Ganzes scheint abgetaucht, verlautet nur hin und wieder eine Scheinwelt &hellip; <a href=\"https:\/\/windpilot.com\/blog\/trans-ocean-news\/deutsch-trans-ocean-e-v-gate\/deutsch-trans-ocean-e-v-werter-andreas-huelsenberg\/\">Weiterlesen <span class=\"meta-nav\">&rarr;<\/span><\/a><\/p>\n","protected":false},"author":1,"featured_media":0,"parent":7317,"menu_order":16,"comment_status":"open","ping_status":"closed","template":"","meta":{"footnotes":""},"class_list":["post-8318","page","type-page","status-publish","hentry"],"_links":{"self":[{"href":"https:\/\/windpilot.com\/blog\/wp-json\/wp\/v2\/pages\/8318","targetHints":{"allow":["GET"]}}],"collection":[{"href":"https:\/\/windpilot.com\/blog\/wp-json\/wp\/v2\/pages"}],"about":[{"href":"https:\/\/windpilot.com\/blog\/wp-json\/wp\/v2\/types\/page"}],"author":[{"embeddable":true,"href":"https:\/\/windpilot.com\/blog\/wp-json\/wp\/v2\/users\/1"}],"replies":[{"embeddable":true,"href":"https:\/\/windpilot.com\/blog\/wp-json\/wp\/v2\/comments?post=8318"}],"version-history":[{"count":17,"href":"https:\/\/windpilot.com\/blog\/wp-json\/wp\/v2\/pages\/8318\/revisions"}],"predecessor-version":[{"id":8322,"href":"https:\/\/windpilot.com\/blog\/wp-json\/wp\/v2\/pages\/8318\/revisions\/8322"}],"up":[{"embeddable":true,"href":"https:\/\/windpilot.com\/blog\/wp-json\/wp\/v2\/pages\/7317"}],"wp:attachment":[{"href":"https:\/\/windpilot.com\/blog\/wp-json\/wp\/v2\/media?parent=8318"}],"curies":[{"name":"wp","href":"https:\/\/api.w.org\/{rel}","templated":true}]}}