{"id":8766,"date":"2013-10-05T00:47:31","date_gmt":"2013-10-05T07:47:31","guid":{"rendered":"https:\/\/windpilot.com\/blog\/?page_id=8766"},"modified":"2017-12-31T03:22:53","modified_gmt":"2017-12-31T10:22:53","slug":"deutsch-trans-ocean-e-v-die-existenzfrage","status":"publish","type":"page","link":"https:\/\/windpilot.com\/blog\/trans-ocean-news\/deutsch-zum-neuen-to\/deutsch-trans-ocean-e-v-die-existenzfrage\/","title":{"rendered":"Die Existenzfrage"},"content":{"rendered":"<p>Die Entwicklung der vergangenen Monate hat gezeigt: Die weitere Existenz des TO erfordert Entscheidungen, denen der jetzige Vorstand im Wege steht. Eine blockierte Satzungswahl sowie die eigenm\u00e4chtige Entscheidung in der DRIFTER Sache, haben verdeutlicht, dass der Vorstand sich gegen den Souver\u00e4n entscheidet.<\/p>\n<p><a href=\"https:\/\/windpilot.com\/blog\/wp-content\/uploads\/2013\/06\/NTO-Titel.jpg\"><img loading=\"lazy\" decoding=\"async\" class=\"aligncenter size-full wp-image-8503\" alt=\"NTO Titel\" src=\"https:\/\/windpilot.com\/blog\/wp-content\/uploads\/2013\/06\/NTO-Titel.jpg\" width=\"1503\" height=\"469\" srcset=\"https:\/\/windpilot.com\/blog\/wp-content\/uploads\/2013\/06\/NTO-Titel.jpg 1503w, https:\/\/windpilot.com\/blog\/wp-content\/uploads\/2013\/06\/NTO-Titel-300x93.jpg 300w, https:\/\/windpilot.com\/blog\/wp-content\/uploads\/2013\/06\/NTO-Titel-1024x319.jpg 1024w\" sizes=\"auto, (max-width: 1503px) 100vw, 1503px\" \/><\/a><strong>DER ANTRAG AUF NEUWAHL IST FOLGERICHTIG<\/strong><br \/>\nAus dieser \u00dcberzeugung heraus haben wir im Juni zur Initative <a href=\"https:\/\/windpilot.com\/blog\/de\/trans-ocean-news\/deutsch-new-trans-ocean\/\">NEW-TRANS-OCEAN<\/a> aufgerufen. Wir bedanken uns bei all denen, die mit ihrem Kommentar geholfen haben. Eine Zusage f\u00fcr die \u00dcbernahme des Amts des ersten Vorsitzenden haben wir leider nicht erhalten. Aber es ist eine breite Opposition entstanden, die mit pr\u00e4zisen Antr\u00e4gen und Forderungen den Versuch unternimmt, die Geschicke des Vereins in eine bessere Richtung zu lenken &#8211; noch wichtiger: den Vorstand an weiteren Rechtsbr\u00fcchen zu hindern. Wir k\u00f6nnen nur hoffen, dass sich zur Mv &#8211; und nicht erst dort &#8211; engagierte Mitglieder finden, die bereit sind, ein Vorstandsamt zu \u00fcbernehmen, um dem Verein eine vielleicht letzte Chance f\u00fcr einen Neuanfang zu geben. Breite Schultern werden notwendig sein, um dieses Ziel zu erreichen.<\/p>\n<p><strong>DAS HAUPTPROBLEM<\/strong><br \/>\nDas Hauptproblem des TO heisst mangelndes Interesse der Vereinsmitglieder, beg\u00fcnstigt durch vermutlich vors\u00e4tzliches Verschweigen von Tatsachen vor der Vereins\u00f6ffentlichkeit. Aber dies kann kein Grund sein, einen erkennbar heruntergewirtschafteten Verein weiterhin einem Vorstand zu \u00fcberlassen, der die demokratischen Regeln menschlichen Umgangs offenkundig und dauerhaft verletzt.<\/p>\n<p><a href=\"https:\/\/windpilot.com\/blog\/wp-content\/uploads\/2013\/10\/Beule-low.jpg\"><img loading=\"lazy\" decoding=\"async\" class=\"aligncenter size-full wp-image-8767\" alt=\"Beule low\" src=\"https:\/\/windpilot.com\/blog\/wp-content\/uploads\/2013\/10\/Beule-low.jpg\" width=\"2048\" height=\"1536\" srcset=\"https:\/\/windpilot.com\/blog\/wp-content\/uploads\/2013\/10\/Beule-low.jpg 2048w, https:\/\/windpilot.com\/blog\/wp-content\/uploads\/2013\/10\/Beule-low-300x225.jpg 300w, https:\/\/windpilot.com\/blog\/wp-content\/uploads\/2013\/10\/Beule-low-1024x768.jpg 1024w\" sizes=\"auto, (max-width: 2048px) 100vw, 2048px\" \/><\/a><strong>INTERESSENKOLLISION<\/strong><br \/>\nEs ger\u00e4t denkbar, dass im November Mitglieder aus zwei einander v\u00f6llig fremden Interessenlagern aufeinandertreffen oder prallen.<br \/>\n&#8211; Hier idealistisch pro Vorstand verortete Neu-Mitglieder, St\u00fctzpunkt Aktivisten und Medaillentr\u00e4ger, die ihrem Verein und sich selbst Ver\u00e4nderungen sowie Kritik ersparen m\u00f6chten, weil sie alles gut finden, so wie es war und ist.<br \/>\n&#8211; Dort eine wachsende Opposition, die Vers\u00e4umnisse benennt und ihre Forderungen handfest mit Fakten unterlegt.<br \/>\nDie Schnittmenge beider Lager heisst Information, die unterschiedlich vorhanden ist. Es bleibt zu hoffen, dass es gelingen m\u00f6ge, in Cuxhaven allen anwesenden Seglern s\u00e4mtliche Fakten zu \u00fcbermitteln. Durchaus denkbar, dass einige Besucher sprachlos und ihren Standpunkt \u00fcberdenken werden.<\/p>\n<p>Nach 50 Jahren ohne Demokratie, steht der Verein vor einem Scherbenhaufen. Wo Demokratie keine Tradition hat, muss sie erst m\u00fchsam einge\u00fcbt werden. Das gilt wohlgemerkt nicht f\u00fcr das einzelne Mitglied, aber es gilt f\u00fcr den Verein als Gebilde. Wo grunds\u00e4tzliche Errungenschaften unserer Gesellschaft als unbekannt eingestuft werden m\u00fcssen, kann man begr\u00fcndet behaupten, dass die Vertretung der deutschsprachigen Hochseesegler gesellschaftlich im R\u00fcckstand ist.<\/p>\n<p><strong>DER SINN VON OPPOSITION<\/strong><br \/>\nEs ist nicht das Ziel der Opposition, \u00c4mter zu \u00fcbernehmen, ihr Ziel ist vielmehr, den TO auf vereinsrechtlich solide Beine zu stellen, Mitbestimmung, Meinungsfreiheit und demokratische Strukturen zu erm\u00f6glichen und endlich eine Meinungsumfrage zu veranlassen, um die W\u00fcnsche und Vorstellungen der Mitglieder in toto erstmals zu erfahren. Es ist \u00fcberdeutlich, dass der heutige Vorstand sich einer Demokratisierung, selbst in Teilbereichen, vehement widersetzt. Sein vor wenigen Tagen unternommener Versuch, eine Streitwerterh\u00f6hung in der Satzungsklage zu erreichen, um die antragstellenden Mitglieder in h\u00f6here Kosten zu treiben, grenzt an Zynismus, weil sein eigenes Kostenrisiko aus der Vereinskasse zu bezahlen ist. Ob dies den Tatbestand der Untreue erf\u00fcllen k\u00f6nnte, das werden Juristen zu beantworten haben.<\/p>\n<p><a href=\"https:\/\/windpilot.com\/blog\/wp-content\/uploads\/2013\/10\/TelZellen.jpg\"><img loading=\"lazy\" decoding=\"async\" class=\"aligncenter size-full wp-image-8768\" alt=\"TelZellen\" src=\"https:\/\/windpilot.com\/blog\/wp-content\/uploads\/2013\/10\/TelZellen.jpg\" width=\"600\" height=\"400\" srcset=\"https:\/\/windpilot.com\/blog\/wp-content\/uploads\/2013\/10\/TelZellen.jpg 600w, https:\/\/windpilot.com\/blog\/wp-content\/uploads\/2013\/10\/TelZellen-300x200.jpg 300w\" sizes=\"auto, (max-width: 600px) 100vw, 600px\" \/><\/a><strong>MEINUNGSFREIHEIT<\/strong><br \/>\nEiner der kompetenten noch verbliebenen Blogger im TO Forum ist G.S. Seine Analogien sind Lehrmaterial f\u00fcr Anf\u00e4nger:<\/p>\n<blockquote><p>Wenn eine Diskussionsrunde des digitalen Vereinsheims verwiesen wird, dann h\u00f6rt sie nicht auf zu diskutieren, sondern diskutiert in der digitalen \u00f6ffentlichen Gastst\u00e4tte nebenan weiter.<\/p><\/blockquote>\n<p>Der Mann verdeutlicht, dass wir uns unsere Grundfreiheiten heute nicht mehr nehmen lassen werden. Wenn wir sie hier und heute nicht verteidigen, werden wir diese Rechte wieder verlieren. Der Vorstand hat sein Amtsverst\u00e4ndnis in Stein gemeisselt. Auf sein Diktat hin wurde das TO Forum zur Folterkammer der Meinungsfreiheit umgebaut, wo die blo\u00dfe Namensnennung von Bernd Luetgebrune zensiert und unterbunden wird. Wenn dieser Vorgang nicht zu einem Sturm der Entr\u00fcstung gef\u00fchrt hat, ist dies allein dem Umstand geschuldet, dass im TO Forum bereits Grabesstille herrscht.<\/p>\n<p><a href=\"https:\/\/windpilot.com\/blog\/wp-content\/uploads\/2013\/10\/LighthouseB\u00e4\u00dfmann.jpg\"><img loading=\"lazy\" decoding=\"async\" class=\"aligncenter size-full wp-image-8770\" alt=\"LighthouseB\u00e4\u00dfmann\" src=\"https:\/\/windpilot.com\/blog\/wp-content\/uploads\/2013\/10\/LighthouseB\u00e4\u00dfmann.jpg\" width=\"1536\" height=\"1152\" srcset=\"https:\/\/windpilot.com\/blog\/wp-content\/uploads\/2013\/10\/LighthouseB\u00e4\u00dfmann.jpg 1536w, https:\/\/windpilot.com\/blog\/wp-content\/uploads\/2013\/10\/LighthouseB\u00e4\u00dfmann-300x225.jpg 300w, https:\/\/windpilot.com\/blog\/wp-content\/uploads\/2013\/10\/LighthouseB\u00e4\u00dfmann-1024x768.jpg 1024w\" sizes=\"auto, (max-width: 1536px) 100vw, 1536px\" \/><\/a><strong>DAS BRENNGLAS<\/strong><br \/>\nDer Fall DRIFTER ist zum Brennglas der Probleme des Vereins geworden, dessen Sprengkraft den TO zu zerreissen droht. Die frevelhaften Versuche der Vorst\u00e4nde, dies Unrecht f\u00fcnf lange Jahre vor den Mitgliedern zu verbergen &#8211; und mit seinem erb\u00e4rmlichen Schreiben vom 5.9.2013 eigenm\u00e4chtig zu begraben &#8211; zeigt, dass dem Vorstand die sozialen Zusammenh\u00e4nge in einem Verein unwichtig sind. Wenn da nicht Drifter w\u00e4re, man k\u00f6nnte sich leicht wichtigeren Dingen zuwenden. Es ist bedenklich, dass dies die \u00fcberwiegende Zahl der deutschen Hochseesegler kaum noch zu interessieren scheint &#8211; wenn es sie denn jemals interessiert hat. Die Zahl der Positionsmeldungen im TO Heft hat in den letzten Jahren um ca 50% abgenommen, die Berichte ebenfalls.<\/p>\n<p><a href=\"https:\/\/windpilot.com\/blog\/wp-content\/uploads\/2013\/10\/KoreaManGreen-low.jpg\"><img loading=\"lazy\" decoding=\"async\" class=\"aligncenter size-full wp-image-8772\" alt=\"KoreaManGreen low\" src=\"https:\/\/windpilot.com\/blog\/wp-content\/uploads\/2013\/10\/KoreaManGreen-low.jpg\" width=\"5544\" height=\"3696\" srcset=\"https:\/\/windpilot.com\/blog\/wp-content\/uploads\/2013\/10\/KoreaManGreen-low.jpg 5544w, https:\/\/windpilot.com\/blog\/wp-content\/uploads\/2013\/10\/KoreaManGreen-low-300x200.jpg 300w, https:\/\/windpilot.com\/blog\/wp-content\/uploads\/2013\/10\/KoreaManGreen-low-1024x682.jpg 1024w\" sizes=\"auto, (max-width: 5544px) 100vw, 5544px\" \/><\/a><strong>DER SOUVER\u00c4N<\/strong><br \/>\nDas letzte Wort &#8211; und die Verantwortung &#8211; liegt <strong>ALLEIN<\/strong> bei den Mitgliedern. Sie haben dar\u00fcber zu befinden, ob sie das Tun ihres Vorstand auch nach Kenntnis aller Details, nachtr\u00e4glich sanktionieren, oder ob sie den in Not gekommenen Kameraden in Fiji helfen wollen &#8211; eine Entscheidung, die aus vorhandenen Mitgliedsguthaben, einer prall gef\u00fcllten Vereinskasse, ohne jede Konsequenzen f\u00fcr den Verein w\u00fcrde gezahlt werden k\u00f6nnen. F\u00fcr uns eine moralische Verpflichtung &#8211; die die Vereinsehre wiederherstellen &#8211; und einen Aufbruch in eine bessere Zukunft m\u00f6glich machen w\u00fcrde. Eine neue Satzung mit Mitbestimmung ist ohnehin unumg\u00e4nglich.<\/p>\n<p><strong>DIE SCHICKSALSFRAGE<\/strong><br \/>\nDie Mv wird zur Stunde der Wahrheit geraten, das Versteckspiel wird unwiderruflich ein Ende haben. Die Schicksalfrage ist definiert: <strong>Neuanfang<\/strong> oder <strong>Niedergang<\/strong>, denn eine R\u00fcckkehr zur Kl\u00fcngelwirtschaft erscheint undenkbar, weil der S\u00fcndenberg alter Kader un\u00fcbersehbar geworden ist.<\/p>\n<p><strong>Wir werden sehen<\/strong><br \/>\n&#8211; wie lange ein &#8222;Gutachten&#8220; weiterhin als Gutachten bezeichnet wird?<br \/>\n&#8211; wie lange eine Mitgliederversammlung noch gebraucht wird &#8211; Halt &#8230; wurde sie jemals wirklich gebraucht? &#8211; oder wurde die Mv nicht vielmehr nur als Legitimation f\u00fcr eigenst\u00e4ndiges Handeln missbraucht?<br \/>\n&#8211; wie lange Coby und Arnold noch hingehalten &#8211; oder sollten wir sagen: gequ\u00e4lt werden?<br \/>\n&#8211; wie lange Gerichte besch\u00e4ftigt werden, wenn man die Verfahren weiterhin verz\u00f6gert?<br \/>\n&#8211; wie viele Mitgliedsbeitr\u00e4ge der Vorstand f\u00fcr Gerichtsaktionen noch vernichten darf?<br \/>\n&#8211; wie viele neue Gerichtsakten nach der Mv angelegt werden m\u00fcssen?<\/p>\n<p><strong>Wir fragen uns<\/strong>:<br \/>\n&#8211; wie lange die Geduld und die Kraft derjenigen reichen wird, die sich heute noch dagegen stemmen &#8211; wissend, das die gro\u00dfe TO-\u00d6ffentlichkeit dies insgesamt nicht zur Kenntnis nimmt &#8211; nehmen will &#8211; oder mangels Kenntnis, nehmen kann?<\/p>\n<p><a href=\"https:\/\/windpilot.com\/blog\/wp-content\/uploads\/2013\/10\/ph014.jpg\"><img loading=\"lazy\" decoding=\"async\" class=\"aligncenter size-full wp-image-8769\" alt=\"ph014\" src=\"https:\/\/windpilot.com\/blog\/wp-content\/uploads\/2013\/10\/ph014.jpg\" width=\"1600\" height=\"1200\" srcset=\"https:\/\/windpilot.com\/blog\/wp-content\/uploads\/2013\/10\/ph014.jpg 1600w, https:\/\/windpilot.com\/blog\/wp-content\/uploads\/2013\/10\/ph014-300x225.jpg 300w, https:\/\/windpilot.com\/blog\/wp-content\/uploads\/2013\/10\/ph014-1024x768.jpg 1024w\" sizes=\"auto, (max-width: 1600px) 100vw, 1600px\" \/><\/a><strong>MITBESTIMMUNG HEUTE<\/strong><br \/>\nDas Mitbestimmungsmodell des TO diktiert bis heute, dass die Bundestagswahlen auf dem Alexanderplatz stattzufinden haben und ein Wahlrecht nur besitzt, wer pers\u00f6nlich in Berlin erscheint. Sch\u00fctteln Sie nicht den Kopf: so steht es in der Satzung &#8211; und so wird es gemacht &#8211; und weil es so gemacht wurde &#8211; ist herausgekommen &#8211; was herausgekommen ist: Ein r\u00fcckst\u00e4ndiger Verein.<\/p>\n<p>Dies zu ver\u00e4ndern gibt es jetzt &#8211; und vermutlich zum allerletzten Mal &#8211; die Chance:<\/p>\n<p><strong>AUFWACHEN &#8211; AUFSTEHEN<\/strong> und in Cuxhaven eine <strong>VER\u00c4NDERUNG BEWIRKEN<\/strong>.<\/p>\n<p>Beate und Detlev Schmandt, SY Kira von Celle, z.Zt. Honeira \/ Solomon Islands<br \/>\nPeter Foerthmann<\/p>\n","protected":false},"excerpt":{"rendered":"<p>Die Entwicklung der vergangenen Monate hat gezeigt: Die weitere Existenz des TO erfordert Entscheidungen, denen der jetzige Vorstand im Wege steht. Eine blockierte Satzungswahl sowie die eigenm\u00e4chtige Entscheidung in der DRIFTER Sache, haben verdeutlicht, dass der Vorstand sich gegen den &hellip; <a href=\"https:\/\/windpilot.com\/blog\/trans-ocean-news\/deutsch-zum-neuen-to\/deutsch-trans-ocean-e-v-die-existenzfrage\/\">Weiterlesen <span class=\"meta-nav\">&rarr;<\/span><\/a><\/p>\n","protected":false},"author":1,"featured_media":0,"parent":8034,"menu_order":-3,"comment_status":"open","ping_status":"closed","template":"","meta":{"footnotes":""},"class_list":["post-8766","page","type-page","status-publish","hentry"],"_links":{"self":[{"href":"https:\/\/windpilot.com\/blog\/wp-json\/wp\/v2\/pages\/8766","targetHints":{"allow":["GET"]}}],"collection":[{"href":"https:\/\/windpilot.com\/blog\/wp-json\/wp\/v2\/pages"}],"about":[{"href":"https:\/\/windpilot.com\/blog\/wp-json\/wp\/v2\/types\/page"}],"author":[{"embeddable":true,"href":"https:\/\/windpilot.com\/blog\/wp-json\/wp\/v2\/users\/1"}],"replies":[{"embeddable":true,"href":"https:\/\/windpilot.com\/blog\/wp-json\/wp\/v2\/comments?post=8766"}],"version-history":[{"count":12,"href":"https:\/\/windpilot.com\/blog\/wp-json\/wp\/v2\/pages\/8766\/revisions"}],"predecessor-version":[{"id":8788,"href":"https:\/\/windpilot.com\/blog\/wp-json\/wp\/v2\/pages\/8766\/revisions\/8788"}],"up":[{"embeddable":true,"href":"https:\/\/windpilot.com\/blog\/wp-json\/wp\/v2\/pages\/8034"}],"wp:attachment":[{"href":"https:\/\/windpilot.com\/blog\/wp-json\/wp\/v2\/media?parent=8766"}],"curies":[{"name":"wp","href":"https:\/\/api.w.org\/{rel}","templated":true}]}}